{"id":1352,"date":"2015-03-22T15:10:43","date_gmt":"2015-03-22T18:10:43","guid":{"rendered":"http:\/\/efagundes.com.br\/artigos\/?page_id=1352"},"modified":"2015-03-30T01:05:03","modified_gmt":"2015-03-30T04:05:03","slug":"wimax","status":"publish","type":"page","link":"https:\/\/efagundes.com\/artigos\/wimax\/","title":{"rendered":"WIMAX"},"content":{"rendered":"<p>WiMAX \u00e9 uma tecnologia padronizada de rede sem fio que permite substituir as tecnologias de acesso de banda larga por cabo e ADSL. O WiMAX permite a comunica\u00e7\u00e3o fixa entre um ou mais pontos, comunica\u00e7\u00e3o port\u00e1til e, eventualmente, comunica\u00e7\u00e3o m\u00f3vel sem fio sem a necessidade de visada direta com a esta\u00e7\u00e3o base.<\/p>\n<p>O IEEE 802.16 \u00e9 o padr\u00e3o para transmiss\u00e3o sem fio ponto-a-ponto e ponto-multiponto para esta\u00e7\u00f5es fixas (BWA \u2013 Broadband wireless access). A vers\u00e3o inicial foi desenvolvida para cobrir v\u00e1rias solu\u00e7\u00f5es de BWA entre 10 e 66-GHz e projetada para atingir at\u00e9 50 quil\u00f4metros. Como resultado, somente um conjunto de funcionalidades foi adotada pelo mercado, gerando o padr\u00e3o atual IEEE Std 802.16-2004 que opera em frequ\u00eancias abaixo de 11-GHz, aprovado em junho de 2004.<\/p>\n<p>Esse padr\u00e3o \u00e9 conhecido como WiMAX que \u00e9 um acr\u00f4nimo de Worldwide Interoperability for Microwave Access. Uma revis\u00e3o est\u00e1 sendo elaborada para componentes m\u00f3veis e sua aprova\u00e7\u00e3o est\u00e1 sendo esperada para 2005, conhecida como IEEE 802.16e.<\/p>\n<h3>Tecnologia do WiMAX<\/h3>\n<p>O WiMAX \u00e9 desenhado para operar em um raio de cobertura que varia entre 3 e 10 quil\u00f4metros com a capacidade de at\u00e9 40 Mbps por canal para esta\u00e7\u00f5es fixas ou port\u00e1teis. Essa taxa de transmiss\u00e3o pode oferecer suporte simult\u00e2neo a centenas de conex\u00f5es E1 (2 Mbps) e para milhares de conex\u00f5es residenciais que utilizam ADSL (taxas de transmiss\u00e3o at\u00e9 1 Mbps). Para as conex\u00f5es m\u00f3veis o WiMAX deve suportar at\u00e9 15 Mbps em um raio de cobertura de at\u00e9 3 quil\u00f4metros. A expectativa \u00e9 que essa tecnologia possa ser incorporada em notebooks e PDAs at\u00e9 2006, permitindo a comunica\u00e7\u00e3o m\u00f3vel em \u00e1reas urbanas.<\/p>\n<p>O WiMAX n\u00e3o conflita com o padr\u00e3o 802.11 (WiFi) mas o complementa. Como o padr\u00e3o IEEE 802.16 utiliza o mesmo LLC (Logical Link Controller baseado no padr\u00e3o IEEE 802.2) de outras redes LANs e WANs, \u00e9 poss\u00edvel o roteamento entre eles. Por ser um complemento do WiFi tamb\u00e9m \u00e9 poss\u00edvel incluir outros protocolos das redes Ethernet (802.3), token-ring (802.5) e outras tecnologias n\u00e3o padronizadas pelo IEEE mas que usam o LLC, incluindo o FDDI e o cable modem (DOCSIS).<\/p>\n<p>O padr\u00e3o IEEE 802.16-2004 \u00e9 desenhado para acesso fixo. Esse padr\u00e3o pode ser referenciado como \u201cfixed wireless\u201d, ou rede sem fio fixa, porque \u00e9 usada uma antena montada no local do assinante do servi\u00e7o. A antena \u00e9 montada no telhado ou em uma \u00e1rea livre similar a uma antena de televis\u00e3o por sat\u00e9lite. O IEEE 802.16-2004 tamb\u00e9m cobre instala\u00e7\u00f5es dentro de pr\u00e9dios (indoor installations).<\/p>\n<p>A solu\u00e7\u00e3o da Intel para o WiMAX com acesso fixo opera nas frequ\u00eancias de 2.5-GHz, 3.5-GHz e 5.8-GHz. Essa tecnologia \u00e9 uma alternativa para o cable modem, v\u00e1rios tipos de transmiss\u00e3o xDSL, servi\u00e7os multiplexados tipo E1 e servi\u00e7os oferecidos por fibra \u00f3ptica.<\/p>\n<p>A revis\u00e3o IEEE 802.16e \u00e9 uma extens\u00e3o do 802.16-2004 com o objetivo de adicionar portabilidade e habilitar os clientes m\u00f3veis para acesso direto a redes WiMAX. O 802.16e usa a t\u00e9cnica de multiplexa\u00e7\u00e3o OFDMA (Orthogonal Frequency Division Multiple Access), que \u00e9 similar ao OFDM (Orthogonal Frequency Divison Multiplexing).<\/p>\n<p>A ideia b\u00e1sica do OFDM \u00e9 dividir um fluxo digital de alta taxa de bits em um esquema de baixa taxa e a transmiss\u00e3o paralela usando subportadoras. Em um sinal OFDM \u00e9 poss\u00edvel organizar as portadoras de forma que as suas bandas laterais se sobreponham sem que haja interfer\u00eancia entre elas. Para que isso ocorra, as portadoras devem ser matematicamente ortogonais (linearmente independentes), ou seja, no dom\u00ednio do tempo, o sinal em cada portadora precisa ter um n\u00famero inteiro de ciclos no per\u00edodo de s\u00edmbolo, resultando em zero o processo de integra\u00e7\u00e3o do produto de todos os sinais no tempo. No caso do IEEE 802.16-2004, o sinal do OFDM \u00e9 dividido em 256 canais contra os 64 canais do IEEE 802.11.<\/p>\n<p>Um aspecto importante do IEEE 802.16 \u00e9 que ele define uma camada MAC (Media Access Control) que suporta m\u00faltiplas especifica\u00e7\u00f5es da camada f\u00edsica (PHY). Isto \u00e9 crucial para que os fornecedores de equipamentos possam diferenciar suas ofertas de servi\u00e7os.<\/p>\n<p>Tanto a camada f\u00edsica do 802.11 e 802.16-2004 s\u00e3o desenhadas para tolerar lat\u00eancia de transmiss\u00e3o. O 802.11 tolera at\u00e9 900 nano segundos de lat\u00eancia porque foi projetado para dist\u00e2ncia de at\u00e9 100 metros. J\u00e1 o 802.16-2004 tolera lat\u00eancias de at\u00e9 10 microssegundos, mais de 1000 vezes do que o 802.11.<\/p>\n<p>A camada MAC \u00e9 significativamente diferente no WiFi que usa conten\u00e7\u00e3o de acesso \u2013 todas as esta\u00e7\u00f5es que desejam transmitir para um ponto de acesso (AP \u2013 access point) competem entre si em base rand\u00f4mica. Em contraste, a camada MAC do 802.16 \u00e9 alocada para a esta\u00e7\u00e3o e s\u00f3 compete com as outras uma vez (na entrada inicial na rede). Depois disso, \u00e9 alocado um time slot na esta\u00e7\u00e3o base para a esta\u00e7\u00e3o cliente. Esse time slot pode aumentar ou diminuir, por\u00e9m sempre estar\u00e1 alocado para a esta\u00e7\u00e3o. Esse algoritmo de aloca\u00e7\u00e3o oferece mais efici\u00eancia na banda e permite que a esta\u00e7\u00e3o base controle a qualidade de servi\u00e7o (QoS).<\/p>\n<p>A infraestrutura do WiMAX pode oferecer servi\u00e7os de voz sobre IP (VoIP). Essa possibilidade \u00e9 atrativa para as empresas e provedores de servi\u00e7os de telecomunica\u00e7\u00f5es, por\u00e9m ainda existem alguns obst\u00e1culos a serem transpostos. Primeiro, \u00e9 a certifica\u00e7\u00e3o de produtos de VoIP com o padr\u00e3o WiMAX, segundo \u00e9 o uso das frequ\u00eancias de 2.5-GHz e 3.5-GHz que podem estar em uso por outros servi\u00e7os em alguns pa\u00edses.<\/p>\n<h3>Aplica\u00e7\u00f5es do WiMAX<\/h3>\n<p>O uso da tecnologia WiMAX \u00e9 inicialmente recomendada para \u00e1reas rurais e de baixa densidade demogr\u00e1fica utilizando conex\u00f5es P2P e P2MP, ou seja, conex\u00f5es ponto-a-ponto e ponto-multiponto.<\/p>\n<p>Uma combina\u00e7\u00e3o entre as tecnologias WiFi e WiMAX \u00e9 apresentada na figura 1, onde se aproveita os baixos custos do WiFi para as conex\u00f5es entre os clientes m\u00f3veis de um pr\u00e9dio e a conex\u00e3o WAN atrav\u00e9s de WiMAX at\u00e9 o provedor de Internet.<\/p>\n<p><a href=\"http:\/\/efagundes.com\/artigos\/wp-content\/uploads\/sites\/2\/2015\/03\/wimax0021.gif\"><img loading=\"lazy\" decoding=\"async\" class=\"alignnone size-full wp-image-1776\" src=\"http:\/\/efagundes.com\/artigos\/wp-content\/uploads\/sites\/2\/2015\/03\/wimax0021.gif\" alt=\"wimax002\" width=\"458\" height=\"288\" \/><\/a><\/p>\n<p>&nbsp;<\/p>\n<p>Figura 1. WiMAX como conex\u00e3o WAN<\/p>\n<p>Uma outra solu\u00e7\u00e3o \u00e9 usar o WiMAX como alternativa de conex\u00e3o para gateways de WiFi a exemplo de conex\u00f5es do tipo\u00a0 E1 e DSL, como mostra a figura 2. Nesse caso, diferente do exemplo anterior o gateway WiFi j\u00e1 possui um chipset que se comunica diretamente com a antena do WiMAX, evitando a instala\u00e7\u00e3o de uma outra antena exclusiva para o WiMAX.<\/p>\n<p><a href=\"http:\/\/efagundes.com\/artigos\/wp-content\/uploads\/sites\/2\/2015\/03\/wimax0041.gif\"><img loading=\"lazy\" decoding=\"async\" class=\"alignnone size-full wp-image-1777\" src=\"http:\/\/efagundes.com\/artigos\/wp-content\/uploads\/sites\/2\/2015\/03\/wimax0041.gif\" alt=\"wimax004\" width=\"446\" height=\"446\" \/><\/a><\/p>\n<p>&nbsp;<\/p>\n<p>Figura 2. WiMAX como alternativa de conex\u00e3o de gateways WiFi<\/p>\n<p>No exemplo da figura 3 a rede wireless combina conex\u00f5es em WiFi e WiMAX numa mesma rede, lembrando que isso \u00e9 poss\u00edvel porque o WiMAX utiliza o mesmo protocolo LLC utilizado nas conex\u00f5es WiFi.<\/p>\n<p><a href=\"http:\/\/efagundes.com\/artigos\/wp-content\/uploads\/sites\/2\/2015\/03\/wimax0061.gif\"><img loading=\"lazy\" decoding=\"async\" class=\"alignnone size-full wp-image-1778\" src=\"http:\/\/efagundes.com\/artigos\/wp-content\/uploads\/sites\/2\/2015\/03\/wimax0061.gif\" alt=\"wimax006\" width=\"446\" height=\"446\" \/><\/a><\/p>\n<p>&nbsp;<\/p>\n<p>Figura 3. WiMAX como alternativa para conex\u00e3o com clientes.<\/p>\n<h3>Conclus\u00e3o<\/h3>\n<p>O WiMAX pode ser encarado como uma solu\u00e7\u00e3o complementar ao WiFi, entretanto ambas tecnologias est\u00e3o evoluindo rapidamente, fazendo com que novas aplica\u00e7\u00f5es possam surgir, principalmente, utilizando os baixos custos da tecnologia WiFi.<\/p>\n<p>O WiMAX poder\u00e1 substituir as atuais conex\u00f5es WiFi que utilizam frequ\u00eancias n\u00e3o licenciadas, ou seja, frequ\u00eancias ISM tipo 2.4-GHz em regi\u00f5es urbanas e sub\u00farbios, quando for aprovada a recomenda\u00e7\u00e3o IEEE 802.16e para clientes m\u00f3veis.<\/p>\n<p>\u00c9 esperado para 2005 a introdu\u00e7\u00e3o de QoS nas solu\u00e7\u00f5es padronizadas de WiMAX para coberturas da \u00faltima milha, ou seja, do ponto de acesso do provedor de servi\u00e7os wireless at\u00e9 o assinante.<\/p>\n<h4>Bibliografia<\/h4>\n<ul>\n<li>Tanenbaum, Andrew S. Redes de Computadores. 4\u00aa edi\u00e7\u00e3o. Editora Campus, Rio de Janeiro, 2003.<\/li>\n<li>IEEE WiMAX web site (<a href=\"http:\/\/ieee802.org\/16\"><span lang=\"EN-US\">http:\/\/ieee802.org\/16<\/span><\/a><span lang=\"EN-US\">)<\/span><\/li>\n<li>IEEE 802.16 document (<a href=\"http:\/\/standards.ieee.org\/getieee802\/download\/802.16-2004.pdf\">http:\/\/standards.ieee.org\/getieee802\/download\/802.16-2004.pdf<\/a>)<\/li>\n<li>The WiMAX Forum web site (<a href=\"http:\/\/www.wimaxforum.org\/\">http:\/\/www.wimaxforum.org<\/a>)<\/li>\n<li>WiMAX, Wikipedia (<a href=\"http:\/\/en.wikipedia.org\/wiki\/WiMAX\">http:\/\/en.wikipedia.org\/wiki\/WiMAX<\/a>)<\/li>\n<\/ul>\n","protected":false},"excerpt":{"rendered":"<p>WiMAX \u00e9 uma tecnologia padronizada de rede sem fio que permite substituir as tecnologias de acesso de banda larga por cabo e ADSL. O WiMAX permite a comunica\u00e7\u00e3o fixa entre um ou mais pontos, comunica\u00e7\u00e3o port\u00e1til e, eventualmente, comunica\u00e7\u00e3o m\u00f3vel sem fio sem a necessidade de visada direta com a esta\u00e7\u00e3o base. O IEEE 802.16 [&hellip;]<\/p>\n","protected":false},"author":1,"featured_media":0,"parent":0,"menu_order":0,"comment_status":"open","ping_status":"open","template":"","meta":{"jetpack_post_was_ever_published":false,"footnotes":""},"class_list":["post-1352","page","type-page","status-publish","hentry"],"jetpack_shortlink":"https:\/\/wp.me\/P8yInB-lO","jetpack-related-posts":[{"id":1382,"url":"https:\/\/efagundes.com\/artigos\/sputnik-e-o-wimax-qual-a-relacao\/","url_meta":{"origin":1352,"position":0},"title":"Sputnik e o WiMax: Qual a rela\u00e7\u00e3o?","author":"Eduardo Fagundes","date":"22 de mar\u00e7o de 2015","format":false,"excerpt":"Publicado em 3-out-2007 H\u00e1 50 anos (4-out-1957) foi lan\u00e7ado o primeiro sat\u00e9lite artificial ao espa\u00e7o pela antiga Uni\u00e3o Sovi\u00e9tica. Ao contr\u00e1rio que se pensa o programa espacial sovi\u00e9tico n\u00e3o foi um programa desenvolvido para mostrar a for\u00e7a do comunismo e ampliar seus dom\u00ednios. O programa foi obra do cientista vision\u00e1rio\u2026","rel":"","context":"Post similar","block_context":{"text":"Post similar","link":""},"img":{"alt_text":"Sputinik","src":"https:\/\/i0.wp.com\/efagundes.com\/artigos\/wp-content\/uploads\/sites\/2\/2015\/03\/Sputinik1.jpg?resize=350%2C200","width":350,"height":200},"classes":[]},{"id":1342,"url":"https:\/\/efagundes.com\/artigos\/fundamentos-de-wireless-lan\/","url_meta":{"origin":1352,"position":1},"title":"Fundamentos de Wireless LAN","author":"Eduardo Fagundes","date":"22 de mar\u00e7o de 2015","format":false,"excerpt":"update (25-junho-2006) Introdu\u00e7\u00e3o A tecnologia de Wireless LAN tem sido muito utilizada em dep\u00f3sitos, companhias a\u00e9reas, e aplica\u00e7\u00f5es de aluguel de carros. Atrav\u00e9s dos esfor\u00e7os do IEEE (Institute of Electrical and Electronis Engineers) e dos esfor\u00e7os de certifica\u00e7\u00e3o da WECA (Wireless Ethernet Compatibility Alliance) as redes sem fio est\u00e3o deixando\u2026","rel":"","context":"Post similar","block_context":{"text":"Post similar","link":""},"img":{"alt_text":"Mimo","src":"https:\/\/i0.wp.com\/efagundes.com\/artigos\/wp-content\/uploads\/sites\/2\/2015\/03\/Mimo1.gif?resize=350%2C200","width":350,"height":200},"classes":[]},{"id":1378,"url":"https:\/\/efagundes.com\/artigos\/intel-nokia-e-wimax-o-que-podemos-esperar-no-futuro\/","url_meta":{"origin":1352,"position":2},"title":"Intel, Nokia e WiMax: o que podemos esperar no futuro?","author":"Eduardo Fagundes","date":"22 de mar\u00e7o de 2015","format":false,"excerpt":"Publicado em 30-set-2007 Em setembro de 2007 a Nokia anunciou que utilizar\u00e1 chips da Intel em seus telefones m\u00f3veis para acesso a Internet atrav\u00e9s da tecnologia de transmiss\u00e3o sem fio de alta velocidade WiMax. O anuncio afirma que j\u00e1 no primeiro semestre de 2008 estar\u00e3o dispon\u00edveis os primeiros equipamentos. A\u2026","rel":"","context":"Post similar","block_context":{"text":"Post similar","link":""},"img":{"alt_text":"","src":"","width":0,"height":0},"classes":[]},{"id":1338,"url":"https:\/\/efagundes.com\/artigos\/seguranca-para-equipamentos-sem-fio\/","url_meta":{"origin":1352,"position":3},"title":"Seguran\u00e7a para equipamentos sem fio","author":"Eduardo Fagundes","date":"22 de mar\u00e7o de 2015","format":false,"excerpt":"O mercado empresarial est\u00e1 implementando cada vez mais aplica\u00e7\u00f5es em equipamentos sem fio. Algumas operadoras de celulares est\u00e3o oferecendo servi\u00e7os de conex\u00e3o sem fio para notebook e handhelds, al\u00e9m dos servi\u00e7os de dados para celulares. Para o mercado empresarial, a ado\u00e7\u00e3o de mecanismos de seguran\u00e7a para esses devices remotos assume\u2026","rel":"","context":"Post similar","block_context":{"text":"Post similar","link":""},"img":{"alt_text":"","src":"","width":0,"height":0},"classes":[]},{"id":1328,"url":"https:\/\/efagundes.com\/artigos\/qual-o-estagio-do-reconhecimento-de-voz\/","url_meta":{"origin":1352,"position":4},"title":"Qual o est\u00e1gio do reconhecimento de voz?","author":"Eduardo Fagundes","date":"22 de mar\u00e7o de 2015","format":false,"excerpt":"O amadurecimento da tecnologia de reconhecimento de voz gerar\u00e1 novas aplica\u00e7\u00f5es empresariais, principalmente na \u00e1rea de CRM \u2013 Customer Relationship Management. Existem v\u00e1rias solu\u00e7\u00f5es que demonstram a viabilidade da tecnologia e s\u00e3o ofertadas atrav\u00e9s de tecnologias propriet\u00e1rias. Isso poder\u00e1 trazer incompatibilidade e inefici\u00eancia na integra\u00e7\u00e3o com outros produtos no futuro.\u2026","rel":"","context":"Post similar","block_context":{"text":"Post similar","link":""},"img":{"alt_text":"","src":"","width":0,"height":0},"classes":[]},{"id":1374,"url":"https:\/\/efagundes.com\/artigos\/em-quais-tecnologias-devo-investir-em-treinamento-agora-para-garantir-um-bom-salario-no-futuro\/","url_meta":{"origin":1352,"position":5},"title":"Em quais tecnologias devo investir em treinamento agora para garantir um bom sal\u00e1rio no futuro?","author":"Eduardo Fagundes","date":"22 de mar\u00e7o de 2015","format":false,"excerpt":"Publicado em Maio de 2006 No dia 14 de maio de 2006, a coluna do jornalista Ethevaldo Siqueira apresenta uma entrevista com o ex-diretor de tecnologia da British Telecom Peter Cochrane sobre as pr\u00f3ximas gera\u00e7\u00f5es de tecnologia. Os principais pontos apresentados s\u00e3o os seguintes: Em 2006, os Estados Unidos e\u2026","rel":"","context":"Post similar","block_context":{"text":"Post similar","link":""},"img":{"alt_text":"","src":"","width":0,"height":0},"classes":[]}],"jetpack_sharing_enabled":true,"_links":{"self":[{"href":"https:\/\/efagundes.com\/artigos\/wp-json\/wp\/v2\/pages\/1352","targetHints":{"allow":["GET"]}}],"collection":[{"href":"https:\/\/efagundes.com\/artigos\/wp-json\/wp\/v2\/pages"}],"about":[{"href":"https:\/\/efagundes.com\/artigos\/wp-json\/wp\/v2\/types\/page"}],"author":[{"embeddable":true,"href":"https:\/\/efagundes.com\/artigos\/wp-json\/wp\/v2\/users\/1"}],"replies":[{"embeddable":true,"href":"https:\/\/efagundes.com\/artigos\/wp-json\/wp\/v2\/comments?post=1352"}],"version-history":[{"count":0,"href":"https:\/\/efagundes.com\/artigos\/wp-json\/wp\/v2\/pages\/1352\/revisions"}],"wp:attachment":[{"href":"https:\/\/efagundes.com\/artigos\/wp-json\/wp\/v2\/media?parent=1352"}],"curies":[{"name":"wp","href":"https:\/\/api.w.org\/{rel}","templated":true}]}}