{"id":1438,"date":"2015-03-22T15:54:45","date_gmt":"2015-03-22T18:54:45","guid":{"rendered":"http:\/\/efagundes.com.br\/artigos\/?page_id=1438"},"modified":"2015-03-22T15:54:45","modified_gmt":"2015-03-22T18:54:45","slug":"como-selecionar-a-consultoria-de-implementacao-do-pacote-de-gestao-empresarial","status":"publish","type":"page","link":"https:\/\/efagundes.com\/artigos\/como-selecionar-a-consultoria-de-implementacao-do-pacote-de-gestao-empresarial\/","title":{"rendered":"Como selecionar a consultoria de implementa\u00e7\u00e3o do pacote de gest\u00e3o empresarial?"},"content":{"rendered":"<p class=\"page_content\">Antes de contratar uma consultoria de implementa\u00e7\u00e3o do pacote de gest\u00e3o, a empresa deve estabelecer claramente os pap\u00e9is das partes no projeto. Est\u00e3o envolvidos no projeto o fornecedor do pacote de gest\u00e3o, a consultoria, os especialistas e a empresa, cada um com uma fun\u00e7\u00e3o distinta para evitar conflitos e desgastes na fase de implanta\u00e7\u00e3o. O papel da consultoria \u00e9 de implementa\u00e7\u00e3o do pacote de gest\u00e3o, identificando e resolvendo problemas de ader\u00eancia do produto ao modelo de neg\u00f3cio da empresa. N\u00e3o faz parte da premissa inicial fazer um processo de reengenharia dos processos da empresa. Os crit\u00e9rios de sele\u00e7\u00e3o devem basear-se na metodologia adotada pela consultoria, pessoal qualificado, refer\u00eancias excelentes e a qualidade da documenta\u00e7\u00e3o que ser\u00e1 deixada ap\u00f3s a conclus\u00e3o dos trabalhos.<\/p>\n<p class=\"page_content\">A compreens\u00e3o dos pap\u00e9is de cada um \u00e9 importante na implanta\u00e7\u00e3o de pacote de gest\u00e3o. O fornecedor tem a responsabilidade de entregar o produto funcionando no ambiente operacional contratado pelo cliente com a documenta\u00e7\u00e3o apropriada. Parece f\u00e1cil e simples, por\u00e9m dependendo de como o ambiente operacional foi configurado, incluindo a vers\u00e3o do sistema operacional e do banco de dados, associado \u00e0s regras internas de opera\u00e7\u00e3o a tarefa pode ser \u00e1rdua. A equipe de implanta\u00e7\u00e3o deve ter especialistas em banco de dados, redes de computadores e analistas de software para configurar a infraestrutura de forma correta e otimizada para atender caracter\u00edsticas de performance do pacote. O papel da empresa \u00e9 conhecer o funcionamento do produto e manter um suporte permanente para os problemas do dia-a-dia, adquirindo independ\u00eancia da consultoria. E, cabe a consultoria a implementa\u00e7\u00e3o do produto de acordo com o modelo de neg\u00f3cio da empresa e fazer o gerenciamento do projeto.<\/p>\n<p class=\"page_content\">Os consultores empresariais s\u00e3o especialistas em metodologias para descrever e otimizar processos, desenvolver t\u00e9cnicas administrativas eficazes, desenvolver e implementar uma gest\u00e3o de inform\u00e1tica nas empresas, atendendo as expectativas dos clientes. Uma empresa de consultoria se destaca pela metodologia que emprega nos projetos, pela sua capacidade de organizar projetos complexos, por possuir pessoas experientes em seus quadros de colaboradores, por aplicar t\u00e9cnicas de lideran\u00e7a eficazes, pela sua experi\u00eancia em produzir mudan\u00e7as de comportamento e padr\u00f5es culturais nas empresas, al\u00e9m da experi\u00eancia na implanta\u00e7\u00e3o de pacotes de gest\u00e3o. No processo de contrata\u00e7\u00e3o da consultoria assegure-se que profissionais com experi\u00eancia no seu ramo de atividade estejam alocados no seu projeto, isso ir\u00e1 facilitar o processo de implanta\u00e7\u00e3o do produto.<\/p>\n<p class=\"page_content\">O pre\u00e7o de uma consultoria para a implementa\u00e7\u00e3o de um pacote de gest\u00e3o varia entre US$1,50 a US$3,00 por d\u00f3lar investido na compra do produto. Sendo a fase de implementa\u00e7\u00e3o a mais cara do processo de implanta\u00e7\u00e3o do produto. A escolha certa da consultoria \u00e9 fundamental para assegurar prazos e qualidade na implanta\u00e7\u00e3o do produto. As consultorias cobram por hora trabalhada, logo atender o cronograma planejado \u00e9 fundamental para ficar dentro do budget previsto.<\/p>\n","protected":false},"excerpt":{"rendered":"<p>Antes de contratar uma consultoria de implementa\u00e7\u00e3o do pacote de gest\u00e3o, a empresa deve estabelecer claramente os pap\u00e9is das partes no projeto. Est\u00e3o envolvidos no projeto o fornecedor do pacote de gest\u00e3o, a consultoria, os especialistas e a empresa, cada um com uma fun\u00e7\u00e3o distinta para evitar conflitos e desgastes na fase de implanta\u00e7\u00e3o. O [&hellip;]<\/p>\n","protected":false},"author":1,"featured_media":0,"parent":0,"menu_order":0,"comment_status":"open","ping_status":"open","template":"","meta":{"footnotes":""},"class_list":["post-1438","page","type-page","status-publish","hentry"],"jetpack_shortlink":"https:\/\/wp.me\/P8yInB-nc","jetpack-related-posts":[{"id":1297,"url":"https:\/\/efagundes.com\/artigos\/como-implementar-um-pacote-de-gestao-empresarial\/","url_meta":{"origin":1438,"position":0},"title":"Como implementar um pacote de gest\u00e3o empresarial?","author":"Eduardo Fagundes","date":"22 de mar\u00e7o de 2015","format":false,"excerpt":"O primeiro passo \u00e9 tornar o processo transparente para todos os funcion\u00e1rios da empresa, explicando os benef\u00edcios do novo pacote de gest\u00e3o e os resultados esperados. Isso ajusta as expectativas dos funcion\u00e1rios e ajuda na mudan\u00e7a cultural que o pacote ir\u00e1 introduzir na empresa. O pr\u00f3ximo passo \u00e9 definir a\u2026","rel":"","context":"Post similar","block_context":{"text":"Post similar","link":""},"img":{"alt_text":"","src":"","width":0,"height":0},"classes":[]},{"id":1553,"url":"https:\/\/efagundes.com\/artigos\/quais-sao-os-pontos-a-se-considerar-na-selecao-de-um-pacote-de-gestao-empresarial\/","url_meta":{"origin":1438,"position":1},"title":"Quais s\u00e3o os pontos a se considerar na sele\u00e7\u00e3o de um pacote de gest\u00e3o empresarial?","author":"Eduardo Fagundes","date":"22 de mar\u00e7o de 2015","format":false,"excerpt":"Os principais pontos a considerar na sele\u00e7\u00e3o s\u00e3o: a ader\u00eancia do pacote de gest\u00e3o (ERP) ao modelo de neg\u00f3cios da empresa; a flexibilidade de adequa\u00e7\u00e3o \u00e0 novas fun\u00e7\u00f5es; integra\u00e7\u00e3o dos dados em tempo real e n\u00e3o atrav\u00e9s de interfaces de arquivos; e, o custo estar dentro do budget planejado. Antes\u2026","rel":"","context":"Post similar","block_context":{"text":"Post similar","link":""},"img":{"alt_text":"","src":"","width":0,"height":0},"classes":[]},{"id":1559,"url":"https:\/\/efagundes.com\/artigos\/quais-as-acoes-que-devem-ser-tomadas-apos-a-implementacao-de-um-pacote-de-gestao-empresarial\/","url_meta":{"origin":1438,"position":2},"title":"Quais as a\u00e7\u00f5es que devem ser tomadas ap\u00f3s a implementa\u00e7\u00e3o de um pacote de gest\u00e3o empresarial?","author":"Eduardo Fagundes","date":"22 de mar\u00e7o de 2015","format":false,"excerpt":"Ap\u00f3s a implementa\u00e7\u00e3o do pacote de gest\u00e3o inicia-se um processo de revis\u00e3o constante do desempenho e resultados do produto. A primeira revis\u00e3o feita com o aux\u00edlio dos consultores de implementa\u00e7\u00e3o deve ocorrer entre 3 e 6 meses do t\u00e9rmino do projeto. As revis\u00f5es t\u00eam como objetivo verificar os problemas de\u2026","rel":"","context":"Post similar","block_context":{"text":"Post similar","link":""},"img":{"alt_text":"","src":"","width":0,"height":0},"classes":[]},{"id":1401,"url":"https:\/\/efagundes.com\/artigos\/a-etica-na-gestao-de-projetos\/","url_meta":{"origin":1438,"position":3},"title":"A \u00e9tica na gest\u00e3o de projetos","author":"Eduardo Fagundes","date":"22 de mar\u00e7o de 2015","format":false,"excerpt":"Publicado em 27-novembro-2006 A conduta \u00e9tica no mundo dos neg\u00f3cios globalizado deve ser homogenia. A quest\u00e3o \u00e9tica envolve identificar o que \u00e9 certo ou errado e escolher a melhor op\u00e7\u00e3o. Essa escolha \u00e9 fortemente ligada a fatores culturais que pode ser aceit\u00e1vel na sua comunidade, mas inaceit\u00e1vel em outras. Isso\u2026","rel":"","context":"Post similar","block_context":{"text":"Post similar","link":""},"img":{"alt_text":"","src":"","width":0,"height":0},"classes":[]},{"id":1362,"url":"https:\/\/efagundes.com\/artigos\/o-uso-de-ferramentas-de-pesquisa-no-mundo-corporativo\/","url_meta":{"origin":1438,"position":4},"title":"O uso de ferramentas de pesquisa no mundo corporativo","author":"Eduardo Fagundes","date":"22 de mar\u00e7o de 2015","format":false,"excerpt":"publicado em 12-mar\u00e7o-2006 Depois da revolu\u00e7\u00e3o das ferramentas de pesquisas na busca de informa\u00e7\u00f5es na Internet, as empresas de software est\u00e3o direcionando seus investimentos para o mundo corporativo. Essas ferramentas prometem facilitar a busca de toda a informa\u00e7\u00e3o corporativa relevante sobre um determinado assunto e consolid\u00e1-la para an\u00e1lise. Atualmente, muitas\u2026","rel":"","context":"Post similar","block_context":{"text":"Post similar","link":""},"img":{"alt_text":"","src":"","width":0,"height":0},"classes":[]},{"id":1557,"url":"https:\/\/efagundes.com\/artigos\/quais-sao-as-estrategias-de-implementacao-de-um-data-warehouse\/","url_meta":{"origin":1438,"position":5},"title":"Quais s\u00e3o as estrat\u00e9gias de implementa\u00e7\u00e3o de um data warehouse?","author":"Eduardo Fagundes","date":"22 de mar\u00e7o de 2015","format":false,"excerpt":"A implementa\u00e7\u00e3o de um data warehouse depende de a\u00e7\u00f5es pol\u00edticas e t\u00e9cnicas. No campo pol\u00edtico, assegure-se que exista suporte da alta dire\u00e7\u00e3o da empresa e o comprometimento dos gerentes e analistas de neg\u00f3cios da \u00e1rea alvo de implementa\u00e7\u00e3o. Escolha uma \u00e1rea que os resultados possam ser obtidos rapidamente. No campo\u2026","rel":"","context":"Post similar","block_context":{"text":"Post similar","link":""},"img":{"alt_text":"","src":"","width":0,"height":0},"classes":[]}],"jetpack_sharing_enabled":true,"_links":{"self":[{"href":"https:\/\/efagundes.com\/artigos\/wp-json\/wp\/v2\/pages\/1438","targetHints":{"allow":["GET"]}}],"collection":[{"href":"https:\/\/efagundes.com\/artigos\/wp-json\/wp\/v2\/pages"}],"about":[{"href":"https:\/\/efagundes.com\/artigos\/wp-json\/wp\/v2\/types\/page"}],"author":[{"embeddable":true,"href":"https:\/\/efagundes.com\/artigos\/wp-json\/wp\/v2\/users\/1"}],"replies":[{"embeddable":true,"href":"https:\/\/efagundes.com\/artigos\/wp-json\/wp\/v2\/comments?post=1438"}],"version-history":[{"count":0,"href":"https:\/\/efagundes.com\/artigos\/wp-json\/wp\/v2\/pages\/1438\/revisions"}],"wp:attachment":[{"href":"https:\/\/efagundes.com\/artigos\/wp-json\/wp\/v2\/media?parent=1438"}],"curies":[{"name":"wp","href":"https:\/\/api.w.org\/{rel}","templated":true}]}}