{"id":1442,"date":"2015-03-22T15:59:39","date_gmt":"2015-03-22T18:59:39","guid":{"rendered":"http:\/\/efagundes.com.br\/artigos\/?page_id=1442"},"modified":"2015-03-30T00:36:55","modified_gmt":"2015-03-30T03:36:55","slug":"gestao-de-contratos-com-sla","status":"publish","type":"page","link":"https:\/\/efagundes.com\/artigos\/gestao-de-contratos-com-sla\/","title":{"rendered":"Gest\u00e3o de Contratos com SLA"},"content":{"rendered":"<p class=\"page_content\"><em>Revisado em 31-out-2011<\/em><\/p>\n<p class=\"page_content\">Cada vez mais as empresas est\u00e3o contratando servi\u00e7os baseados em n\u00edveis de servi\u00e7os, conhecidos pela sua sigla em ingl\u00eas &#8211; SLAs \u2013 Service Level Agreements. Para administrar esses contratos \u00e9 necess\u00e1rio que tanto as prestadoras de servi\u00e7os como as empresas contratantes possuam um gerenciamento dos par\u00e2metros contratos. Um gerenciamento eficiente n\u00e3o significa ser sofisticado, com uma infinidade de par\u00e2metros a serem acompanhados, onde em alguns casos tornar-se o fim e n\u00e3o o meio para atender os requisitos do neg\u00f3cio que o servi\u00e7o se prop\u00f5e. A simplicidade e conhecimento pleno dos par\u00e2metros contratados s\u00e3o fundamentais para a boa gest\u00e3o do contrato, evitando conflitos pessoais e contratuais entre empresas e provedores dos servi\u00e7os. Esse artigo se prop\u00f5e a apresentar uma solu\u00e7\u00e3o simples de gerenciamento de SLA, capaz de acompanhar a performance do servi\u00e7o e identificar par\u00e2metros que afetam o servi\u00e7o.<\/p>\n<p class=\"page_content\">A elabora\u00e7\u00e3o de uma proposta de servi\u00e7o deve iniciar com a identifica\u00e7\u00e3o dos requisitos do neg\u00f3cio da empresa que o servi\u00e7o ir\u00e1 atender. Os &#8220;interessados&#8221; pelo servi\u00e7o, normalmente os usu\u00e1rios finais da empresa, devem compreender, opinar e concordar com os par\u00e2metros definidos. Os profissionais envolvidos no processo de contrata\u00e7\u00e3o devem explorar a real necessidade dos par\u00e2metros contratados, pois existe a tend\u00eancia de subestim\u00e1-los para reduzir os custos ou superestim\u00e1-los para garantir um alto n\u00edvel servi\u00e7o com altos custos desnecess\u00e1rios. Lembrando que em ambientes de neg\u00f3cios altamente competitivos o custo \u00e9 a diferen\u00e7a para uma boa performance no mercado. Um SLA bem dimensionado significa garantir custos adequados para o neg\u00f3cio da empresa e n\u00e3o apenas para o contrato de servi\u00e7os.<\/p>\n<p class=\"page_content\">O gerenciamento do SLA, conhecido como SLM \u2013 Service Level Management, \u00e9 realizado atrav\u00e9s do acompanhamento dos par\u00e2metros do contrato. Esse acompanhamento exige o uso de ferramentas de software que registrem a abertura de chamados na &#8220;help-desk&#8221;, tempos de paralisa\u00e7\u00e3o de equipamentos e outros eventos que tornam indispon\u00edvel o servi\u00e7o. Al\u00e9m desses par\u00e2metros t\u00e9cnicos, outros aspectos do servi\u00e7o da prestadora devem ser acompanhados para garantir a continuidade do contrato e evitar conflitos entre as partes, tais como: n\u00edvel satisfa\u00e7\u00e3o geral da contratante com a contratada e qualidade do gerenciamento do servi\u00e7o.<\/p>\n<h3 class=\"title_content_3\">Oito Par\u00e2metros B\u00e1sicos de Gerenciamento do SLA<\/h3>\n<p class=\"page_content\">Podemos considerar oito par\u00e2metros b\u00e1sicos para o gerenciamento do SLA, como mostra a figura 1:<\/p>\n<ol class=\"Ordered_List\">\n<li>MTBF \u2013 Tempo M\u00e9dio entre Falhas<\/li>\n<li>MTTR \u2013 Tempo M\u00e9dio de Reparo<\/li>\n<li>Disponibilidade<\/li>\n<li>Disponibilidade Percebida<\/li>\n<li>Documenta\u00e7\u00e3o<\/li>\n<li>Performance da Help-desk<\/li>\n<li>Seguran\u00e7a<\/li>\n<li>Pesquisa de Satisfa\u00e7\u00e3o dos Interessados<\/li>\n<\/ol>\n<p><a href=\"http:\/\/efagundes.com\/artigos\/wp-content\/uploads\/sites\/2\/2015\/03\/grafico_sla1.png\"><img loading=\"lazy\" decoding=\"async\" class=\"alignnone size-full wp-image-1800\" src=\"http:\/\/efagundes.com\/artigos\/wp-content\/uploads\/sites\/2\/2015\/03\/grafico_sla1.png\" alt=\"grafico_sla\" width=\"365\" height=\"287\" srcset=\"https:\/\/efagundes.com\/artigos\/wp-content\/uploads\/sites\/2\/2015\/03\/grafico_sla1.png 365w, https:\/\/efagundes.com\/artigos\/wp-content\/uploads\/sites\/2\/2015\/03\/grafico_sla1-300x236.png 300w\" sizes=\"auto, (max-width: 365px) 100vw, 365px\" \/><\/a><\/p>\n<p>&nbsp;<\/p>\n<p>Figura 1: Par\u00e2metros de Gerenciamento do SLA<\/p>\n<h5 class=\"style_titulo_georgia\">MTBF \u2013 Mean Time Between Failures<\/h5>\n<p>\u00c9 um termo que vem da ind\u00fastria de inform\u00e1tica e \u00e9 mais adequado \u00e0 especifica\u00e7\u00e3o da dura\u00e7\u00e3o de um computador ou componente de computador antes de apresentar uma falha. Em uma rede de computadores o MTBF \u00e9 designado para expressar o tempo m\u00e9dio entre interrup\u00e7\u00f5es de servi\u00e7o (MTBSO \u2013 mean time between service outage), levando-se em considera\u00e7\u00e3o que uma rede \u00e9 um servi\u00e7o e n\u00e3o um componente. A meta t\u00edpica de MTBF para uma rede de alta confiabilidade \u00e9 4.000 horas. Em outros termos, a rede n\u00e3o deve falhar com frequ\u00eancia maior que uma vez a cada 4.000 horas ou 166,67 dias. No gr\u00e1fico da figura 1 o MTBF \u00e9 medido percentualmente em rela\u00e7\u00e3o a todos os componente e servi\u00e7os do contrato. Por exemplo, se o MTBF \u00e9 de 4.000 horas o SLA \u00e9 100%. A formula que calcula o MTBF \u00e9:<\/p>\n<p><a href=\"http:\/\/efagundes.com\/artigos\/wp-content\/uploads\/sites\/2\/2015\/03\/formula_mtbf1.png\"><img loading=\"lazy\" decoding=\"async\" class=\"alignnone size-full wp-image-1789\" src=\"http:\/\/efagundes.com\/artigos\/wp-content\/uploads\/sites\/2\/2015\/03\/formula_mtbf1.png\" alt=\"formula_mtbf\" width=\"400\" height=\"47\" srcset=\"https:\/\/efagundes.com\/artigos\/wp-content\/uploads\/sites\/2\/2015\/03\/formula_mtbf1.png 400w, https:\/\/efagundes.com\/artigos\/wp-content\/uploads\/sites\/2\/2015\/03\/formula_mtbf1-300x35.png 300w\" sizes=\"auto, (max-width: 400px) 100vw, 400px\" \/><\/a><\/p>\n<p>&nbsp;<\/p>\n<p>Onde TT significa Trouble Ticket e a formula considera o intervalo de tempo entre uma abertura e outra de um chamado para um mesmo componente ou servi\u00e7o.<\/p>\n<h5 class=\"style_titulo_georgia\">MTTR \u2013 Mean Time To Repair<\/h5>\n<p>Esse termo refere-se ao tempo m\u00e9dio para reparo de um componente ou servi\u00e7o (MTTSR \u2013 mean time to service repair). Esse par\u00e2metro associado ao MTBF mede a efici\u00eancia do reparo de um componente ou servi\u00e7o. Note que n\u00e3o basta reparar o componente rapidamente se este apresenta constantes problemas de interrup\u00e7\u00e3o. Uma meta de MTTR t\u00edpica \u00e9 de uma hora para redes de alta confiabilidade. A formula que calcula o MTTR \u00e9:<\/p>\n<p><a href=\"http:\/\/efagundes.com\/artigos\/wp-content\/uploads\/sites\/2\/2015\/03\/formula_mttr1.png\"><img loading=\"lazy\" decoding=\"async\" class=\"alignnone size-full wp-image-1790\" src=\"http:\/\/efagundes.com\/artigos\/wp-content\/uploads\/sites\/2\/2015\/03\/formula_mttr1.png\" alt=\"formula_mttr\" width=\"250\" height=\"50\" \/><\/a><\/p>\n<p>&nbsp;<\/p>\n<p>Em redes de alta disponibilidade para se atingir o MTTR a prestadora deve ter um processo eficiente de substitui\u00e7\u00e3o de componentes e meios redundantes para assegurar a continuidade dos servi\u00e7os.<\/p>\n<h5 class=\"style_titulo_georgia\">Disponibilidade<\/h5>\n<p>Esse par\u00e2metro mede a disponibilidade total do servi\u00e7o contratado, muitas vezes considerando um per\u00edodo estendido ao hor\u00e1rio de trabalho regular da empresa. Na maioria das vezes os contratos de presta\u00e7\u00e3o de servi\u00e7o s\u00e3o para atender ao processamento de dados que opera 24 horas por dia e 7 dias por semana. Em alguns casos, uma paralisa\u00e7\u00e3o fora do hor\u00e1rio de trabalho da empresa pode representar um impacto menor que no hor\u00e1rio nobre. A formula que calcula a disponibilidade \u00e9:<\/p>\n<p><a href=\"http:\/\/efagundes.com\/artigos\/wp-content\/uploads\/sites\/2\/2015\/03\/formula_disponibilidade1.png\"><img loading=\"lazy\" decoding=\"async\" class=\"alignnone size-full wp-image-1787\" src=\"http:\/\/efagundes.com\/artigos\/wp-content\/uploads\/sites\/2\/2015\/03\/formula_disponibilidade1.png\" alt=\"formula_disponibilidade\" width=\"340\" height=\"55\" srcset=\"https:\/\/efagundes.com\/artigos\/wp-content\/uploads\/sites\/2\/2015\/03\/formula_disponibilidade1.png 340w, https:\/\/efagundes.com\/artigos\/wp-content\/uploads\/sites\/2\/2015\/03\/formula_disponibilidade1-300x49.png 300w\" sizes=\"auto, (max-width: 340px) 100vw, 340px\" \/><\/a><\/p>\n<p>&nbsp;<\/p>\n<p>Aqui existem varias opini\u00f5es de como medir esse par\u00e2metro num sistema. A pergunta que se coloca \u00e9 se devemos considerar a soma de todos os componentes e servi\u00e7os, mesmo que n\u00e3o tenha ocorrido uma paralisa\u00e7\u00e3o total do servi\u00e7o? Minha opini\u00e3o \u00e9 que sim, pois esse par\u00e2metro mostra a performance total do servi\u00e7o.<\/p>\n<h5 class=\"style_titulo_georgia\">Disponibilidade Percebida<\/h5>\n<p>Esse par\u00e2metro identifica a disponibilidade do servi\u00e7o percebida pelo &#8220;interessado&#8221; no servi\u00e7o, medida a partir dos registros da help-desk. Essa disponibilidade pode ser menor que a contratada do prestador do servi\u00e7o, uma vez que entram outros fatores do servi\u00e7o, tais como: disponibilidade das aplica\u00e7\u00f5es e energia do pr\u00e9dio. A formula que calcula a disponibilidade percebida \u00e9:<\/p>\n<p><a href=\"http:\/\/efagundes.com\/artigos\/wp-content\/uploads\/sites\/2\/2015\/03\/formula_disponibilidade_percebida1.png\"><img loading=\"lazy\" decoding=\"async\" class=\"alignnone size-full wp-image-1788\" src=\"http:\/\/efagundes.com\/artigos\/wp-content\/uploads\/sites\/2\/2015\/03\/formula_disponibilidade_percebida1.png\" alt=\"formula_disponibilidade_percebida\" width=\"550\" height=\"44\" srcset=\"https:\/\/efagundes.com\/artigos\/wp-content\/uploads\/sites\/2\/2015\/03\/formula_disponibilidade_percebida1.png 550w, https:\/\/efagundes.com\/artigos\/wp-content\/uploads\/sites\/2\/2015\/03\/formula_disponibilidade_percebida1-300x24.png 300w\" sizes=\"auto, (max-width: 550px) 100vw, 550px\" \/><\/a><\/p>\n<p>&nbsp;<\/p>\n<p>\u00c9 importante a compara\u00e7\u00e3o entre os par\u00e2metros de disponibilidade total e percebida para corrigir problemas fora do dom\u00ednio da prestadora, preservando dessa forma o neg\u00f3cio e a imagem da prestadora perante os &#8220;interessados&#8221;.<\/p>\n<h5 class=\"style_titulo_georgia\">Documenta\u00e7\u00e3o<\/h5>\n<p>Esse par\u00e2metro mede o n\u00edvel de atualiza\u00e7\u00e3o da documenta\u00e7\u00e3o e o n\u00edvel de detalhamento negociado previamente. A documenta\u00e7\u00e3o \u00e9 importante para garantir a r\u00e1pida solu\u00e7\u00e3o de problemas e evitar a ruptura do servi\u00e7o em caso indisponibilidade dos t\u00e9cnicos que operam o servi\u00e7o no dia-a-dia. Cada empresa deve negociar uma formula para calcular esse par\u00e2metro. Uma das formas \u00e9 fazer aleatoriamente uma inspe\u00e7\u00e3o na documenta\u00e7\u00e3o e medir o n\u00famero de itens que est\u00e3o atualizados.<\/p>\n<h5 class=\"style_titulo_georgia\">Performance da Help-desk<\/h5>\n<p>Esse par\u00e2metro \u00e9 a m\u00e9dia de um conjunto de no m\u00ednimo tr\u00eas outros par\u00e2metros:<\/p>\n<ul>\n<li>Atendimento das chamadas telef\u00f4nicas no 3\u00ba ou no 4\u00ba toque do telefone;<\/li>\n<li>Tempo de resolu\u00e7\u00e3o de problemas;<\/li>\n<li>Percentual de solu\u00e7\u00e3o de problemas pelo telefone;<\/li>\n<\/ul>\n<p>Para medir o par\u00e2metro de atendimento das chamadas em 3 ou 4 toques \u00e9 necess\u00e1rio um sistema telef\u00f4nico especial, conhecido como DAC \u2013 Distribuidor Autom\u00e1tico de Chamadas, que mede automaticamente a performance dos atendentes. Os outros par\u00e2metros s\u00e3o medidos pelo sistema que controla a abertura e fechamento dos trouble tickets.<\/p>\n<h5 class=\"style_titulo_georgia\">Seguran\u00e7a<\/h5>\n<p>Cada vez mais a seguran\u00e7a \u00e9 um fator importante na gest\u00e3o da infraestrutura das empresas. Os prestadores de servi\u00e7os devem seguir a pol\u00edtica de seguran\u00e7a da empresa contratante, respeitando seus crit\u00e9rios de seguran\u00e7a. Mesmo que a empresa contratada considere superdimensionado os crit\u00e9rios de prote\u00e7\u00e3o e controle. Seguindo o exemplo da documenta\u00e7\u00e3o, cada empresa deve definir a forma de como medir esse par\u00e2metro de controle. Uma das maneiras \u00e9 realizar periodicamente uma inspe\u00e7\u00e3o nos controles e processos para avaliar se est\u00e3o sendo rigorosamente seguidos pelo pessoal operacional e gerencial. Caso se identifique um desvio nos processos, um plano de a\u00e7\u00e3o deve ser elaborado e mensalmente avaliado seu progresso.<\/p>\n<h5 class=\"style_titulo_georgia\">Pesquisa de Satisfa\u00e7\u00e3o<\/h5>\n<p>A contratada e a contratante devem elaborar uma pesquisa de comum acordo para ser submetida mensalmente aos interessados pelo servi\u00e7o prestado. Essa pesquisa dever\u00e1 identificar o n\u00edvel de satisfa\u00e7\u00e3o dos usu\u00e1rios do servi\u00e7o. Um descontentamento com o servi\u00e7o que n\u00e3o reflita com os par\u00e2metros de disponibilidade percebida e performance da help-desk pode mostrar que os usu\u00e1rios n\u00e3o est\u00e3o cientes dos acordos de n\u00edveis de servi\u00e7os negociados e se faz necess\u00e1rio uma campanha interna de esclarecimento. Isso pode levar uma renegocia\u00e7\u00e3o do contrato alterando os n\u00edvel de servi\u00e7o acordados. A pesquisa a ser submetida deve ser objetiva sem deixar margem \u00e0 interpreta\u00e7\u00e3o pelos usu\u00e1rios. Dependendo da negocia\u00e7\u00e3o entre as empresas as perguntas da pesquisa podem ter pesos diferenciados para melhor avaliar o n\u00edvel de servi\u00e7o.<\/p>\n<p class=\"page_content\">Concluindo, o SLA \u00e9 uma excelente forma de contratar servi\u00e7os, pois estabelece os par\u00e2metros que devem ser atingidos pelo provedor de servi\u00e7os. Por\u00e9m, os contratos baseados em SLA devem ter um gerenciamento eficiente para evitar perdas e desgaste no relacionamento entre a contratante e a contratada.<\/p>\n","protected":false},"excerpt":{"rendered":"<p>Revisado em 31-out-2011 Cada vez mais as empresas est\u00e3o contratando servi\u00e7os baseados em n\u00edveis de servi\u00e7os, conhecidos pela sua sigla em ingl\u00eas &#8211; SLAs \u2013 Service Level Agreements. Para administrar esses contratos \u00e9 necess\u00e1rio que tanto as prestadoras de servi\u00e7os como as empresas contratantes possuam um gerenciamento dos par\u00e2metros contratos. Um gerenciamento eficiente n\u00e3o significa [&hellip;]<\/p>\n","protected":false},"author":1,"featured_media":0,"parent":0,"menu_order":0,"comment_status":"open","ping_status":"open","template":"","meta":{"jetpack_post_was_ever_published":false,"footnotes":""},"class_list":["post-1442","page","type-page","status-publish","hentry"],"jetpack_shortlink":"https:\/\/wp.me\/P8yInB-ng","jetpack-related-posts":[{"id":1657,"url":"https:\/\/efagundes.com\/artigos\/outsourcing-de-impressao\/","url_meta":{"origin":1442,"position":0},"title":"Outsourcing de Impress\u00e3o","author":"Eduardo Fagundes","date":"22 de mar\u00e7o de 2015","format":false,"excerpt":"30 de outubro de 2008 O webmeeting discutiu os benef\u00edcios do outsourcing de impress\u00e3o e pontos que devem ser considerados na an\u00e1lise de investimento. Tipicamente, o outsourcing de impress\u00e3o \u00e9 um servi\u00e7o prestado por um fornecedor externo para otimizar ou gerir o \u201coutput\u201d de documentos com maior efici\u00eancia, produtividade e\u2026","rel":"","context":"Post similar","block_context":{"text":"Post similar","link":""},"img":{"alt_text":"","src":"","width":0,"height":0},"classes":[]},{"id":1723,"url":"https:\/\/efagundes.com\/artigos\/gestao-da-cadeia-de-suprimentos\/","url_meta":{"origin":1442,"position":1},"title":"Gest\u00e3o da Cadeia de Suprimentos","author":"Eduardo Fagundes","date":"22 de mar\u00e7o de 2015","format":false,"excerpt":"A gest\u00e3o da cadeia de suprimentos, ou Supply Chain Management (SCM), consiste no gerenciamento integrado das empresas envolvidas na fabrica\u00e7\u00e3o, distribui\u00e7\u00e3o e qualquer outra atividade com o objetivo de entregar um produto ou servi\u00e7o para o cliente final. Uma gest\u00e3o eficiente do SCM evita fun\u00e7\u00f5es redundantes e otimiza o fluxo\u2026","rel":"","context":"Post similar","block_context":{"text":"Post similar","link":""},"img":{"alt_text":"","src":"","width":0,"height":0},"classes":[]},{"id":1311,"url":"https:\/\/efagundes.com\/artigos\/infraestrutura-comum-para-provedores-de-servicos-e-empresas\/","url_meta":{"origin":1442,"position":2},"title":"Infraestrutura comum para provedores de servi\u00e7os e empresas","author":"Eduardo Fagundes","date":"22 de mar\u00e7o de 2015","format":false,"excerpt":"No passado, os provedores de servi\u00e7os de telecomunica\u00e7\u00f5es projetavam, implementavam e operavam suas pr\u00f3prias redes f\u00edsicas. Essas redes eram desenhadas dentro de altos padr\u00f5es t\u00e9cnicos. No Brasil, eram conhecidas como as normas TELEBRAS. Os provedores desenhavam suas redes para atender a cinco caracter\u00edsticas: disponibilidade, flexibilidade, escalabilidade e fatores importantes para\u2026","rel":"","context":"Post similar","block_context":{"text":"Post similar","link":""},"img":{"alt_text":"Infra_comum01","src":"https:\/\/i0.wp.com\/efagundes.com\/artigos\/wp-content\/uploads\/sites\/2\/2015\/03\/Infra_comum011.jpg?resize=350%2C200","width":350,"height":200},"classes":[]},{"id":1447,"url":"https:\/\/efagundes.com\/artigos\/cobit\/","url_meta":{"origin":1442,"position":3},"title":"COBIT","author":"Eduardo Fagundes","date":"22 de mar\u00e7o de 2015","format":false,"excerpt":"Um kit de ferramentas para a excel\u00eancia de TI Artigo revisado em 25 de abril 2012 Autor: Eduardo Mayer Fagundes Introdu\u00e7\u00e3o Atualmente, \u00e9 imposs\u00edvel imaginar uma empresa sem uma forte \u00e1rea de sistemas de informa\u00e7\u00f5es (TI), para manipular os dados operacionais e prover informa\u00e7\u00f5es gerenciais aos executivos para tomadas de\u2026","rel":"","context":"Post similar","block_context":{"text":"Post similar","link":""},"img":{"alt_text":"estrutura_cobit","src":"https:\/\/i0.wp.com\/efagundes.com\/artigos\/wp-content\/uploads\/sites\/2\/2015\/03\/estrutura_cobit1.jpg?resize=350%2C200","width":350,"height":200},"classes":[]},{"id":1641,"url":"https:\/\/efagundes.com\/artigos\/compartilhe-sua-visao-sobre-a-tecnologia-para-acelerar-o-movimento-de-mercado-e-implantar-os-projetos-de-forma-mais-rapida-e-segura\/","url_meta":{"origin":1442,"position":4},"title":"Compartilhe sua vis\u00e3o sobre a tecnologia para acelerar o movimento de mercado e implantar os projetos de forma mais r\u00e1pida e segura","author":"Eduardo Fagundes","date":"22 de mar\u00e7o de 2015","format":false,"excerpt":"Introdu\u00e7\u00e3o A TIC tornou-se chave para a efici\u00eancia empresarial e um bom planejamento de TIC garante o \u00f3timo aproveitamento dos escassos recursos financeiros das empresas, viabiliza novos neg\u00f3cios e diferencia a empresa da concorr\u00eancia. A efici\u00eancia de TIC depende fortemente de seu alinhamento com a estrat\u00e9gia da empresa. Por outro\u2026","rel":"","context":"Post similar","block_context":{"text":"Post similar","link":""},"img":{"alt_text":"","src":"","width":0,"height":0},"classes":[]},{"id":1455,"url":"https:\/\/efagundes.com\/artigos\/a-gestao-eficiente-de-ti\/","url_meta":{"origin":1442,"position":5},"title":"A Gest\u00e3o eficiente de TI","author":"Eduardo Fagundes","date":"22 de mar\u00e7o de 2015","format":false,"excerpt":"A complexidade das tecnologias da informa\u00e7\u00e3o \u00e9 diretamente proporcional \u00e0 complexidade das organiza\u00e7\u00f5es de TI. Atualmente, administrar uma organiza\u00e7\u00e3o de TI exige a ado\u00e7\u00e3o de v\u00e1rios padr\u00f5es (CobiT, ITIL, CMMI, PMBOK, etc.), confundindo alguns gestores entre as atividades meio e fim da organiza\u00e7\u00e3o. \u00c9 obvio que TI est\u00e1 para atender\u2026","rel":"","context":"Post similar","block_context":{"text":"Post similar","link":""},"img":{"alt_text":"","src":"","width":0,"height":0},"classes":[]}],"jetpack_sharing_enabled":true,"_links":{"self":[{"href":"https:\/\/efagundes.com\/artigos\/wp-json\/wp\/v2\/pages\/1442","targetHints":{"allow":["GET"]}}],"collection":[{"href":"https:\/\/efagundes.com\/artigos\/wp-json\/wp\/v2\/pages"}],"about":[{"href":"https:\/\/efagundes.com\/artigos\/wp-json\/wp\/v2\/types\/page"}],"author":[{"embeddable":true,"href":"https:\/\/efagundes.com\/artigos\/wp-json\/wp\/v2\/users\/1"}],"replies":[{"embeddable":true,"href":"https:\/\/efagundes.com\/artigos\/wp-json\/wp\/v2\/comments?post=1442"}],"version-history":[{"count":0,"href":"https:\/\/efagundes.com\/artigos\/wp-json\/wp\/v2\/pages\/1442\/revisions"}],"wp:attachment":[{"href":"https:\/\/efagundes.com\/artigos\/wp-json\/wp\/v2\/media?parent=1442"}],"curies":[{"name":"wp","href":"https:\/\/api.w.org\/{rel}","templated":true}]}}