{"id":3128,"date":"2025-08-02T18:44:30","date_gmt":"2025-08-02T21:44:30","guid":{"rendered":"https:\/\/efagundes.com\/artigos\/?page_id=3128"},"modified":"2025-08-02T18:58:08","modified_gmt":"2025-08-02T21:58:08","slug":"arquivo-artigos","status":"publish","type":"page","link":"https:\/\/efagundes.com\/artigos\/","title":{"rendered":"Artigos de Eduardo M Fagundes"},"content":{"rendered":"\n<div style=\"height:60px\" aria-hidden=\"true\" class=\"wp-block-spacer\"><\/div>\n\n\n\n<div class=\"wp-block-query alignwide is-layout-flow wp-block-query-is-layout-flow\">\n<div class=\"wp-block-group alignfull has-global-padding is-layout-constrained wp-block-group-is-layout-constrained\" style=\"margin-top:0;margin-bottom:0\">\n<div class=\"wp-block-columns alignfull is-layout-flex wp-container-core-columns-is-layout-9c22b1e3 wp-block-columns-is-layout-flex\">\n<div class=\"wp-block-column is-vertically-aligned-center is-layout-flow wp-block-column-is-layout-flow\" style=\"flex-basis:55%\">\n<div style=\"aspect-ratio:3\/2;min-height:unset;\" class=\"wp-block-cover has-aspect-ratio\"><img loading=\"lazy\" decoding=\"async\" width=\"1024\" height=\"1024\" class=\"wp-block-cover__image-background wp-image-3140 size-large\" alt=\"\" src=\"https:\/\/efagundes.com\/artigos\/wp-content\/uploads\/sites\/2\/2025\/08\/servicos-efagundes-com-9-1024x1024.jpeg\" data-object-fit=\"cover\" srcset=\"https:\/\/efagundes.com\/artigos\/wp-content\/uploads\/sites\/2\/2025\/08\/servicos-efagundes-com-9-1024x1024.jpeg 1024w, https:\/\/efagundes.com\/artigos\/wp-content\/uploads\/sites\/2\/2025\/08\/servicos-efagundes-com-9-300x300.jpeg 300w, https:\/\/efagundes.com\/artigos\/wp-content\/uploads\/sites\/2\/2025\/08\/servicos-efagundes-com-9-150x150.jpeg 150w, https:\/\/efagundes.com\/artigos\/wp-content\/uploads\/sites\/2\/2025\/08\/servicos-efagundes-com-9-768x768.jpeg 768w, https:\/\/efagundes.com\/artigos\/wp-content\/uploads\/sites\/2\/2025\/08\/servicos-efagundes-com-9.jpeg 1080w\" sizes=\"auto, (max-width: 1024px) 100vw, 1024px\" \/><span aria-hidden=\"true\" class=\"wp-block-cover__background has-background-dim-0 has-background-dim\" style=\"background-color:#2b5970\"><\/span><div class=\"wp-block-cover__inner-container is-layout-flow wp-block-cover-is-layout-flow\">\n<div style=\"height:var(--wp--preset--spacing--20)\" aria-hidden=\"true\" class=\"wp-block-spacer\"><\/div>\n<\/div><\/div>\n<\/div>\n\n\n\n<div class=\"wp-block-column is-vertically-aligned-center is-layout-flow wp-block-column-is-layout-flow\" style=\"padding-top:var(--wp--preset--spacing--60);padding-right:var(--wp--preset--spacing--60);padding-bottom:var(--wp--preset--spacing--60);padding-left:var(--wp--preset--spacing--60)\">\n<h2 class=\"wp-block-heading has-xx-large-font-size\">Artigos<\/h2>\n\n\n\n<p class=\"has-medium-font-size\">Nesta se\u00e7\u00e3o est\u00e3o reunidos artigos publicados at\u00e9 2017, que refletiam debates t\u00e9cnicos e tend\u00eancias da \u00e9poca nas \u00e1reas de redes, tecnologia e ensino de engenharia. Embora o conte\u00fado n\u00e3o seja mais atualizado, permanece dispon\u00edvel como registro do percurso formativo e intelectual que deu origem ao atual trabalho de an\u00e1lise estrat\u00e9gica em efagundes.com.<\/p>\n<\/div>\n<\/div>\n<\/div>\n\n\n\n<div style=\"height:30px\" aria-hidden=\"true\" class=\"wp-block-spacer\"><\/div>\n\n\n<ul class=\"columns-3 wp-block-post-template has-medium-font-size is-layout-grid wp-container-core-post-template-is-layout-572542b5 wp-block-post-template-is-layout-grid\"><li class=\"wp-block-post post-2402 post type-post status-publish format-standard hentry category-blog\">\n\n<div class=\"wp-block-group is-layout-flow wp-block-group-is-layout-flow\" style=\"padding-top:30px;padding-right:30px;padding-bottom:30px;padding-left:30px\"><h2 style=\"font-style:normal;font-weight:600;\" class=\"wp-block-post-title has-large-font-size\"><a href=\"https:\/\/efagundes.com\/artigos\/metodologia-5s-e-gestao-de-tic\/\" target=\"_self\" >A Metodologia 5S e a Gest\u00e3o de TIC<\/a><\/h2>\n\n<div class=\"wp-block-post-excerpt\"><p class=\"wp-block-post-excerpt__excerpt\">A metodologia 5s \u00e9 utilizada para melhorar a produtividade das pessoas e organiza\u00e7\u00f5es. Foca na redu\u00e7\u00e3o do tempo de acesso as coisas necess\u00e1rias para o trabalho, na redu\u00e7\u00e3o de despesas com materiais e equipamentos, na melhoria de qualidade de produtos e servi\u00e7os e na satisfa\u00e7\u00e3o das pessoas com o trabalho. O 5S pode ser aplicado&hellip; <\/p><\/div>\n\n<div class=\"wp-block-post-date\"><time datetime=\"2017-07-24T13:07:18-03:00\">24 de julho de 2017<\/time><\/div><\/div>\n\n<\/li><li class=\"wp-block-post post-2384 post type-post status-publish format-standard hentry category-artigos tag-iot\">\n\n<div class=\"wp-block-group is-layout-flow wp-block-group-is-layout-flow\" style=\"padding-top:30px;padding-right:30px;padding-bottom:30px;padding-left:30px\"><h2 style=\"font-style:normal;font-weight:600;\" class=\"wp-block-post-title has-large-font-size\"><a href=\"https:\/\/efagundes.com\/artigos\/a-complexa-alavancagem-da-tecnologia-iot-no-brasil\/\" target=\"_self\" >A complexa alavancagem da tecnologia IoT no Brasil<\/a><\/h2>\n\n<div class=\"wp-block-post-excerpt\"><p class=\"wp-block-post-excerpt__excerpt\">A tecnologia de IoT \u00e9 compreendida e acess\u00edvel, literalmente, por todos. Desde crian\u00e7as desenvolvendo rob\u00f4s at\u00e9 a grande ind\u00fastria implantando automa\u00e7\u00e3o extrema. Existem pontos a melhorar, tais como seguran\u00e7a e defini\u00e7\u00e3o de protocolos para diferentes setores econ\u00f4micos para atender suas caracter\u00edsticas de neg\u00f3cios. Tecnicamente, a evolu\u00e7\u00e3o da tecnologia deve seguir seu caminho, assim tantas outras.&hellip; <\/p><\/div>\n\n<div class=\"wp-block-post-date\"><time datetime=\"2017-07-02T14:59:55-03:00\">2 de julho de 2017<\/time><\/div><\/div>\n\n<\/li><li class=\"wp-block-post post-2373 post type-post status-publish format-standard hentry category-artigos\">\n\n<div class=\"wp-block-group is-layout-flow wp-block-group-is-layout-flow\" style=\"padding-top:30px;padding-right:30px;padding-bottom:30px;padding-left:30px\"><h2 style=\"font-style:normal;font-weight:600;\" class=\"wp-block-post-title has-large-font-size\"><a href=\"https:\/\/efagundes.com\/artigos\/o-desafio-de-construcao-de-uma-plataforma-tecnologica\/\" target=\"_self\" >O desafio de constru\u00e7\u00e3o de uma plataforma tecnol\u00f3gica<\/a><\/h2>\n\n<div class=\"wp-block-post-excerpt\"><p class=\"wp-block-post-excerpt__excerpt\">As empresas e comunidades de neg\u00f3cios, constantemente, s\u00e3o desafiadas a construir plataformas tecnol\u00f3gicas para aumentar a produtividade, reduzir custos e melhor a seguran\u00e7a da informa\u00e7\u00e3o. As plataformas s\u00e3o compotas por diversas tecnologias, que muitas vezes est\u00e3o em est\u00e1gios diferentes de maturidade, colocando em risco a sua continuidade e aceita\u00e7\u00e3o pela comunidade. Se utilizarmos apenas tecnologias&hellip; <\/p><\/div>\n\n<div class=\"wp-block-post-date\"><time datetime=\"2017-06-25T21:28:18-03:00\">25 de junho de 2017<\/time><\/div><\/div>\n\n<\/li><li class=\"wp-block-post post-2307 post type-post status-publish format-standard hentry category-artigos tag-codigo-aberto tag-open-source tag-software-livre\">\n\n<div class=\"wp-block-group is-layout-flow wp-block-group-is-layout-flow\" style=\"padding-top:30px;padding-right:30px;padding-bottom:30px;padding-left:30px\"><h2 style=\"font-style:normal;font-weight:600;\" class=\"wp-block-post-title has-large-font-size\"><a href=\"https:\/\/efagundes.com\/artigos\/da-para-confiar-e-ganhar-dinheiro-com-software-livre\/\" target=\"_self\" >D\u00e1 para confiar e ganhar dinheiro com software livre?<\/a><\/h2>\n\n<div class=\"wp-block-post-excerpt\"><p class=\"wp-block-post-excerpt__excerpt\">Hoje temos uma quantidade incr\u00edvel de softwares com c\u00f3digos abertos \u2013 open source \u2013 dispon\u00edveis para fazer download e usar gratuitamente. V\u00e1rias solu\u00e7\u00f5es de software de grandes fornecedores, com licen\u00e7as car\u00edssimas, foram substitu\u00eddas com efici\u00eancia por softwares livres (usarem livremente os termos software livre e c\u00f3digo aberto, embora existam pequenas diferen\u00e7as entre os conceitos). Um&hellip; <\/p><\/div>\n\n<div class=\"wp-block-post-date\"><time datetime=\"2016-11-21T10:42:57-02:00\">21 de novembro de 2016<\/time><\/div><\/div>\n\n<\/li><li class=\"wp-block-post post-2302 post type-post status-publish format-standard hentry category-artigos tag-certificados tag-sucesso-profissional\">\n\n<div class=\"wp-block-group is-layout-flow wp-block-group-is-layout-flow\" style=\"padding-top:30px;padding-right:30px;padding-bottom:30px;padding-left:30px\"><h2 style=\"font-style:normal;font-weight:600;\" class=\"wp-block-post-title has-large-font-size\"><a href=\"https:\/\/efagundes.com\/artigos\/o-sucesso-profissional-exige-muito-mais-que-um-certificado\/\" target=\"_self\" >O sucesso profissional exige muito mais que um certificado<\/a><\/h2>\n\n<div class=\"wp-block-post-excerpt\"><p class=\"wp-block-post-excerpt__excerpt\">Estudar para ser aprovado em uma prova de certifica\u00e7\u00e3o n\u00e3o garante o sucesso profissional, embora seja uma condi\u00e7\u00e3o importante no mercado de trabalho. O que determina o sucesso profissional \u00e9 a capacidade de execu\u00e7\u00e3o. Infelizmente, n\u00e3o existe uma certifica\u00e7\u00e3o de \u201cexecu\u00e7\u00e3o\u201d. Para evidenciar esse vi\u00e9s profissional \u00e9 necess\u00e1rio participar de projetos, executar atividades, medir o&hellip; <\/p><\/div>\n\n<div class=\"wp-block-post-date\"><time datetime=\"2016-11-20T16:44:13-02:00\">20 de novembro de 2016<\/time><\/div><\/div>\n\n<\/li><li class=\"wp-block-post post-2297 post type-post status-publish format-standard hentry category-artigos tag-industria-4-0 tag-quarta-revolucao-industrial\">\n\n<div class=\"wp-block-group is-layout-flow wp-block-group-is-layout-flow\" style=\"padding-top:30px;padding-right:30px;padding-bottom:30px;padding-left:30px\"><h2 style=\"font-style:normal;font-weight:600;\" class=\"wp-block-post-title has-large-font-size\"><a href=\"https:\/\/efagundes.com\/artigos\/a-retomada-da-industria-no-brasil-sera-baseada-na-quarta-revolucao-industria\/\" target=\"_self\" >A retomada da ind\u00fastria no Brasil ser\u00e1 baseada na quarta revolu\u00e7\u00e3o ind\u00fastria<\/a><\/h2>\n\n<div class=\"wp-block-post-excerpt\"><p class=\"wp-block-post-excerpt__excerpt\">Acredito que a partir de 2019 o cen\u00e1rio pol\u00edtico e econ\u00f4mico estar\u00e1 atrativo para estimular investimentos na ind\u00fastria. Os novos projetos devem contemplar os novos paradigmas do mercado, como o consumo sustent\u00e1vel e prefer\u00eancia por produtos personalizados dos mais jovens e gastos mais comedidos dos mais velhos para garantir uma poupan\u00e7a para uma vida financeira&hellip; <\/p><\/div>\n\n<div class=\"wp-block-post-date\"><time datetime=\"2016-11-19T00:20:00-02:00\">19 de novembro de 2016<\/time><\/div><\/div>\n\n<\/li><li class=\"wp-block-post post-2283 post type-post status-publish format-standard hentry category-artigos tag-ranking-de-competitividade\">\n\n<div class=\"wp-block-group is-layout-flow wp-block-group-is-layout-flow\" style=\"padding-top:30px;padding-right:30px;padding-bottom:30px;padding-left:30px\"><h2 style=\"font-style:normal;font-weight:600;\" class=\"wp-block-post-title has-large-font-size\"><a href=\"https:\/\/efagundes.com\/artigos\/o-desafio-para-superar-a-geracao-devagar-para-aumentar-a-competitividade\/\" target=\"_self\" >O desafio para superar a gera\u00e7\u00e3o \u201cdevagar\u201d para aumentar a competitividade<\/a><\/h2>\n\n<div class=\"wp-block-post-excerpt\"><p class=\"wp-block-post-excerpt__excerpt\">Em uma entrevista, Roberto D\u2019Avila perguntou a Bibi Ferreira (94) qual a diferen\u00e7a do mundo na sua juventude e agora, ela respondeu que no passado o mundo era mais \u201cdevagar\u201d. Ao que parece nossas institui\u00e7\u00f5es p\u00fablicas, algumas alas da sociedade e empresas ainda vivem no passado, se movimentando lentamente. O esfor\u00e7o dos \u201cvelozes\u201d para superar&hellip; <\/p><\/div>\n\n<div class=\"wp-block-post-date\"><time datetime=\"2016-10-02T22:40:04-03:00\">2 de outubro de 2016<\/time><\/div><\/div>\n\n<\/li><li class=\"wp-block-post post-2278 post type-post status-publish format-standard hentry category-artigos tag-cmmi tag-cobit tag-iso-9001 tag-itil tag-qualidade-de-software\">\n\n<div class=\"wp-block-group is-layout-flow wp-block-group-is-layout-flow\" style=\"padding-top:30px;padding-right:30px;padding-bottom:30px;padding-left:30px\"><h2 style=\"font-style:normal;font-weight:600;\" class=\"wp-block-post-title has-large-font-size\"><a href=\"https:\/\/efagundes.com\/artigos\/pode-a-iso-9-001-substituir-o-cmmi-no-desenvolvimento-eficiente-de-software\/\" target=\"_self\" >Pode a ISO 9.001 substituir o CMMI no desenvolvimento eficiente de software?<\/a><\/h2>\n\n<div class=\"wp-block-post-excerpt\"><p class=\"wp-block-post-excerpt__excerpt\">A busca da efici\u00eancia e qualidade no desenvolvimento de software vem de d\u00e9cadas. No in\u00edcio definiu-se processos estruturados e lineares para o desenvolvimento de softwares, evoluiu com a introdu\u00e7\u00e3o de feedbacks e an\u00e1lise de risco nas fases de levantamento de requisitos, an\u00e1lise e desenho, como por exemplo o modelo espiral, para consolidar e obter consenso&hellip; <\/p><\/div>\n\n<div class=\"wp-block-post-date\"><time datetime=\"2016-09-23T14:11:10-03:00\">23 de setembro de 2016<\/time><\/div><\/div>\n\n<\/li><li class=\"wp-block-post post-2273 post type-post status-publish format-standard hentry category-artigos tag-avaliacao-360 tag-avaliacao-de-desempenho tag-empreendedorismo tag-feedback tag-intraempreendedorismo\">\n\n<div class=\"wp-block-group is-layout-flow wp-block-group-is-layout-flow\" style=\"padding-top:30px;padding-right:30px;padding-bottom:30px;padding-left:30px\"><h2 style=\"font-style:normal;font-weight:600;\" class=\"wp-block-post-title has-large-font-size\"><a href=\"https:\/\/efagundes.com\/artigos\/o-vetor-futuro-na-avaliacao-de-desempenho\/\" target=\"_self\" >O vetor futuro na avalia\u00e7\u00e3o de desempenho<\/a><\/h2>\n\n<div class=\"wp-block-post-excerpt\"><p class=\"wp-block-post-excerpt__excerpt\">Como seria a KFC hoje se tivesse investido na carreira de Jack Ma? O fato \u00e9 que a KFC continua vendendo frango e Jack Ma, fundador do Alibaba, \u00e9 o homem mais rico da China. O principal equivoco dos processos de avalia\u00e7\u00e3o atuais \u00e9 que apenas oferecem feedback para enquadrar os funcion\u00e1rios aos padr\u00f5es de&hellip; <\/p><\/div>\n\n<div class=\"wp-block-post-date\"><time datetime=\"2016-09-18T12:03:09-03:00\">18 de setembro de 2016<\/time><\/div><\/div>\n\n<\/li><\/ul>\n\n\n<div style=\"height:50px\" aria-hidden=\"true\" class=\"wp-block-spacer\"><\/div>\n\n\n<nav class=\"wp-block-query-pagination is-content-justification-center is-layout-flex wp-container-core-query-pagination-is-layout-a89b3969 wp-block-query-pagination-is-layout-flex\" aria-label=\"Pagina\u00e7\u00e3o\">\n\n\n<div class=\"wp-block-query-pagination-numbers\"><span aria-current=\"page\" class=\"page-numbers current\">1<\/span>\n<a class=\"page-numbers\" href=\"?query-25-page=2\">2<\/a>\n<a class=\"page-numbers\" href=\"?query-25-page=3\">3<\/a>\n<span class=\"page-numbers dots\">&hellip;<\/span>\n<a class=\"page-numbers\" href=\"?query-25-page=18\">18<\/a><\/div>\n\n<a href=\"\/artigos\/wp-json\/wp\/v2\/pages\/3128?query-25-page=2\" class=\"wp-block-query-pagination-next\">Pr\u00f3xima p\u00e1gina<\/a>\n<\/nav>\n\n\n<div style=\"height:50px\" aria-hidden=\"true\" class=\"wp-block-spacer\"><\/div>\n<\/div>\n\n\n\n<p><\/p>\n","protected":false},"excerpt":{"rendered":"","protected":false},"author":1,"featured_media":0,"parent":0,"menu_order":0,"comment_status":"closed","ping_status":"closed","template":"page-no-title","meta":{"jetpack_post_was_ever_published":false,"footnotes":""},"class_list":["post-3128","page","type-page","status-publish","hentry"],"jetpack_shortlink":"https:\/\/wp.me\/P8yInB-Os","jetpack-related-posts":[{"id":5,"url":"https:\/\/efagundes.com\/artigos\/300f0-web-agency-home\/","url_meta":{"origin":3128,"position":0},"title":"Home","author":"Eduardo Fagundes","date":"13 de janeiro de 2020","format":false,"excerpt":"MENTORIA EM INTELIG\u00caNCIA ARTIFICIAL conex\u00f5es que evoluem! Cursos e projetos para apoio a empreendedores no desenvolvimento de tecnologias, baseadas em intelig\u00eancia artificial, para a gest\u00e3o e novos modelos de neg\u00f3cios. EDUARDO FAGUNDES Engenheiro, mentor, pesquisador, professor e empreendedor SERVI\u00c7OS Tecnologia, governan\u00e7a, gest\u00e3o, sustentabilidade e intelig\u00eancia artificial BLOG Artigos sobre tecnologia,\u2026","rel":"","context":"Post similar","block_context":{"text":"Post similar","link":""},"img":{"alt_text":"","src":"https:\/\/i0.wp.com\/efagundes.com\/artigos\/wp-content\/uploads\/sites\/2\/2020\/07\/foto-eduardo-fagundes-072020-1b.png?resize=350%2C200&ssl=1","width":350,"height":200,"srcset":"https:\/\/i0.wp.com\/efagundes.com\/artigos\/wp-content\/uploads\/sites\/2\/2020\/07\/foto-eduardo-fagundes-072020-1b.png?resize=350%2C200&ssl=1 1x, https:\/\/i0.wp.com\/efagundes.com\/artigos\/wp-content\/uploads\/sites\/2\/2020\/07\/foto-eduardo-fagundes-072020-1b.png?resize=525%2C300&ssl=1 1.5x"},"classes":[]},{"id":1704,"url":"https:\/\/efagundes.com\/artigos\/lista-de-artigos\/","url_meta":{"origin":3128,"position":1},"title":"Lista de Artigos","author":"Eduardo Fagundes","date":"22 de mar\u00e7o de 2015","format":false,"excerpt":"","rel":"","context":"Post similar","block_context":{"text":"Post similar","link":""},"img":{"alt_text":"","src":"","width":0,"height":0},"classes":[]},{"id":3148,"url":"https:\/\/efagundes.com\/artigos\/politica-de-cookies-br\/","url_meta":{"origin":3128,"position":2},"title":"Pol\u00edtica de Cookies (BR)","author":"Eduardo Fagundes","date":"9 de outubro de 2025","format":false,"excerpt":"","rel":"","context":"Post similar","block_context":{"text":"Post similar","link":""},"img":{"alt_text":"","src":"","width":0,"height":0},"classes":[]},{"id":2505,"url":"https:\/\/efagundes.com\/artigos\/eduardofagundes-artigos\/","url_meta":{"origin":3128,"position":3},"title":"EduardoFagundes-artigos","author":"Eduardo Fagundes","date":"17 de junho de 2018","format":false,"excerpt":"Efagundes.com \u00e9 uma comunidade virtual de aprendizagem sobre inova\u00e7\u00e3o, tecnologia e sustentabilidade criada para compartilhar conhecimento e desenvolver projetos disruptivos. Workshops e Projetos","rel":"","context":"Post similar","block_context":{"text":"Post similar","link":""},"img":{"alt_text":"","src":"https:\/\/i0.wp.com\/efagundes.com\/artigos\/wp-content\/uploads\/sites\/2\/2018\/09\/mesa-de-trabalho-cafe.jpg?resize=350%2C200&ssl=1","width":350,"height":200,"srcset":"https:\/\/i0.wp.com\/efagundes.com\/artigos\/wp-content\/uploads\/sites\/2\/2018\/09\/mesa-de-trabalho-cafe.jpg?resize=350%2C200&ssl=1 1x, https:\/\/i0.wp.com\/efagundes.com\/artigos\/wp-content\/uploads\/sites\/2\/2018\/09\/mesa-de-trabalho-cafe.jpg?resize=525%2C300&ssl=1 1.5x, https:\/\/i0.wp.com\/efagundes.com\/artigos\/wp-content\/uploads\/sites\/2\/2018\/09\/mesa-de-trabalho-cafe.jpg?resize=700%2C400&ssl=1 2x, https:\/\/i0.wp.com\/efagundes.com\/artigos\/wp-content\/uploads\/sites\/2\/2018\/09\/mesa-de-trabalho-cafe.jpg?resize=1050%2C600&ssl=1 3x, https:\/\/i0.wp.com\/efagundes.com\/artigos\/wp-content\/uploads\/sites\/2\/2018\/09\/mesa-de-trabalho-cafe.jpg?resize=1400%2C800&ssl=1 4x"},"classes":[]},{"id":2801,"url":"https:\/\/efagundes.com\/artigos\/efa\/","url_meta":{"origin":3128,"position":4},"title":"Post Sem T\u00ectulo","author":"Eduardo Fagundes","date":"13 de dezembro de 2020","format":false,"excerpt":"","rel":"","context":"Post similar","block_context":{"text":"Post similar","link":""},"img":{"alt_text":"","src":"","width":0,"height":0},"classes":[]},{"id":2464,"url":"https:\/\/efagundes.com\/artigos\/home-page\/","url_meta":{"origin":3128,"position":5},"title":"Artigos","author":"Eduardo Fagundes","date":"16 de junho de 2018","format":false,"excerpt":"","rel":"","context":"Post similar","block_context":{"text":"Post similar","link":""},"img":{"alt_text":"","src":"","width":0,"height":0},"classes":[]}],"jetpack_sharing_enabled":true,"_links":{"self":[{"href":"https:\/\/efagundes.com\/artigos\/wp-json\/wp\/v2\/pages\/3128","targetHints":{"allow":["GET"]}}],"collection":[{"href":"https:\/\/efagundes.com\/artigos\/wp-json\/wp\/v2\/pages"}],"about":[{"href":"https:\/\/efagundes.com\/artigos\/wp-json\/wp\/v2\/types\/page"}],"author":[{"embeddable":true,"href":"https:\/\/efagundes.com\/artigos\/wp-json\/wp\/v2\/users\/1"}],"replies":[{"embeddable":true,"href":"https:\/\/efagundes.com\/artigos\/wp-json\/wp\/v2\/comments?post=3128"}],"version-history":[{"count":5,"href":"https:\/\/efagundes.com\/artigos\/wp-json\/wp\/v2\/pages\/3128\/revisions"}],"predecessor-version":[{"id":3141,"href":"https:\/\/efagundes.com\/artigos\/wp-json\/wp\/v2\/pages\/3128\/revisions\/3141"}],"wp:attachment":[{"href":"https:\/\/efagundes.com\/artigos\/wp-json\/wp\/v2\/media?parent=3128"}],"curies":[{"name":"wp","href":"https:\/\/api.w.org\/{rel}","templated":true}]}}