{"id":255,"date":"2012-11-16T21:58:56","date_gmt":"2012-11-16T23:58:56","guid":{"rendered":"http:\/\/efagundes.com\/openclass_networking\/?page_id=255"},"modified":"2022-01-16T17:50:09","modified_gmt":"2022-01-16T20:50:09","slug":"taxa-de-dados-maxima-de-um-canal-ii","status":"publish","type":"page","link":"https:\/\/efagundes.com\/networking\/teoria-da-transmissao-e-meios-magneticos\/taxa-de-dados-maxima-de-um-canal-ii\/","title":{"rendered":"Taxa de dados m\u00e1xima de um canal (II)"},"content":{"rendered":"<p>&nbsp;<\/p>\n<p><a href=\"https:\/\/i0.wp.com\/efagundes.com\/networking\/wp-content\/uploads\/sites\/5\/2015\/03\/Slide92.jpg\"><img data-recalc-dims=\"1\" loading=\"lazy\" decoding=\"async\" data-attachment-id=\"2396\" data-permalink=\"https:\/\/efagundes.com\/networking\/teoria-da-transmissao-e-meios-magneticos\/taxa-de-dados-maxima-de-um-canal-ii\/slide9-3\/\" data-orig-file=\"https:\/\/i0.wp.com\/efagundes.com\/networking\/wp-content\/uploads\/sites\/5\/2015\/03\/Slide92.jpg?fit=960%2C720&amp;ssl=1\" data-orig-size=\"960,720\" data-comments-opened=\"1\" data-image-meta=\"{&quot;aperture&quot;:&quot;0&quot;,&quot;credit&quot;:&quot;&quot;,&quot;camera&quot;:&quot;&quot;,&quot;caption&quot;:&quot;&quot;,&quot;created_timestamp&quot;:&quot;0&quot;,&quot;copyright&quot;:&quot;&quot;,&quot;focal_length&quot;:&quot;0&quot;,&quot;iso&quot;:&quot;0&quot;,&quot;shutter_speed&quot;:&quot;0&quot;,&quot;title&quot;:&quot;&quot;,&quot;orientation&quot;:&quot;0&quot;}\" data-image-title=\"Slide9\" data-image-description=\"\" data-image-caption=\"\" data-large-file=\"https:\/\/i0.wp.com\/efagundes.com\/networking\/wp-content\/uploads\/sites\/5\/2015\/03\/Slide92.jpg?fit=960%2C720&amp;ssl=1\" class=\"alignnone size-full wp-image-2396\" src=\"https:\/\/i0.wp.com\/efagundes.com\/networking\/wp-content\/uploads\/sites\/5\/2015\/03\/Slide92.jpg?resize=960%2C720\" alt=\"Slide9\" width=\"960\" height=\"720\" srcset=\"https:\/\/i0.wp.com\/efagundes.com\/networking\/wp-content\/uploads\/sites\/5\/2015\/03\/Slide92.jpg?w=960&amp;ssl=1 960w, https:\/\/i0.wp.com\/efagundes.com\/networking\/wp-content\/uploads\/sites\/5\/2015\/03\/Slide92.jpg?resize=300%2C225&amp;ssl=1 300w\" sizes=\"auto, (max-width: 960px) 100vw, 960px\" \/><\/a>Todos os canais de transmiss\u00e3o de qualquer interesse pr\u00e1tico tem uma largura de banda de frequ\u00eancia limitada. As limita\u00e7\u00f5es surgem das propriedades f\u00edsicas do canal ou de limita\u00e7\u00f5es deliberadas na largura de banda para evitar interfer\u00eancia de outras fontes. Principalmente por raz\u00f5es econ\u00f4micas, a maioria dos sistemas de comunica\u00e7\u00e3o de dados busca maximizar a quantidade de dados que pode ser enviada em um canal.<\/p>\n<p>Claude Shannon elaborou uma f\u00f3rmula para provar que a capacidade m\u00e1xima de um canal ideal, cujas defici\u00eancias se limitam \u00e0 largura de banda finita e ao ru\u00eddo distribu\u00eddo de forma aleat\u00f3ria sobre esta largura de banda finita:<\/p>\n<p>C = H * log 2 [ 1 + ( S\/ N )]<\/p>\n<p>Onde: C = capacidade em bits\/segundo; S = pot\u00eancia em watts do sinal atrav\u00e9s do canal; N = pot\u00eancia em watts do ru\u00eddo de sa\u00edda do canal; H = largura de banda do canal (Hz)<\/p>\n<p>Atenua\u00e7\u00e3o e ganho<\/p>\n<p>Um circuito el\u00e9trico pode apresentar uma atenua\u00e7\u00e3o ou ganho no sinal. A atenua\u00e7\u00e3o \u00e9 quando a pot\u00eancia do sinal de entrada \u00e9 maior que a do sinal de sa\u00edda. Ganho \u00e9 o inverso. A rela\u00e7\u00e3o logar\u00edtmica entre as pot\u00eancias de um sinal (entrada e sa\u00edda) \u00e9 expressa em &#8220;Bell&#8221; (B), e na pr\u00e1tica utiliza-se o decibel (dB):<\/p>\n<p>Atenua\u00e7\u00e3o ou ganho = 10 log (pot\u00eancia de sa\u00edda \/ pot\u00eancia de entrada)<\/p>\n<p>&nbsp;<\/p>\n","protected":false},"excerpt":{"rendered":"<p>&nbsp; Todos os canais de transmiss\u00e3o de qualquer interesse pr\u00e1tico tem uma largura de banda de frequ\u00eancia limitada. As limita\u00e7\u00f5es surgem das propriedades f\u00edsicas do canal ou de limita\u00e7\u00f5es deliberadas na largura de banda para evitar interfer\u00eancia de outras fontes. Principalmente por raz\u00f5es econ\u00f4micas, a maioria dos sistemas de comunica\u00e7\u00e3o de dados busca maximizar a [&hellip;]<\/p>\n","protected":false},"author":1,"featured_media":0,"parent":533,"menu_order":64,"comment_status":"closed","ping_status":"closed","template":"","meta":{"footnotes":""},"class_list":["post-255","page","type-page","status-publish","hentry"],"jetpack_shortlink":"https:\/\/wp.me\/P8yKGp-47","jetpack-related-posts":[{"id":791,"url":"https:\/\/efagundes.com\/networking\/algoritmos-de-roteamento\/servicos-integrados-rsvp-the-reservation-protocol-2\/","url_meta":{"origin":255,"position":0},"title":"RSVP The ReSerVation Protocol (II)","author":"Eduardo Fagundes","date":"18\/11\/2012","format":false,"excerpt":"Para obter uma melhor recep\u00e7\u00e3o e eliminar o congestionamento, qualquer um dos receptores de um grupo pode enviar uma mensagem de reserva pela \u00e1rvore para o transmissor. A mensagem \u00e9 propagada com a utiliza\u00e7\u00e3o do algoritmo de encaminhamento pelo caminho inverso. Em cada hop, o roteador detecta a reserva e\u2026","rel":"","context":"Post similar","block_context":{"text":"Post similar","link":""},"img":{"alt_text":"","src":"https:\/\/i0.wp.com\/efagundes.com\/networking\/wp-content\/uploads\/sites\/5\/2015\/03\/Slide352.jpg?resize=350%2C200","width":350,"height":200,"srcset":"https:\/\/i0.wp.com\/efagundes.com\/networking\/wp-content\/uploads\/sites\/5\/2015\/03\/Slide352.jpg?resize=350%2C200 1x, https:\/\/i0.wp.com\/efagundes.com\/networking\/wp-content\/uploads\/sites\/5\/2015\/03\/Slide352.jpg?resize=525%2C300 1.5x, https:\/\/i0.wp.com\/efagundes.com\/networking\/wp-content\/uploads\/sites\/5\/2015\/03\/Slide352.jpg?resize=700%2C400 2x"},"classes":[]},{"id":249,"url":"https:\/\/efagundes.com\/networking\/teoria-da-transmissao-e-meios-magneticos\/relacao-entre-as-taxas-de-dados-e-as-harmonicas\/","url_meta":{"origin":255,"position":1},"title":"Rela\u00e7\u00e3o entre as taxas de dados e as harm\u00f4nicas","author":"Eduardo Fagundes","date":"16\/11\/2012","format":false,"excerpt":"\u00a0 Para certas taxas de dados, os n\u00fameros funcionam de acordo com o padr\u00e3o mostrado na tabela acima. Os n\u00fameros deixam claro que, quando se tenta fazer uma transmiss\u00e3o de 9.600bps usando uma linha telef\u00f4nica com restri\u00e7\u00f5es de largura de banda, modelo sugerido na figura (a) assume a forma mostrada\u2026","rel":"","context":"Post similar","block_context":{"text":"Post similar","link":""},"img":{"alt_text":"Slide6","src":"https:\/\/i0.wp.com\/efagundes.com\/networking\/wp-content\/uploads\/sites\/5\/2015\/03\/Slide62.jpg?resize=350%2C200","width":350,"height":200,"srcset":"https:\/\/i0.wp.com\/efagundes.com\/networking\/wp-content\/uploads\/sites\/5\/2015\/03\/Slide62.jpg?resize=350%2C200 1x, https:\/\/i0.wp.com\/efagundes.com\/networking\/wp-content\/uploads\/sites\/5\/2015\/03\/Slide62.jpg?resize=525%2C300 1.5x, https:\/\/i0.wp.com\/efagundes.com\/networking\/wp-content\/uploads\/sites\/5\/2015\/03\/Slide62.jpg?resize=700%2C400 2x"},"classes":[]},{"id":624,"url":"https:\/\/efagundes.com\/networking\/subcamada-de-acesso-ao-meio\/alocacao-estatica-de-canais-em-lans-e-mans\/","url_meta":{"origin":255,"position":2},"title":"Aloca\u00e7\u00e3o est\u00e1tica de canais em LANs e MANs","author":"Eduardo Fagundes","date":"17\/11\/2012","format":false,"excerpt":"A maneira tradicional de alocar um \u00fanico canal, tal como um tronco telef\u00f4nico, entre v\u00e1rios usu\u00e1rios concorrentes \u00e9 usar a FDM (Frequency Division Multiplexing). Se existem N usu\u00e1rios, a largura de banda \u00e9 dividida em N partes do mesmo tamanho, conforme a figura acima. Para cada usu\u00e1rio ser\u00e1 atribu\u00edda uma\u2026","rel":"","context":"Post similar","block_context":{"text":"Post similar","link":""},"img":{"alt_text":"","src":"https:\/\/i0.wp.com\/efagundes.com\/networking\/wp-content\/uploads\/sites\/5\/2015\/03\/Slide263.jpg?resize=350%2C200","width":350,"height":200,"srcset":"https:\/\/i0.wp.com\/efagundes.com\/networking\/wp-content\/uploads\/sites\/5\/2015\/03\/Slide263.jpg?resize=350%2C200 1x, https:\/\/i0.wp.com\/efagundes.com\/networking\/wp-content\/uploads\/sites\/5\/2015\/03\/Slide263.jpg?resize=525%2C300 1.5x, https:\/\/i0.wp.com\/efagundes.com\/networking\/wp-content\/uploads\/sites\/5\/2015\/03\/Slide263.jpg?resize=700%2C400 2x"},"classes":[]},{"id":240,"url":"https:\/\/efagundes.com\/networking\/teoria-da-transmissao-e-meios-magneticos\/sinais-limitados-pela-largura-de-banda-i\/","url_meta":{"origin":255,"position":3},"title":"Sinais limitados pela largura de banda (I)","author":"Eduardo Fagundes","date":"16\/11\/2012","format":false,"excerpt":"Nenhum recurso de transmiss\u00e3o \u00e9 capaz de transmitir sinais sem perder parte da energia no processo. Se todos os coeficientes da s\u00e9rie de Fourier fossem igualmente reduzidos, o sinal resultante seria reduzido em amplitude, mas n\u00e3o seria distorcido. Entretanto, todos os meios de transmiss\u00e3o reduzem os componentes de Fourier ocasionando\u2026","rel":"","context":"Post similar","block_context":{"text":"Post similar","link":""},"img":{"alt_text":"Slide3","src":"https:\/\/i0.wp.com\/efagundes.com\/networking\/wp-content\/uploads\/sites\/5\/2015\/03\/Slide32.jpg?resize=350%2C200","width":350,"height":200,"srcset":"https:\/\/i0.wp.com\/efagundes.com\/networking\/wp-content\/uploads\/sites\/5\/2015\/03\/Slide32.jpg?resize=350%2C200 1x, https:\/\/i0.wp.com\/efagundes.com\/networking\/wp-content\/uploads\/sites\/5\/2015\/03\/Slide32.jpg?resize=525%2C300 1.5x, https:\/\/i0.wp.com\/efagundes.com\/networking\/wp-content\/uploads\/sites\/5\/2015\/03\/Slide32.jpg?resize=700%2C400 2x"},"classes":[]},{"id":422,"url":"https:\/\/efagundes.com\/networking\/sistema-telefonico\/tipos-de-modulacao-iii\/","url_meta":{"origin":255,"position":4},"title":"Tipos de modula\u00e7\u00e3o (III)","author":"Eduardo Fagundes","date":"17\/11\/2012","format":false,"excerpt":"Os conceitos de largura de banda, baud, s\u00edmbolo e taxa de bits costuma ser confundidos: Largura de banda de um meio \u00e9 a faixa de freq\u00fc\u00eancias que passam por ele com atenua\u00e7\u00e3o m\u00ednima. \u00c9 uma propriedade f\u00edsica do meio (normalmente, variando de 0 at\u00e9 alguma freq\u00fc\u00eancia m\u00e1xima definida pelo meio)\u2026","rel":"","context":"Post similar","block_context":{"text":"Post similar","link":""},"img":{"alt_text":"Slide14","src":"https:\/\/i0.wp.com\/efagundes.com\/networking\/wp-content\/uploads\/sites\/5\/2015\/03\/Slide144.jpg?resize=350%2C200","width":350,"height":200,"srcset":"https:\/\/i0.wp.com\/efagundes.com\/networking\/wp-content\/uploads\/sites\/5\/2015\/03\/Slide144.jpg?resize=350%2C200 1x, https:\/\/i0.wp.com\/efagundes.com\/networking\/wp-content\/uploads\/sites\/5\/2015\/03\/Slide144.jpg?resize=525%2C300 1.5x, https:\/\/i0.wp.com\/efagundes.com\/networking\/wp-content\/uploads\/sites\/5\/2015\/03\/Slide144.jpg?resize=700%2C400 2x"},"classes":[]},{"id":480,"url":"https:\/\/efagundes.com\/networking\/multiplexacao-2\/multiplexacao-por-divisao-de-frequencia\/","url_meta":{"origin":255,"position":5},"title":"Multiplexa\u00e7\u00e3o por divis\u00e3o de frequ\u00eancia","author":"Eduardo Fagundes","date":"17\/11\/2012","format":false,"excerpt":"A figura mostra como tr\u00eas canais telef\u00f4nicos de n\u00edvel de voz s\u00e3o multiplexados com o uso da FDM. Os filtros limitam a largura de banda utiliz\u00e1vel a cerca de 3.100 Hz por canal de qualidade de voz. Quando muitos canais s\u00e3o multiplexados ao mesmo tempo, s\u00e3o alocados 4.000 Hz para\u2026","rel":"","context":"Post similar","block_context":{"text":"Post similar","link":""},"img":{"alt_text":"Slide2","src":"https:\/\/i0.wp.com\/efagundes.com\/networking\/wp-content\/uploads\/sites\/5\/2015\/03\/Slide217.jpg?resize=350%2C200","width":350,"height":200,"srcset":"https:\/\/i0.wp.com\/efagundes.com\/networking\/wp-content\/uploads\/sites\/5\/2015\/03\/Slide217.jpg?resize=350%2C200 1x, https:\/\/i0.wp.com\/efagundes.com\/networking\/wp-content\/uploads\/sites\/5\/2015\/03\/Slide217.jpg?resize=525%2C300 1.5x, https:\/\/i0.wp.com\/efagundes.com\/networking\/wp-content\/uploads\/sites\/5\/2015\/03\/Slide217.jpg?resize=700%2C400 2x"},"classes":[]}],"jetpack_sharing_enabled":true,"_links":{"self":[{"href":"https:\/\/efagundes.com\/networking\/wp-json\/wp\/v2\/pages\/255","targetHints":{"allow":["GET"]}}],"collection":[{"href":"https:\/\/efagundes.com\/networking\/wp-json\/wp\/v2\/pages"}],"about":[{"href":"https:\/\/efagundes.com\/networking\/wp-json\/wp\/v2\/types\/page"}],"author":[{"embeddable":true,"href":"https:\/\/efagundes.com\/networking\/wp-json\/wp\/v2\/users\/1"}],"replies":[{"embeddable":true,"href":"https:\/\/efagundes.com\/networking\/wp-json\/wp\/v2\/comments?post=255"}],"version-history":[{"count":0,"href":"https:\/\/efagundes.com\/networking\/wp-json\/wp\/v2\/pages\/255\/revisions"}],"up":[{"embeddable":true,"href":"https:\/\/efagundes.com\/networking\/wp-json\/wp\/v2\/pages\/533"}],"wp:attachment":[{"href":"https:\/\/efagundes.com\/networking\/wp-json\/wp\/v2\/media?parent=255"}],"curies":[{"name":"wp","href":"https:\/\/api.w.org\/{rel}","templated":true}]}}