{"id":426,"date":"2012-11-17T10:35:47","date_gmt":"2012-11-17T12:35:47","guid":{"rendered":"http:\/\/efagundes.com\/openclass_networking\/?page_id=426"},"modified":"2022-01-16T17:51:06","modified_gmt":"2022-01-16T20:51:06","slug":"tipos-de-modulacao-v","status":"publish","type":"page","link":"https:\/\/efagundes.com\/networking\/sistema-telefonico\/tipos-de-modulacao-v\/","title":{"rendered":"Tipos de modula\u00e7\u00e3o (V)"},"content":{"rendered":"<p>&nbsp;<\/p>\n<p><a href=\"https:\/\/i0.wp.com\/efagundes.com\/networking\/wp-content\/uploads\/sites\/5\/2015\/03\/Slide163.jpg\"><img data-recalc-dims=\"1\" loading=\"lazy\" decoding=\"async\" data-attachment-id=\"2466\" data-permalink=\"https:\/\/efagundes.com\/networking\/sistema-telefonico\/tipos-de-modulacao-v\/slide16-4\/\" data-orig-file=\"https:\/\/i0.wp.com\/efagundes.com\/networking\/wp-content\/uploads\/sites\/5\/2015\/03\/Slide163.jpg?fit=960%2C720&amp;ssl=1\" data-orig-size=\"960,720\" data-comments-opened=\"1\" data-image-meta=\"{&quot;aperture&quot;:&quot;0&quot;,&quot;credit&quot;:&quot;&quot;,&quot;camera&quot;:&quot;&quot;,&quot;caption&quot;:&quot;&quot;,&quot;created_timestamp&quot;:&quot;0&quot;,&quot;copyright&quot;:&quot;&quot;,&quot;focal_length&quot;:&quot;0&quot;,&quot;iso&quot;:&quot;0&quot;,&quot;shutter_speed&quot;:&quot;0&quot;,&quot;title&quot;:&quot;&quot;,&quot;orientation&quot;:&quot;0&quot;}\" data-image-title=\"Slide16\" data-image-description=\"\" data-image-caption=\"\" data-large-file=\"https:\/\/i0.wp.com\/efagundes.com\/networking\/wp-content\/uploads\/sites\/5\/2015\/03\/Slide163.jpg?fit=960%2C720&amp;ssl=1\" class=\"alignnone size-full wp-image-2466\" src=\"https:\/\/i0.wp.com\/efagundes.com\/networking\/wp-content\/uploads\/sites\/5\/2015\/03\/Slide163.jpg?resize=960%2C720\" alt=\"Slide16\" width=\"960\" height=\"720\" srcset=\"https:\/\/i0.wp.com\/efagundes.com\/networking\/wp-content\/uploads\/sites\/5\/2015\/03\/Slide163.jpg?w=960&amp;ssl=1 960w, https:\/\/i0.wp.com\/efagundes.com\/networking\/wp-content\/uploads\/sites\/5\/2015\/03\/Slide163.jpg?resize=300%2C225&amp;ssl=1 300w\" sizes=\"auto, (max-width: 960px) 100vw, 960px\" \/><\/a>Com muitos pontos no padr\u00e3o de constela\u00e7\u00e3o, at\u00e9 mesmo uma pequena quantidade de ru\u00eddo na amplitude ou fase detectada pode resultar em um erro e, potencialmente, em muitos bits incorretos. Para reduzir a chance de ocorr\u00eancia de erros s\u00e3o adicionados bits extras a cada amostra. Os esquemas s\u00e3o conhecidos como TCM\u00a0 &#8211;\u00a0 (Trellis Coded Modulation\u00a0 &#8211;\u00a0 modula\u00e7\u00e3o codificada por treli\u00e7as). Desse modo, o padr\u00e3o de modem V.32 utiliza 32 pontos de constela\u00e7\u00e3o para transmitir 4 bits de dados e 1 bit de paridade por s\u00edmbolo a 2.400 bauds, a fim de alcan\u00e7ar 9.600 bps com corre\u00e7\u00e3o de erros. A decis\u00e3o de girar em torno da origem em torno de 45 graus foi tomada por quest\u00f5es de engenharia.<\/p>\n<p>A figura (b) mostra uma constela\u00e7\u00e3o de 128 pontos quando \u00e9 usada a QAM-128.<\/p>\n<p>&nbsp;<\/p>\n","protected":false},"excerpt":{"rendered":"<p>&nbsp; Com muitos pontos no padr\u00e3o de constela\u00e7\u00e3o, at\u00e9 mesmo uma pequena quantidade de ru\u00eddo na amplitude ou fase detectada pode resultar em um erro e, potencialmente, em muitos bits incorretos. Para reduzir a chance de ocorr\u00eancia de erros s\u00e3o adicionados bits extras a cada amostra. Os esquemas s\u00e3o conhecidos como TCM\u00a0 &#8211;\u00a0 (Trellis Coded [&hellip;]<\/p>\n","protected":false},"author":1,"featured_media":0,"parent":394,"menu_order":18,"comment_status":"closed","ping_status":"closed","template":"","meta":{"footnotes":""},"class_list":["post-426","page","type-page","status-publish","hentry"],"jetpack_shortlink":"https:\/\/wp.me\/P8yKGp-6S","jetpack-related-posts":[{"id":424,"url":"https:\/\/efagundes.com\/networking\/sistema-telefonico\/tipos-de-modulacao-iv\/","url_meta":{"origin":426,"position":0},"title":"Tipos de modula\u00e7\u00e3o (IV)","author":"Eduardo Fagundes","date":"17\/11\/2012","format":false,"excerpt":"\u00a0 Todos os modems avan\u00e7ados utilizam uma combina\u00e7\u00e3o de t\u00e9cnicas de modula\u00e7\u00e3o para transmitir v\u00e1rios bits por baud. Com freq\u00fc\u00eancia, v\u00e1rias amplitudes e v\u00e1rios deslocamento de fase s\u00e3o combinados para transmitir diversos bits\/s\u00edmbolos. A figura (a) mostra os pontos 45, 135, 225 e 315 graus com amplitude constante (dist\u00e2ncia a\u2026","rel":"","context":"Post similar","block_context":{"text":"Post similar","link":""},"img":{"alt_text":"Slide15","src":"https:\/\/i0.wp.com\/efagundes.com\/networking\/wp-content\/uploads\/sites\/5\/2015\/03\/Slide153.jpg?resize=350%2C200","width":350,"height":200,"srcset":"https:\/\/i0.wp.com\/efagundes.com\/networking\/wp-content\/uploads\/sites\/5\/2015\/03\/Slide153.jpg?resize=350%2C200 1x, https:\/\/i0.wp.com\/efagundes.com\/networking\/wp-content\/uploads\/sites\/5\/2015\/03\/Slide153.jpg?resize=525%2C300 1.5x, https:\/\/i0.wp.com\/efagundes.com\/networking\/wp-content\/uploads\/sites\/5\/2015\/03\/Slide153.jpg?resize=700%2C400 2x"},"classes":[]},{"id":422,"url":"https:\/\/efagundes.com\/networking\/sistema-telefonico\/tipos-de-modulacao-iii\/","url_meta":{"origin":426,"position":1},"title":"Tipos de modula\u00e7\u00e3o (III)","author":"Eduardo Fagundes","date":"17\/11\/2012","format":false,"excerpt":"Os conceitos de largura de banda, baud, s\u00edmbolo e taxa de bits costuma ser confundidos: Largura de banda de um meio \u00e9 a faixa de freq\u00fc\u00eancias que passam por ele com atenua\u00e7\u00e3o m\u00ednima. \u00c9 uma propriedade f\u00edsica do meio (normalmente, variando de 0 at\u00e9 alguma freq\u00fc\u00eancia m\u00e1xima definida pelo meio)\u2026","rel":"","context":"Post similar","block_context":{"text":"Post similar","link":""},"img":{"alt_text":"Slide14","src":"https:\/\/i0.wp.com\/efagundes.com\/networking\/wp-content\/uploads\/sites\/5\/2015\/03\/Slide144.jpg?resize=350%2C200","width":350,"height":200,"srcset":"https:\/\/i0.wp.com\/efagundes.com\/networking\/wp-content\/uploads\/sites\/5\/2015\/03\/Slide144.jpg?resize=350%2C200 1x, https:\/\/i0.wp.com\/efagundes.com\/networking\/wp-content\/uploads\/sites\/5\/2015\/03\/Slide144.jpg?resize=525%2C300 1.5x, https:\/\/i0.wp.com\/efagundes.com\/networking\/wp-content\/uploads\/sites\/5\/2015\/03\/Slide144.jpg?resize=700%2C400 2x"},"classes":[]},{"id":486,"url":"https:\/\/efagundes.com\/networking\/multiplexacao-2\/multiplexacao-por-divisao-de-tempo-2\/","url_meta":{"origin":426,"position":2},"title":"Multiplexa\u00e7\u00e3o por divis\u00e3o de tempo (II)","author":"Eduardo Fagundes","date":"17\/11\/2012","format":false,"excerpt":"Uma vez digitalizado, o sinal de voz tenta usar t\u00e9cnicas estat\u00edsticas para reduzir o n\u00famero de bits necess\u00e1rios por canal. Essas t\u00e9cnicas s\u00e3o apropriadas n\u00e3o apenas para codifica\u00e7\u00e3o de voz, mas tamb\u00e9m para a digitaliza\u00e7\u00e3o de qualquer sinal anal\u00f3gico. Um m\u00e9todo chamado modula\u00e7\u00e3o de c\u00f3digo de pulso diferencial (differential pulse\u2026","rel":"","context":"Post similar","block_context":{"text":"Post similar","link":""},"img":{"alt_text":"Slide5","src":"https:\/\/i0.wp.com\/efagundes.com\/networking\/wp-content\/uploads\/sites\/5\/2015\/03\/Slide55.jpg?resize=350%2C200","width":350,"height":200,"srcset":"https:\/\/i0.wp.com\/efagundes.com\/networking\/wp-content\/uploads\/sites\/5\/2015\/03\/Slide55.jpg?resize=350%2C200 1x, https:\/\/i0.wp.com\/efagundes.com\/networking\/wp-content\/uploads\/sites\/5\/2015\/03\/Slide55.jpg?resize=525%2C300 1.5x, https:\/\/i0.wp.com\/efagundes.com\/networking\/wp-content\/uploads\/sites\/5\/2015\/03\/Slide55.jpg?resize=700%2C400 2x"},"classes":[]},{"id":414,"url":"https:\/\/efagundes.com\/networking\/sistema-telefonico\/modulacao-digital\/","url_meta":{"origin":426,"position":3},"title":"Modula\u00e7\u00e3o digital","author":"Eduardo Fagundes","date":"17\/11\/2012","format":false,"excerpt":"O sinal (bit) pode ser enviado basicamente de duas formas: digital e anal\u00f3gica. Para cada caso existem t\u00e9cnicas particulares a serem empregadas. A modula\u00e7\u00e3o constitui-se na t\u00e9cnica empregada para modificar um sinal com a finalidade de transportar uma informa\u00e7\u00e3o atrav\u00e9s do canal de comunica\u00e7\u00e3o e recuperar o sinal, na sua\u2026","rel":"","context":"Post similar","block_context":{"text":"Post similar","link":""},"img":{"alt_text":"Slide11","src":"https:\/\/i0.wp.com\/efagundes.com\/networking\/wp-content\/uploads\/sites\/5\/2015\/03\/Slide117.jpg?resize=350%2C200","width":350,"height":200,"srcset":"https:\/\/i0.wp.com\/efagundes.com\/networking\/wp-content\/uploads\/sites\/5\/2015\/03\/Slide117.jpg?resize=350%2C200 1x, https:\/\/i0.wp.com\/efagundes.com\/networking\/wp-content\/uploads\/sites\/5\/2015\/03\/Slide117.jpg?resize=525%2C300 1.5x, https:\/\/i0.wp.com\/efagundes.com\/networking\/wp-content\/uploads\/sites\/5\/2015\/03\/Slide117.jpg?resize=700%2C400 2x"},"classes":[]},{"id":420,"url":"https:\/\/efagundes.com\/networking\/sistema-telefonico\/tipos-de-modulacao-ii\/","url_meta":{"origin":426,"position":4},"title":"Tipos de modula\u00e7\u00e3o (II)","author":"Eduardo Fagundes","date":"17\/11\/2012","format":false,"excerpt":"Um baud \u00e9 um sinal ou onda el\u00e9trica anal\u00f3gica. Um ciclo de uma onda anal\u00f3gica \u00e9 igual a um baud. Um ciclo completo inicia na voltagem zero, vai at\u00e9 a mais alta voltagem e desce at\u00e9 a voltagem negativa mais baixa e volta para a voltagem zero. Uma linha de\u2026","rel":"","context":"Post similar","block_context":{"text":"Post similar","link":""},"img":{"alt_text":"Slide13","src":"https:\/\/i0.wp.com\/efagundes.com\/networking\/wp-content\/uploads\/sites\/5\/2015\/03\/Slide134.jpg?resize=350%2C200","width":350,"height":200,"srcset":"https:\/\/i0.wp.com\/efagundes.com\/networking\/wp-content\/uploads\/sites\/5\/2015\/03\/Slide134.jpg?resize=350%2C200 1x, https:\/\/i0.wp.com\/efagundes.com\/networking\/wp-content\/uploads\/sites\/5\/2015\/03\/Slide134.jpg?resize=525%2C300 1.5x, https:\/\/i0.wp.com\/efagundes.com\/networking\/wp-content\/uploads\/sites\/5\/2015\/03\/Slide134.jpg?resize=700%2C400 2x"},"classes":[]},{"id":484,"url":"https:\/\/efagundes.com\/networking\/multiplexacao-2\/multiplexacao-por-divisao-de-tempo\/","url_meta":{"origin":426,"position":5},"title":"Multiplexa\u00e7\u00e3o por divis\u00e3o de tempo (I)","author":"Eduardo Fagundes","date":"17\/11\/2012","format":false,"excerpt":"A multiplexa\u00e7\u00e3o por divis\u00e3o de tempo (TDM) pode ser inteiramente manipulada por circuitos eletr\u00f4nicos digitais; portanto, ela se tornou muito mais difundida nos \u00faltimos anos. Ela s\u00f3 pode ser utilizada para dados digitais. Como os loops locais s\u00e3o anal\u00f3gicos, uma convers\u00e3o de anal\u00f3gico para digital \u00e9 necess\u00e1ria na esta\u00e7\u00e3o final,\u2026","rel":"","context":"Post similar","block_context":{"text":"Post similar","link":""},"img":{"alt_text":"Slide4","src":"https:\/\/i0.wp.com\/efagundes.com\/networking\/wp-content\/uploads\/sites\/5\/2015\/03\/Slide45.jpg?resize=350%2C200","width":350,"height":200,"srcset":"https:\/\/i0.wp.com\/efagundes.com\/networking\/wp-content\/uploads\/sites\/5\/2015\/03\/Slide45.jpg?resize=350%2C200 1x, https:\/\/i0.wp.com\/efagundes.com\/networking\/wp-content\/uploads\/sites\/5\/2015\/03\/Slide45.jpg?resize=525%2C300 1.5x, https:\/\/i0.wp.com\/efagundes.com\/networking\/wp-content\/uploads\/sites\/5\/2015\/03\/Slide45.jpg?resize=700%2C400 2x"},"classes":[]}],"jetpack_sharing_enabled":true,"_links":{"self":[{"href":"https:\/\/efagundes.com\/networking\/wp-json\/wp\/v2\/pages\/426","targetHints":{"allow":["GET"]}}],"collection":[{"href":"https:\/\/efagundes.com\/networking\/wp-json\/wp\/v2\/pages"}],"about":[{"href":"https:\/\/efagundes.com\/networking\/wp-json\/wp\/v2\/types\/page"}],"author":[{"embeddable":true,"href":"https:\/\/efagundes.com\/networking\/wp-json\/wp\/v2\/users\/1"}],"replies":[{"embeddable":true,"href":"https:\/\/efagundes.com\/networking\/wp-json\/wp\/v2\/comments?post=426"}],"version-history":[{"count":0,"href":"https:\/\/efagundes.com\/networking\/wp-json\/wp\/v2\/pages\/426\/revisions"}],"up":[{"embeddable":true,"href":"https:\/\/efagundes.com\/networking\/wp-json\/wp\/v2\/pages\/394"}],"wp:attachment":[{"href":"https:\/\/efagundes.com\/networking\/wp-json\/wp\/v2\/media?parent=426"}],"curies":[{"name":"wp","href":"https:\/\/api.w.org\/{rel}","templated":true}]}}