{"id":428,"date":"2012-11-17T10:36:59","date_gmt":"2012-11-17T12:36:59","guid":{"rendered":"http:\/\/efagundes.com\/openclass_networking\/?page_id=428"},"modified":"2022-01-16T17:51:06","modified_gmt":"2022-01-16T20:51:06","slug":"modem-i","status":"publish","type":"page","link":"https:\/\/efagundes.com\/networking\/sistema-telefonico\/modem-i\/","title":{"rendered":"Modem (I)"},"content":{"rendered":"<p>&nbsp;<\/p>\n<p><a href=\"https:\/\/i0.wp.com\/efagundes.com\/networking\/wp-content\/uploads\/sites\/5\/2015\/03\/Slide173.jpg\"><img data-recalc-dims=\"1\" loading=\"lazy\" decoding=\"async\" data-attachment-id=\"2467\" data-permalink=\"https:\/\/efagundes.com\/networking\/sistema-telefonico\/modem-i\/slide17-4\/\" data-orig-file=\"https:\/\/i0.wp.com\/efagundes.com\/networking\/wp-content\/uploads\/sites\/5\/2015\/03\/Slide173.jpg?fit=960%2C720&amp;ssl=1\" data-orig-size=\"960,720\" data-comments-opened=\"1\" data-image-meta=\"{&quot;aperture&quot;:&quot;0&quot;,&quot;credit&quot;:&quot;&quot;,&quot;camera&quot;:&quot;&quot;,&quot;caption&quot;:&quot;&quot;,&quot;created_timestamp&quot;:&quot;0&quot;,&quot;copyright&quot;:&quot;&quot;,&quot;focal_length&quot;:&quot;0&quot;,&quot;iso&quot;:&quot;0&quot;,&quot;shutter_speed&quot;:&quot;0&quot;,&quot;title&quot;:&quot;&quot;,&quot;orientation&quot;:&quot;0&quot;}\" data-image-title=\"Slide17\" data-image-description=\"\" data-image-caption=\"\" data-large-file=\"https:\/\/i0.wp.com\/efagundes.com\/networking\/wp-content\/uploads\/sites\/5\/2015\/03\/Slide173.jpg?fit=960%2C720&amp;ssl=1\" class=\"alignnone size-full wp-image-2467\" src=\"https:\/\/i0.wp.com\/efagundes.com\/networking\/wp-content\/uploads\/sites\/5\/2015\/03\/Slide173.jpg?resize=960%2C720\" alt=\"Slide17\" width=\"960\" height=\"720\" srcset=\"https:\/\/i0.wp.com\/efagundes.com\/networking\/wp-content\/uploads\/sites\/5\/2015\/03\/Slide173.jpg?w=960&amp;ssl=1 960w, https:\/\/i0.wp.com\/efagundes.com\/networking\/wp-content\/uploads\/sites\/5\/2015\/03\/Slide173.jpg?resize=300%2C225&amp;ssl=1 300w\" sizes=\"auto, (max-width: 960px) 100vw, 960px\" \/><\/a>Quando voc\u00ea configura seu modem para entrar em contato com o provedor de Internet, ocorre todo um processo de estabelecimento de comunica\u00e7\u00e3o entre seu computador e os servidores do provedor. Seu modem, ap\u00f3s a discagem, emite uma s\u00e9rie de barulhos para que a comunica\u00e7\u00e3o seja feita. Quando voc\u00ea usa algum software (como o Dial-Up no Windows e o KPPP no Linux) para tentar se conectar \u00e0 Internet, esse programa envia um sinal chamado DTR (Data Terminal Ready) para o modem instalado em seu computador. O modem &#8220;responde&#8221; enviando uma sinal chamado DSR (Data Set Ready), que avisa o computador &#8220;que est\u00e1 tudo ok&#8221; para que uma conex\u00e3o seja tentada.<\/p>\n<p>O pr\u00f3ximo passo \u00e9 dado pelo software que gerencia a conex\u00e3o, que envia ao modem uma instru\u00e7\u00e3o chamada TDL (Trasmit Data Line), que faz o modem abrir uma conex\u00e3o com a linha telef\u00f4nica. \u00c9 um procedimento parecido com quando tiramos o fone do gancho para fazer uma liga\u00e7\u00e3o. O software, ap\u00f3s realizar esta a\u00e7\u00e3o, envia ao modem informa\u00e7\u00f5es que indicam o n\u00famero telef\u00f4nico a ser discado e dados extras referentes \u00e0 conex\u00e3o com a Internet.<\/p>\n<p>Quando o modem est\u00e1 estabelecendo uma conex\u00e3o, um outro equipamento &#8220;responde&#8221;: trata-se de um modem especial, ligado aos servidores do provedor de Internet. \u00c9 neste instante que ocorre aquela s\u00e9rie de ru\u00eddos, chamada de handshaking (algo como &#8220;aperto de m\u00e3os&#8221;). Quando a conex\u00e3o finalmente \u00e9 estabelecida, o modem envia ao software gerenciador um sinal chamado Carrier Detect, que permite ao computador enviar dados ao modem para que este os transmita.<\/p>\n<p>Durante o handshaking, uma s\u00e9rie de &#8220;acordos&#8221; s\u00e3o estabelecidos: os dois modems (o do seu computador e o do provedor) determinam qual ser\u00e1 a velocidade de transmiss\u00e3o de dados, qual a quantidade de bits por pacote, quantos bits ser\u00e3o usados para representar o in\u00edcio e fim de cada pacote, se um sistema de detec\u00e7\u00e3o de erros ser\u00e1 usado, entre outras par\u00e2metros necess\u00e1rios. Caso essas quest\u00f5es n\u00e3o sejam tratadas, a conex\u00e3o pode ficar seriamente comprometida, j\u00e1 que um modem pode enviar dados mais rapidamente que o outro, a defini\u00e7\u00e3o acerca dos pacotes de dados podem ter diferen\u00e7as (e estas necessitam serem iguais), al\u00e9m de outros problemas.<\/p>\n<p>&nbsp;<\/p>\n","protected":false},"excerpt":{"rendered":"<p>&nbsp; Quando voc\u00ea configura seu modem para entrar em contato com o provedor de Internet, ocorre todo um processo de estabelecimento de comunica\u00e7\u00e3o entre seu computador e os servidores do provedor. Seu modem, ap\u00f3s a discagem, emite uma s\u00e9rie de barulhos para que a comunica\u00e7\u00e3o seja feita. Quando voc\u00ea usa algum software (como o Dial-Up [&hellip;]<\/p>\n","protected":false},"author":1,"featured_media":0,"parent":394,"menu_order":19,"comment_status":"closed","ping_status":"closed","template":"","meta":{"footnotes":""},"class_list":["post-428","page","type-page","status-publish","hentry"],"jetpack_shortlink":"https:\/\/wp.me\/P8yKGp-6U","jetpack-related-posts":[{"id":608,"url":"https:\/\/efagundes.com\/networking\/exemplos-de-protocolos\/a-camada-de-enlace-de-dados-na-internet\/","url_meta":{"origin":428,"position":0},"title":"A camada de enlace de dados na Internet","author":"Eduardo Fagundes","date":"17\/11\/2012","format":false,"excerpt":"A Internet consiste em m\u00e1quinas individuais (hosts e roteadores) e na infra-estrutura de comunica\u00e7\u00e3o que as conecta. Dentro de um \u00fanico pr\u00e9dio, as LANs s\u00e3o bastante utilizadas para interconex\u00f5es, mas grande parte da infra-estrutura geograficamente distribu\u00edda \u00e9 constru\u00edda a partir de linhas privadas ponto-a-ponto. Geralmente, o PC dom\u00e9stico do usu\u00e1rio\u2026","rel":"","context":"Post similar","block_context":{"text":"Post similar","link":""},"img":{"alt_text":"","src":"https:\/\/i0.wp.com\/efagundes.com\/networking\/wp-content\/uploads\/sites\/5\/2015\/03\/Slide204.jpg?resize=350%2C200","width":350,"height":200,"srcset":"https:\/\/i0.wp.com\/efagundes.com\/networking\/wp-content\/uploads\/sites\/5\/2015\/03\/Slide204.jpg?resize=350%2C200 1x, https:\/\/i0.wp.com\/efagundes.com\/networking\/wp-content\/uploads\/sites\/5\/2015\/03\/Slide204.jpg?resize=525%2C300 1.5x, https:\/\/i0.wp.com\/efagundes.com\/networking\/wp-content\/uploads\/sites\/5\/2015\/03\/Slide204.jpg?resize=700%2C400 2x"},"classes":[]},{"id":432,"url":"https:\/\/efagundes.com\/networking\/sistema-telefonico\/instalando-um-modem\/","url_meta":{"origin":428,"position":1},"title":"Instalando um modem","author":"Eduardo Fagundes","date":"17\/11\/2012","format":false,"excerpt":"\u00a0 N\u00e3o existem muitas diretrizes para se comprar um modem, pois s\u00e3o padronizados e fazem o mesmo trabalho. Atualmente, o melhor modem do mercado \u00e9 o V.92 que permite conex\u00f5es\u00a0assim\u00e9tricas\u00a0de 56kbps para download e 48kbps para upload. Existe a possibilidade de se escolher modems internos e externos. Em alguns computadores\u2026","rel":"","context":"Post similar","block_context":{"text":"Post similar","link":""},"img":{"alt_text":"Slide19","src":"https:\/\/i0.wp.com\/efagundes.com\/networking\/wp-content\/uploads\/sites\/5\/2015\/03\/Slide193.jpg?resize=350%2C200","width":350,"height":200,"srcset":"https:\/\/i0.wp.com\/efagundes.com\/networking\/wp-content\/uploads\/sites\/5\/2015\/03\/Slide193.jpg?resize=350%2C200 1x, https:\/\/i0.wp.com\/efagundes.com\/networking\/wp-content\/uploads\/sites\/5\/2015\/03\/Slide193.jpg?resize=525%2C300 1.5x, https:\/\/i0.wp.com\/efagundes.com\/networking\/wp-content\/uploads\/sites\/5\/2015\/03\/Slide193.jpg?resize=700%2C400 2x"},"classes":[]},{"id":420,"url":"https:\/\/efagundes.com\/networking\/sistema-telefonico\/tipos-de-modulacao-ii\/","url_meta":{"origin":428,"position":2},"title":"Tipos de modula\u00e7\u00e3o (II)","author":"Eduardo Fagundes","date":"17\/11\/2012","format":false,"excerpt":"Um baud \u00e9 um sinal ou onda el\u00e9trica anal\u00f3gica. Um ciclo de uma onda anal\u00f3gica \u00e9 igual a um baud. Um ciclo completo inicia na voltagem zero, vai at\u00e9 a mais alta voltagem e desce at\u00e9 a voltagem negativa mais baixa e volta para a voltagem zero. Uma linha de\u2026","rel":"","context":"Post similar","block_context":{"text":"Post similar","link":""},"img":{"alt_text":"Slide13","src":"https:\/\/i0.wp.com\/efagundes.com\/networking\/wp-content\/uploads\/sites\/5\/2015\/03\/Slide134.jpg?resize=350%2C200","width":350,"height":200,"srcset":"https:\/\/i0.wp.com\/efagundes.com\/networking\/wp-content\/uploads\/sites\/5\/2015\/03\/Slide134.jpg?resize=350%2C200 1x, https:\/\/i0.wp.com\/efagundes.com\/networking\/wp-content\/uploads\/sites\/5\/2015\/03\/Slide134.jpg?resize=525%2C300 1.5x, https:\/\/i0.wp.com\/efagundes.com\/networking\/wp-content\/uploads\/sites\/5\/2015\/03\/Slide134.jpg?resize=700%2C400 2x"},"classes":[]},{"id":73,"url":"https:\/\/efagundes.com\/networking\/hardware-de-rede\/internet-em-cabo-coaxial\/","url_meta":{"origin":428,"position":3},"title":"Internet em cabo coaxial","author":"Eduardo Fagundes","date":"16\/11\/2012","format":false,"excerpt":"O cabo coaxial consiste em um fio de cobre esticado na parte central envolvido por material isolante. O isolante \u00e9 envolvido por uma malha condutora cil\u00edndrica entrela\u00e7ada. O condutor externo \u00e9 coberto por uma camada pl\u00e1stica protetora. A constru\u00e7\u00e3o e a blindagem do cabo oferecem uma boa combina\u00e7\u00e3o de alta\u2026","rel":"","context":"Post similar","block_context":{"text":"Post similar","link":""},"img":{"alt_text":"Slide11","src":"https:\/\/i0.wp.com\/efagundes.com\/networking\/wp-content\/uploads\/sites\/5\/2015\/03\/Slide11.jpg?resize=350%2C200","width":350,"height":200,"srcset":"https:\/\/i0.wp.com\/efagundes.com\/networking\/wp-content\/uploads\/sites\/5\/2015\/03\/Slide11.jpg?resize=350%2C200 1x, https:\/\/i0.wp.com\/efagundes.com\/networking\/wp-content\/uploads\/sites\/5\/2015\/03\/Slide11.jpg?resize=525%2C300 1.5x, https:\/\/i0.wp.com\/efagundes.com\/networking\/wp-content\/uploads\/sites\/5\/2015\/03\/Slide11.jpg?resize=700%2C400 2x"},"classes":[]},{"id":168,"url":"https:\/\/efagundes.com\/networking\/redes-geograficamente-distribuidas\/arquitetura-da-internet\/","url_meta":{"origin":428,"position":4},"title":"Arquitetura da Internet","author":"Eduardo Fagundes","date":"16\/11\/2012","format":false,"excerpt":"A Internet \u00e9 uma rede de computadores mundial de acesso de p\u00fablico ilimitado que utiliza uma infra-estrutura de telecomunica\u00e7\u00f5es homog\u00eanea. Atualmente qualquer pessoa f\u00edsica ou jur\u00eddica pode participar da Internet, incluindo empresas privadas, governos, escolas e organiza\u00e7\u00f5es n\u00e3o-governamentais. Os requisitos s\u00e3o possuir um computador, um software compat\u00edvel com a Internet\u2026","rel":"","context":"Post similar","block_context":{"text":"Post similar","link":""},"img":{"alt_text":"Slide11","src":"https:\/\/i0.wp.com\/efagundes.com\/networking\/wp-content\/uploads\/sites\/5\/2015\/03\/Slide111.jpg?resize=350%2C200","width":350,"height":200,"srcset":"https:\/\/i0.wp.com\/efagundes.com\/networking\/wp-content\/uploads\/sites\/5\/2015\/03\/Slide111.jpg?resize=350%2C200 1x, https:\/\/i0.wp.com\/efagundes.com\/networking\/wp-content\/uploads\/sites\/5\/2015\/03\/Slide111.jpg?resize=525%2C300 1.5x, https:\/\/i0.wp.com\/efagundes.com\/networking\/wp-content\/uploads\/sites\/5\/2015\/03\/Slide111.jpg?resize=700%2C400 2x"},"classes":[]},{"id":615,"url":"https:\/\/efagundes.com\/networking\/exemplos-de-protocolos\/ppp-point-to-point-protocol-2\/","url_meta":{"origin":428,"position":5},"title":"PPP &#8211; Point-to-Point Protocol (III)","author":"Eduardo Fagundes","date":"17\/11\/2012","format":false,"excerpt":"O diagrama acima mostra as fases pelas quais uma linha passa ao ser ativada, utilizada e desativada novamente. Essa seq\u00fc\u00eancia se aplica tanto \u00e0s conex\u00f5es de modem quanto \u00e0s conex\u00f5es entre roteadores. O protocolo come\u00e7a com a linha no estado DEAD, o que significa que n\u00e3o h\u00e1 nenhuma portadora da\u2026","rel":"","context":"Post similar","block_context":{"text":"Post similar","link":""},"img":{"alt_text":"","src":"https:\/\/i0.wp.com\/efagundes.com\/networking\/wp-content\/uploads\/sites\/5\/2015\/03\/Slide234.jpg?resize=350%2C200","width":350,"height":200,"srcset":"https:\/\/i0.wp.com\/efagundes.com\/networking\/wp-content\/uploads\/sites\/5\/2015\/03\/Slide234.jpg?resize=350%2C200 1x, https:\/\/i0.wp.com\/efagundes.com\/networking\/wp-content\/uploads\/sites\/5\/2015\/03\/Slide234.jpg?resize=525%2C300 1.5x, https:\/\/i0.wp.com\/efagundes.com\/networking\/wp-content\/uploads\/sites\/5\/2015\/03\/Slide234.jpg?resize=700%2C400 2x"},"classes":[]}],"jetpack_sharing_enabled":true,"_links":{"self":[{"href":"https:\/\/efagundes.com\/networking\/wp-json\/wp\/v2\/pages\/428","targetHints":{"allow":["GET"]}}],"collection":[{"href":"https:\/\/efagundes.com\/networking\/wp-json\/wp\/v2\/pages"}],"about":[{"href":"https:\/\/efagundes.com\/networking\/wp-json\/wp\/v2\/types\/page"}],"author":[{"embeddable":true,"href":"https:\/\/efagundes.com\/networking\/wp-json\/wp\/v2\/users\/1"}],"replies":[{"embeddable":true,"href":"https:\/\/efagundes.com\/networking\/wp-json\/wp\/v2\/comments?post=428"}],"version-history":[{"count":0,"href":"https:\/\/efagundes.com\/networking\/wp-json\/wp\/v2\/pages\/428\/revisions"}],"up":[{"embeddable":true,"href":"https:\/\/efagundes.com\/networking\/wp-json\/wp\/v2\/pages\/394"}],"wp:attachment":[{"href":"https:\/\/efagundes.com\/networking\/wp-json\/wp\/v2\/media?parent=428"}],"curies":[{"name":"wp","href":"https:\/\/api.w.org\/{rel}","templated":true}]}}