{"id":454,"date":"2012-11-17T10:58:56","date_gmt":"2012-11-17T12:58:56","guid":{"rendered":"http:\/\/efagundes.com\/openclass_networking\/?page_id=454"},"modified":"2022-01-16T17:51:23","modified_gmt":"2022-01-16T20:51:23","slug":"edge","status":"publish","type":"page","link":"https:\/\/efagundes.com\/networking\/sistema-de-telefonia-movel\/edge\/","title":{"rendered":"EDGE"},"content":{"rendered":"<p><img data-recalc-dims=\"1\" loading=\"lazy\" decoding=\"async\" class=\"alignnone\" src=\"https:\/\/i0.wp.com\/efagundes.com\/networking\/wp-content\/uploads\/sites\/5\/2015\/03\/Slide302.jpg?resize=960%2C720\" alt=\"\" width=\"960\" height=\"720\" \/><\/p>\n<p>O EDGE est\u00e1 relacionado ao aumento da capacidade de transmiss\u00e3o da interface a\u00e9rea no corrente padr\u00e3o GSM. A principal ideia \u00e9 adicionar novas caracter\u00edsticas na rede GSM mantendo compatibilidade com os telefones celulares GSM \/GPRS e com os equipamentos da rede (BSS, BSC, TRAU, MSC, SGSN e GGSN).<\/p>\n<p>Todos os blocos da rede GSM\/ GPRS continuam operando, sendo necess\u00e1rio atualizar os softwares das BTS para possibilitar o funcionamento das modula\u00e7\u00f5es GMSK e 8PSK, al\u00e9m da troca da placa PCU por uma placa EPCU na BSC que tamb\u00e9m sofre atualiza\u00e7\u00e3o de software.<\/p>\n<p>O EDGE inclui tanto comuta\u00e7\u00e3o por circuitos (ECSD &#8211; &#8220;Enhanced Circuit Switched Data&#8221;) como comuta\u00e7\u00e3o por pacotes (EGPRS &#8211; &#8220;Enhanced General Packet Radio Service&#8221;).<\/p>\n<p>EDGE = EGPRS + ECSD.<\/p>\n<p>Na realidade a comuta\u00e7\u00e3o por circuito passou a ser visualizada como um recurso desnecess\u00e1rio em uma rede que apresenta comuta\u00e7\u00e3o por pacotes, pois al\u00e9m de utilizar os recursos da rede destinados para voz, a comuta\u00e7\u00e3o por circuitos, apresenta tarifa\u00e7\u00e3o por tempo, reduzindo sua aplica\u00e7\u00e3o para pequenos servi\u00e7os que n\u00e3o necessitam um grande tempo de conex\u00e3o. Logo, podemos perceber um esquecimento for\u00e7ado pelo mercado da parte ECSD, sendo somente representado o aumento da capacidade do GPRS, ou seja, EGPRS.<\/p>\n<p>A primeira altera\u00e7\u00e3o que deve ser destacada \u00e9 a modula\u00e7\u00e3o do sistema, pois como vimos nos itens anteriores o sistema GSM era baseado na modula\u00e7\u00e3o GMSK (1 bit \/ s\u00edmbolo) e no EDGE vamos observar a utiliza\u00e7\u00e3o do 8PSK (3 bit \/ s\u00edmbolo), possibilitando triplicar a taxa de transmiss\u00e3o de dados .<\/p>\n<p>Com o aumento da quantidade de bits por s\u00edmbolo, disponibilizada pela modula\u00e7\u00e3o 8PSK, foi poss\u00edvel colocar tr\u00eas vezes mais informa\u00e7\u00f5es no mesmo canal de r\u00e1dio frequ\u00eancia (200KHz) usado pelo sistema GSM \/ GPRS, ou seja, para cada tr\u00eas &#8220;timeslots&#8221; usados anteriormente passamos a compactar a informa\u00e7\u00e3o em apenas um &#8220;timeslot&#8221;.<\/p>\n<p>&nbsp;<\/p>\n","protected":false},"excerpt":{"rendered":"<p>O EDGE est\u00e1 relacionado ao aumento da capacidade de transmiss\u00e3o da interface a\u00e9rea no corrente padr\u00e3o GSM. A principal ideia \u00e9 adicionar novas caracter\u00edsticas na rede GSM mantendo compatibilidade com os telefones celulares GSM \/GPRS e com os equipamentos da rede (BSS, BSC, TRAU, MSC, SGSN e GGSN). Todos os blocos da rede GSM\/ GPRS [&hellip;]<\/p>\n","protected":false},"author":1,"featured_media":0,"parent":438,"menu_order":7,"comment_status":"closed","ping_status":"closed","template":"","meta":{"footnotes":""},"class_list":["post-454","page","type-page","status-publish","hentry"],"jetpack_shortlink":"https:\/\/wp.me\/P8yKGp-7k","jetpack-related-posts":[{"id":731,"url":"https:\/\/efagundes.com\/networking\/a-camada-de-rede\/comutacao-de-pacotes-store-and-forward\/","url_meta":{"origin":454,"position":0},"title":"Comuta\u00e7\u00e3o de pacotes store-and-forward","author":"Eduardo Fagundes","date":"18\/11\/2012","format":false,"excerpt":"Dentro do contexto em que operam os protocolos da camada rede, os principais componentes s\u00e3o o equipamento do provedor de telecomunica\u00e7\u00f5es (roteadores conectados por linhas de transmiss\u00e3o), apresentados na elipse sombreada da figura, e o equipamento dos clientes mostrados fora da elipse. O host H1 est\u00e1 diretamente conectado a um\u2026","rel":"","context":"Post similar","block_context":{"text":"Post similar","link":""},"img":{"alt_text":"","src":"https:\/\/i0.wp.com\/efagundes.com\/networking\/wp-content\/uploads\/sites\/5\/2015\/03\/Slide67.jpg?resize=350%2C200","width":350,"height":200,"srcset":"https:\/\/i0.wp.com\/efagundes.com\/networking\/wp-content\/uploads\/sites\/5\/2015\/03\/Slide67.jpg?resize=350%2C200 1x, https:\/\/i0.wp.com\/efagundes.com\/networking\/wp-content\/uploads\/sites\/5\/2015\/03\/Slide67.jpg?resize=525%2C300 1.5x, https:\/\/i0.wp.com\/efagundes.com\/networking\/wp-content\/uploads\/sites\/5\/2015\/03\/Slide67.jpg?resize=700%2C400 2x"},"classes":[]},{"id":511,"url":"https:\/\/efagundes.com\/networking\/comutacao\/comutacao-por-circuitos-versus-por-pacotes\/","url_meta":{"origin":454,"position":1},"title":"Comuta\u00e7\u00e3o por circuitos versus por pacotes","author":"Eduardo Fagundes","date":"17\/11\/2012","format":false,"excerpt":"","rel":"","context":"Post similar","block_context":{"text":"Post similar","link":""},"img":{"alt_text":"Slide16","src":"https:\/\/i0.wp.com\/efagundes.com\/networking\/wp-content\/uploads\/sites\/5\/2015\/03\/Slide164.jpg?resize=350%2C200","width":350,"height":200,"srcset":"https:\/\/i0.wp.com\/efagundes.com\/networking\/wp-content\/uploads\/sites\/5\/2015\/03\/Slide164.jpg?resize=350%2C200 1x, https:\/\/i0.wp.com\/efagundes.com\/networking\/wp-content\/uploads\/sites\/5\/2015\/03\/Slide164.jpg?resize=525%2C300 1.5x, https:\/\/i0.wp.com\/efagundes.com\/networking\/wp-content\/uploads\/sites\/5\/2015\/03\/Slide164.jpg?resize=700%2C400 2x"},"classes":[]},{"id":507,"url":"https:\/\/efagundes.com\/networking\/comutacao\/comutacao-de-circuitos\/","url_meta":{"origin":454,"position":2},"title":"Comuta\u00e7\u00e3o de circuitos","author":"Eduardo Fagundes","date":"17\/11\/2012","format":false,"excerpt":"\u00a0 Quando voc\u00ea ou seu computador efetua uma chamada telef\u00f4nica, o equipamento de comuta\u00e7\u00e3o do sistema telef\u00f4nico procura um caminha f\u00edsico desde o seu telefone at\u00e9 o telefone do receptor. Essa t\u00e9cnica, chamada comuta\u00e7\u00e3o de circuitos, \u00e9 apresentada na figura (a). Esse dispositivo foi inventado por um agente funer\u00e1rio do\u2026","rel":"","context":"Post similar","block_context":{"text":"Post similar","link":""},"img":{"alt_text":"Slide14","src":"https:\/\/i0.wp.com\/efagundes.com\/networking\/wp-content\/uploads\/sites\/5\/2015\/03\/Slide145.jpg?resize=350%2C200","width":350,"height":200,"srcset":"https:\/\/i0.wp.com\/efagundes.com\/networking\/wp-content\/uploads\/sites\/5\/2015\/03\/Slide145.jpg?resize=350%2C200 1x, https:\/\/i0.wp.com\/efagundes.com\/networking\/wp-content\/uploads\/sites\/5\/2015\/03\/Slide145.jpg?resize=525%2C300 1.5x, https:\/\/i0.wp.com\/efagundes.com\/networking\/wp-content\/uploads\/sites\/5\/2015\/03\/Slide145.jpg?resize=700%2C400 2x"},"classes":[]},{"id":509,"url":"https:\/\/efagundes.com\/networking\/comutacao\/comutacao-de-mensagens\/","url_meta":{"origin":454,"position":3},"title":"Comuta\u00e7\u00e3o de mensagens","author":"Eduardo Fagundes","date":"17\/11\/2012","format":false,"excerpt":"Uma estrat\u00e9gia alternativa de comuta\u00e7\u00e3o \u00e9 a comuta\u00e7\u00e3o de mensagens, mostrada na figura ( c) acima. Quando essa forma de comuta\u00e7\u00e3o \u00e9 usada, nenhum caminho f\u00edsico \u00e9 estabelecido com anteced\u00eancia entre o transmissor e o receptor. Em vez disso, quando o transmissor tem um bloco de dados a ser enviado,\u2026","rel":"","context":"Post similar","block_context":{"text":"Post similar","link":""},"img":{"alt_text":"Slide15","src":"https:\/\/i0.wp.com\/efagundes.com\/networking\/wp-content\/uploads\/sites\/5\/2015\/03\/Slide154.jpg?resize=350%2C200","width":350,"height":200,"srcset":"https:\/\/i0.wp.com\/efagundes.com\/networking\/wp-content\/uploads\/sites\/5\/2015\/03\/Slide154.jpg?resize=350%2C200 1x, https:\/\/i0.wp.com\/efagundes.com\/networking\/wp-content\/uploads\/sites\/5\/2015\/03\/Slide154.jpg?resize=525%2C300 1.5x, https:\/\/i0.wp.com\/efagundes.com\/networking\/wp-content\/uploads\/sites\/5\/2015\/03\/Slide154.jpg?resize=700%2C400 2x"},"classes":[]},{"id":168,"url":"https:\/\/efagundes.com\/networking\/redes-geograficamente-distribuidas\/arquitetura-da-internet\/","url_meta":{"origin":454,"position":4},"title":"Arquitetura da Internet","author":"Eduardo Fagundes","date":"16\/11\/2012","format":false,"excerpt":"A Internet \u00e9 uma rede de computadores mundial de acesso de p\u00fablico ilimitado que utiliza uma infra-estrutura de telecomunica\u00e7\u00f5es homog\u00eanea. Atualmente qualquer pessoa f\u00edsica ou jur\u00eddica pode participar da Internet, incluindo empresas privadas, governos, escolas e organiza\u00e7\u00f5es n\u00e3o-governamentais. Os requisitos s\u00e3o possuir um computador, um software compat\u00edvel com a Internet\u2026","rel":"","context":"Post similar","block_context":{"text":"Post similar","link":""},"img":{"alt_text":"Slide11","src":"https:\/\/i0.wp.com\/efagundes.com\/networking\/wp-content\/uploads\/sites\/5\/2015\/03\/Slide111.jpg?resize=350%2C200","width":350,"height":200,"srcset":"https:\/\/i0.wp.com\/efagundes.com\/networking\/wp-content\/uploads\/sites\/5\/2015\/03\/Slide111.jpg?resize=350%2C200 1x, https:\/\/i0.wp.com\/efagundes.com\/networking\/wp-content\/uploads\/sites\/5\/2015\/03\/Slide111.jpg?resize=525%2C300 1.5x, https:\/\/i0.wp.com\/efagundes.com\/networking\/wp-content\/uploads\/sites\/5\/2015\/03\/Slide111.jpg?resize=700%2C400 2x"},"classes":[]},{"id":675,"url":"https:\/\/efagundes.com\/networking\/comutacao-na-camada-de-enlace-de-dados\/repetidores-hubs-bridges-switches-e-gateways\/","url_meta":{"origin":454,"position":5},"title":"Repetidores, hubs, bridges, switches e gateways (I)","author":"Eduardo Fagundes","date":"17\/11\/2012","format":false,"excerpt":"Existem diferentes equipamentos que operam em diferentes camadas do modelo OSI, como mostra a figura acima a esquerda. A camada \u00e9 importante, porque diferentes dispositivos utilizam fragmentos de informa\u00e7\u00f5es diferentes para decidir como realizar a comuta\u00e7\u00e3o. Em um cen\u00e1rio t\u00edpico, o usu\u00e1rio gera alguns dados a serem enviados para um\u2026","rel":"","context":"Post similar","block_context":{"text":"Post similar","link":""},"img":{"alt_text":"","src":"https:\/\/i0.wp.com\/efagundes.com\/networking\/wp-content\/uploads\/sites\/5\/2015\/03\/Slide49.jpg?resize=350%2C200","width":350,"height":200,"srcset":"https:\/\/i0.wp.com\/efagundes.com\/networking\/wp-content\/uploads\/sites\/5\/2015\/03\/Slide49.jpg?resize=350%2C200 1x, https:\/\/i0.wp.com\/efagundes.com\/networking\/wp-content\/uploads\/sites\/5\/2015\/03\/Slide49.jpg?resize=525%2C300 1.5x, https:\/\/i0.wp.com\/efagundes.com\/networking\/wp-content\/uploads\/sites\/5\/2015\/03\/Slide49.jpg?resize=700%2C400 2x"},"classes":[]}],"jetpack_sharing_enabled":true,"_links":{"self":[{"href":"https:\/\/efagundes.com\/networking\/wp-json\/wp\/v2\/pages\/454","targetHints":{"allow":["GET"]}}],"collection":[{"href":"https:\/\/efagundes.com\/networking\/wp-json\/wp\/v2\/pages"}],"about":[{"href":"https:\/\/efagundes.com\/networking\/wp-json\/wp\/v2\/types\/page"}],"author":[{"embeddable":true,"href":"https:\/\/efagundes.com\/networking\/wp-json\/wp\/v2\/users\/1"}],"replies":[{"embeddable":true,"href":"https:\/\/efagundes.com\/networking\/wp-json\/wp\/v2\/comments?post=454"}],"version-history":[{"count":0,"href":"https:\/\/efagundes.com\/networking\/wp-json\/wp\/v2\/pages\/454\/revisions"}],"up":[{"embeddable":true,"href":"https:\/\/efagundes.com\/networking\/wp-json\/wp\/v2\/pages\/438"}],"wp:attachment":[{"href":"https:\/\/efagundes.com\/networking\/wp-json\/wp\/v2\/media?parent=454"}],"curies":[{"name":"wp","href":"https:\/\/api.w.org\/{rel}","templated":true}]}}