{"id":460,"date":"2012-11-17T11:14:57","date_gmt":"2012-11-17T13:14:57","guid":{"rendered":"http:\/\/efagundes.com\/openclass_networking\/?page_id=460"},"modified":"2022-01-16T17:51:23","modified_gmt":"2022-01-16T20:51:23","slug":"internet-de-3o-geracao","status":"publish","type":"page","link":"https:\/\/efagundes.com\/networking\/sistema-de-telefonia-movel\/internet-de-3o-geracao\/","title":{"rendered":"Internet de 3\u00ba gera\u00e7\u00e3o"},"content":{"rendered":"<p><img data-recalc-dims=\"1\" loading=\"lazy\" decoding=\"async\" class=\"alignnone\" src=\"https:\/\/i0.wp.com\/efagundes.com\/networking\/wp-content\/uploads\/sites\/5\/2015\/03\/Slide331.jpg?resize=960%2C720\" alt=\"\" width=\"960\" height=\"720\" \/><\/p>\n<p>A Internet M\u00f3vel vai ser um sucesso apenas se novas aplica\u00e7\u00f5es forem desenvolvidas para tirar proveito das caracter\u00edsticas espec\u00edficas do ambiente de internet m\u00f3vel. Tais aplica\u00e7\u00f5es devem se beneficiar do acesso instant\u00e2neo a informa\u00e7\u00f5es de necessidade imediata, assim como de novas funcionalidades como os servi\u00e7os baseados em localiza\u00e7\u00e3o. Estas aplica\u00e7\u00f5es ser\u00e3o bastante diferentes de qualquer coisa na internet fixa hoje. Ser\u00e3o espec\u00edficas para a internet m\u00f3vel.<\/p>\n<p>A internet m\u00f3vel vai prover um canal importante para as empresas interagirem n\u00e3o somente com seus clientes, mas tamb\u00e9m com colaboradores e parceiros de neg\u00f3cios. Essa intera\u00e7\u00e3o utilizando a internet m\u00f3vel ser\u00e1 parte de uma estrat\u00e9gia multi-canais, combinando email, lojas reais, call centers, internet fixa etc. Implicitamente percebe-se a necessidade de construir sistemas de retaguarda que permitam tal intera\u00e7\u00e3o.<\/p>\n<p>A maioria dos casos de sucesso no mercado corporativo fundamentam-se no aumento da efici\u00eancia das opera\u00e7\u00f5es, economia de custos e integra\u00e7\u00e3o com sistemas de retaguarda. J\u00e1 os casos de sucesso no mercado de massa dependem principalmente da combina\u00e7\u00e3o de aplicativos com marcas conhecidas em outras m\u00eddias (ex. TV) ou conte\u00fado (m\u00fasicas, artigos de revistas etc.).<\/p>\n<p>Nos \u00faltimos meses foram lan\u00e7ados muitos servi\u00e7os multim\u00eddia e com fotos, al\u00e9m da capacidade de pequenos v\u00eddeos- melhorando ainda mais a experi\u00eancia final. A clara mensagem \u00e9 que o momento \u00e9 de experimenta\u00e7\u00e3o, pois uma s\u00f3lida base em internet m\u00f3vel hoje pode ser um grande diferencial a medida em que as tecnologias evoluem, e elas evoluem naturalmente.<\/p>\n<p>&nbsp;<\/p>\n","protected":false},"excerpt":{"rendered":"<p>A Internet M\u00f3vel vai ser um sucesso apenas se novas aplica\u00e7\u00f5es forem desenvolvidas para tirar proveito das caracter\u00edsticas espec\u00edficas do ambiente de internet m\u00f3vel. Tais aplica\u00e7\u00f5es devem se beneficiar do acesso instant\u00e2neo a informa\u00e7\u00f5es de necessidade imediata, assim como de novas funcionalidades como os servi\u00e7os baseados em localiza\u00e7\u00e3o. Estas aplica\u00e7\u00f5es ser\u00e3o bastante diferentes de qualquer [&hellip;]<\/p>\n","protected":false},"author":1,"featured_media":0,"parent":438,"menu_order":10,"comment_status":"closed","ping_status":"closed","template":"","meta":{"footnotes":""},"class_list":["post-460","page","type-page","status-publish","hentry"],"jetpack_shortlink":"https:\/\/wp.me\/P8yKGp-7q","jetpack-related-posts":[{"id":671,"url":"https:\/\/efagundes.com\/networking\/lans-sem-fio\/aplicacoes-do-bluetooth\/","url_meta":{"origin":460,"position":0},"title":"Aplica\u00e7\u00f5es do Bluetooth","author":"Eduardo Fagundes","date":"17\/11\/2012","format":false,"excerpt":"A maioria dos protocolos de rede s\u00f3 fornece canais entre entidades que se comunicam, deixando para os projetistas de aplica\u00e7\u00f5es a tarefa de descobrir a utilidade desses canis. Em contraste, a especifica\u00e7\u00e3o Bluetooth V1.1 identifica 13 aplica\u00e7\u00f5es espec\u00edficas que ser\u00e3o admitidas e fornece diferentes pilhas de protocolos para cada uma.\u2026","rel":"","context":"Post similar","block_context":{"text":"Post similar","link":""},"img":{"alt_text":"","src":"https:\/\/i0.wp.com\/efagundes.com\/networking\/wp-content\/uploads\/sites\/5\/2015\/03\/Slide47.jpg?resize=350%2C200","width":350,"height":200,"srcset":"https:\/\/i0.wp.com\/efagundes.com\/networking\/wp-content\/uploads\/sites\/5\/2015\/03\/Slide47.jpg?resize=350%2C200 1x, https:\/\/i0.wp.com\/efagundes.com\/networking\/wp-content\/uploads\/sites\/5\/2015\/03\/Slide47.jpg?resize=525%2C300 1.5x, https:\/\/i0.wp.com\/efagundes.com\/networking\/wp-content\/uploads\/sites\/5\/2015\/03\/Slide47.jpg?resize=700%2C400 2x"},"classes":[]},{"id":452,"url":"https:\/\/efagundes.com\/networking\/sistema-de-telefonia-movel\/1xev\/","url_meta":{"origin":460,"position":1},"title":"1xEV","author":"Eduardo Fagundes","date":"17\/11\/2012","format":false,"excerpt":"Basicamente, 1xEV-DO \u00e9 um sistema de dados sem fio com alta velocidade e alta capacidade que combina a conveni\u00eancia da mobilidade com o desempenho de uma rede de dados fixa. \u00c9 verdadeiramente uma tecnologia 3G uma vez que permite transmiss\u00e3o de dados com taxas acima de 2.4Mbps e ao mesmo\u2026","rel":"","context":"Post similar","block_context":{"text":"Post similar","link":""},"img":{"alt_text":"","src":"https:\/\/i0.wp.com\/efagundes.com\/networking\/wp-content\/uploads\/sites\/5\/2015\/03\/Slide292.jpg?resize=350%2C200","width":350,"height":200,"srcset":"https:\/\/i0.wp.com\/efagundes.com\/networking\/wp-content\/uploads\/sites\/5\/2015\/03\/Slide292.jpg?resize=350%2C200 1x, https:\/\/i0.wp.com\/efagundes.com\/networking\/wp-content\/uploads\/sites\/5\/2015\/03\/Slide292.jpg?resize=525%2C300 1.5x, https:\/\/i0.wp.com\/efagundes.com\/networking\/wp-content\/uploads\/sites\/5\/2015\/03\/Slide292.jpg?resize=700%2C400 2x"},"classes":[]},{"id":458,"url":"https:\/\/efagundes.com\/networking\/sistema-de-telefonia-movel\/evolucao-da-telefonia-movel\/","url_meta":{"origin":460,"position":2},"title":"Evolu\u00e7\u00e3o da telefonia m\u00f3vel","author":"Eduardo Fagundes","date":"17\/11\/2012","format":false,"excerpt":"A primeira gera\u00e7\u00e3o (1G) de sistemas de comunica\u00e7\u00f5es celulares m\u00f3veis era anal\u00f3gico, como AMPS, TACS e NMT. Principalmente usado para voz, eles foram lan\u00e7ados no final dos anos 70 e inicio dos anos 80. No come\u00e7o dos anos 90, foi lan\u00e7ada a segunda gera\u00e7\u00e3o (2G) sistemas utilizando a codifica\u00e7\u00e3o digital,\u2026","rel":"","context":"Post similar","block_context":{"text":"Post similar","link":""},"img":{"alt_text":"","src":"https:\/\/i0.wp.com\/efagundes.com\/networking\/wp-content\/uploads\/sites\/5\/2015\/03\/Slide322.jpg?resize=350%2C200","width":350,"height":200,"srcset":"https:\/\/i0.wp.com\/efagundes.com\/networking\/wp-content\/uploads\/sites\/5\/2015\/03\/Slide322.jpg?resize=350%2C200 1x, https:\/\/i0.wp.com\/efagundes.com\/networking\/wp-content\/uploads\/sites\/5\/2015\/03\/Slide322.jpg?resize=525%2C300 1.5x, https:\/\/i0.wp.com\/efagundes.com\/networking\/wp-content\/uploads\/sites\/5\/2015\/03\/Slide322.jpg?resize=700%2C400 2x"},"classes":[]},{"id":172,"url":"https:\/\/efagundes.com\/networking\/redes-geograficamente-distribuidas\/a-internet-2\/","url_meta":{"origin":460,"position":3},"title":"A Internet 2","author":"Eduardo Fagundes","date":"16\/11\/2012","format":false,"excerpt":"O projeto da Internet2 \u00e9 um esfor\u00e7o conjunto de mais de 200 universidades norte-americanas, agencias federais americanas e empresas do setor privado para desenvolver uma nova gera\u00e7\u00e3o de Internet para pesquisas e educa\u00e7\u00e3o, incluindo tanto servi\u00e7os de redes melhorados como aplica\u00e7\u00f5es multim\u00eddia que ser\u00e3o ativadas por estes servi\u00e7os. O trabalho\u2026","rel":"","context":"Post similar","block_context":{"text":"Post similar","link":""},"img":{"alt_text":"Slide13","src":"https:\/\/i0.wp.com\/efagundes.com\/networking\/wp-content\/uploads\/sites\/5\/2015\/03\/Slide131.jpg?resize=350%2C200","width":350,"height":200,"srcset":"https:\/\/i0.wp.com\/efagundes.com\/networking\/wp-content\/uploads\/sites\/5\/2015\/03\/Slide131.jpg?resize=350%2C200 1x, https:\/\/i0.wp.com\/efagundes.com\/networking\/wp-content\/uploads\/sites\/5\/2015\/03\/Slide131.jpg?resize=525%2C300 1.5x, https:\/\/i0.wp.com\/efagundes.com\/networking\/wp-content\/uploads\/sites\/5\/2015\/03\/Slide131.jpg?resize=700%2C400 2x"},"classes":[]},{"id":49,"url":"https:\/\/efagundes.com\/networking\/curso-de-redes-de-computadores\/aplicacoes-pela-internet-2\/","url_meta":{"origin":460,"position":4},"title":"Aplica\u00e7\u00f5es pela Internet","author":"Eduardo Fagundes","date":"16\/11\/2012","format":false,"excerpt":"T\u00f3picos do capitulo","rel":"","context":"Post similar","block_context":{"text":"Post similar","link":""},"img":{"alt_text":"Slide2","src":"https:\/\/i0.wp.com\/efagundes.com\/networking\/wp-content\/uploads\/sites\/5\/2015\/03\/Slide2-300x225.jpg?resize=350%2C200","width":350,"height":200,"srcset":"https:\/\/i0.wp.com\/efagundes.com\/networking\/wp-content\/uploads\/sites\/5\/2015\/03\/Slide2-300x225.jpg?resize=350%2C200 1x, https:\/\/i0.wp.com\/efagundes.com\/networking\/wp-content\/uploads\/sites\/5\/2015\/03\/Slide2-300x225.jpg?resize=525%2C300 1.5x"},"classes":[]},{"id":59,"url":"https:\/\/efagundes.com\/networking\/curso-de-redes-de-computadores\/usuarios-moveis\/","url_meta":{"origin":460,"position":5},"title":"Usu\u00e1rios M\u00f3veis","author":"Eduardo Fagundes","date":"16\/11\/2012","format":false,"excerpt":"A Internet e o telefone celular s\u00e3o itens indispens\u00e1veis no cotidiano das pessoas. Outro item que est\u00e1 com um crescimento exponencial \u00e9 o smart-phone (iPhone, Blackberry, Android, Windows Phone). Com isso, \u00e9 natural que a ind\u00fastria de inform\u00e1tica e telecomunica\u00e7\u00f5es esteja trabalhando para integrar as facilidades da Internet nos smart-phones.\u2026","rel":"","context":"Post similar","block_context":{"text":"Post similar","link":""},"img":{"alt_text":"Slide5","src":"https:\/\/i0.wp.com\/efagundes.com\/networking\/wp-content\/uploads\/sites\/5\/2015\/03\/Slide5.jpg?resize=350%2C200","width":350,"height":200,"srcset":"https:\/\/i0.wp.com\/efagundes.com\/networking\/wp-content\/uploads\/sites\/5\/2015\/03\/Slide5.jpg?resize=350%2C200 1x, https:\/\/i0.wp.com\/efagundes.com\/networking\/wp-content\/uploads\/sites\/5\/2015\/03\/Slide5.jpg?resize=525%2C300 1.5x, https:\/\/i0.wp.com\/efagundes.com\/networking\/wp-content\/uploads\/sites\/5\/2015\/03\/Slide5.jpg?resize=700%2C400 2x"},"classes":[]}],"jetpack_sharing_enabled":true,"_links":{"self":[{"href":"https:\/\/efagundes.com\/networking\/wp-json\/wp\/v2\/pages\/460","targetHints":{"allow":["GET"]}}],"collection":[{"href":"https:\/\/efagundes.com\/networking\/wp-json\/wp\/v2\/pages"}],"about":[{"href":"https:\/\/efagundes.com\/networking\/wp-json\/wp\/v2\/types\/page"}],"author":[{"embeddable":true,"href":"https:\/\/efagundes.com\/networking\/wp-json\/wp\/v2\/users\/1"}],"replies":[{"embeddable":true,"href":"https:\/\/efagundes.com\/networking\/wp-json\/wp\/v2\/comments?post=460"}],"version-history":[{"count":0,"href":"https:\/\/efagundes.com\/networking\/wp-json\/wp\/v2\/pages\/460\/revisions"}],"up":[{"embeddable":true,"href":"https:\/\/efagundes.com\/networking\/wp-json\/wp\/v2\/pages\/438"}],"wp:attachment":[{"href":"https:\/\/efagundes.com\/networking\/wp-json\/wp\/v2\/media?parent=460"}],"curies":[{"name":"wp","href":"https:\/\/api.w.org\/{rel}","templated":true}]}}