{"id":498,"date":"2012-11-17T11:37:30","date_gmt":"2012-11-17T13:37:30","guid":{"rendered":"http:\/\/efagundes.com\/openclass_networking\/?page_id=498"},"modified":"2022-01-16T17:51:15","modified_gmt":"2022-01-16T20:51:15","slug":"sdh-estrutura-do-frame","status":"publish","type":"page","link":"https:\/\/efagundes.com\/networking\/multiplexacao-2\/sdh-estrutura-do-frame\/","title":{"rendered":"SDH &#8211; Estrutura do frame"},"content":{"rendered":"<p>&nbsp;<\/p>\n<p><a href=\"https:\/\/i0.wp.com\/efagundes.com\/networking\/wp-content\/uploads\/sites\/5\/2015\/03\/Slide119.jpg\"><img data-recalc-dims=\"1\" loading=\"lazy\" decoding=\"async\" data-attachment-id=\"2497\" data-permalink=\"https:\/\/efagundes.com\/networking\/multiplexacao-2\/sdh-estrutura-do-frame\/slide11-6\/\" data-orig-file=\"https:\/\/i0.wp.com\/efagundes.com\/networking\/wp-content\/uploads\/sites\/5\/2015\/03\/Slide119.jpg?fit=960%2C720&amp;ssl=1\" data-orig-size=\"960,720\" data-comments-opened=\"1\" data-image-meta=\"{&quot;aperture&quot;:&quot;0&quot;,&quot;credit&quot;:&quot;&quot;,&quot;camera&quot;:&quot;&quot;,&quot;caption&quot;:&quot;&quot;,&quot;created_timestamp&quot;:&quot;0&quot;,&quot;copyright&quot;:&quot;&quot;,&quot;focal_length&quot;:&quot;0&quot;,&quot;iso&quot;:&quot;0&quot;,&quot;shutter_speed&quot;:&quot;0&quot;,&quot;title&quot;:&quot;&quot;,&quot;orientation&quot;:&quot;0&quot;}\" data-image-title=\"Slide11\" data-image-description=\"\" data-image-caption=\"\" data-large-file=\"https:\/\/i0.wp.com\/efagundes.com\/networking\/wp-content\/uploads\/sites\/5\/2015\/03\/Slide119.jpg?fit=960%2C720&amp;ssl=1\" class=\"alignnone size-full wp-image-2497\" src=\"https:\/\/i0.wp.com\/efagundes.com\/networking\/wp-content\/uploads\/sites\/5\/2015\/03\/Slide119.jpg?resize=960%2C720\" alt=\"Slide11\" width=\"960\" height=\"720\" srcset=\"https:\/\/i0.wp.com\/efagundes.com\/networking\/wp-content\/uploads\/sites\/5\/2015\/03\/Slide119.jpg?w=960&amp;ssl=1 960w, https:\/\/i0.wp.com\/efagundes.com\/networking\/wp-content\/uploads\/sites\/5\/2015\/03\/Slide119.jpg?resize=300%2C225&amp;ssl=1 300w\" sizes=\"auto, (max-width: 960px) 100vw, 960px\" \/><\/a><\/p>\n<p>A hierarquia SDH foi concebida para uma arquitetura de multiplexa\u00e7\u00e3o s\u00edncrona. Cada canal opera com um rel\u00f3gio sincronizado com os rel\u00f3gios dos outros canais, e \u00e9 sincronizado com o equipamento multiplex atrav\u00e9s de um processo de justifica\u00e7\u00e3o de bit e encapsulamento da informa\u00e7\u00e3o (cont\u00eainer). A esse cont\u00eainer \u00e9 adicionado um cabe\u00e7alho (POH), que o caracteriza e indica sua localiza\u00e7\u00e3o no frame, e forma-se ent\u00e3o um cont\u00eainer virtual (VC &#8211; Virtual Container) para cada canal.<\/p>\n<p>O frame SDH tem tamanho padr\u00e3o para cada hierarquia. Cada frame constitui uma unidade para fins de administra\u00e7\u00e3o e supervis\u00e3o da transmiss\u00e3o no sistema. Esses frames s\u00e3o transmitidos a uma taxa de 8000 frames por segundo (8000 Hz).<\/p>\n<p>O frame SDH para a hierarquia STM-1, por exemplo, tem 2430 bytes, organizados em 9 linhas com 270 colunas de bytes, os quais s\u00e3o transmitidos serialmente linha a linha da esquerda para a direita, e de cima para baixo. Sua estrutura b\u00e1sica \u00e9 apresentada na figura a acima.\u00a0O cabe\u00e7alho (overhead) \u00e9 composto por 3 tipos de estruturas:<\/p>\n<ul>\n<li>RSOH (Regenerator Section Overhead), processado em cada equipamento da rede, cont\u00e9m informa\u00e7\u00f5es de alinhamento de frame, identifica\u00e7\u00e3o de frame, monitora\u00e7\u00e3o de erro de regenera\u00e7\u00e3o, alarmes f\u00edsicos externos ao equipamento, e supervis\u00e3o de sistema. Cont\u00e9m tamb\u00e9m um canal de voz, para comunica\u00e7\u00e3o de t\u00e9cnicos entre equipamentos.<\/li>\n<li>MSOH (Multiplex Section Overhead), processado apenas em equipamentos onde existe inser\u00e7\u00e3o (add) ou retirada (drop) de canais multiplexados, cont\u00e9m informa\u00e7\u00f5es de monitora\u00e7\u00e3o e indica\u00e7\u00e3o de erros de multiplexa\u00e7\u00e3o, controle de chaveamento de mecanismos de prote\u00e7\u00e3o, monitora\u00e7\u00e3o de sincronismo e ger\u00eancia de sistema.<\/li>\n<li>POH (Path Overhead), processado em cada equipamento, possui os ponteiros que indicam onde se localiza o primeiro byte do(s) VC(s) dentro da \u00e1rea de informa\u00e7\u00e3o \u00fatil (payload) do frame, e eventuais bytes provenientes de justifica\u00e7\u00e3o desse(s) VC(s).<\/li>\n<\/ul>\n<p>&nbsp;<\/p>\n<p>&nbsp;<\/p>\n","protected":false},"excerpt":{"rendered":"<p>&nbsp; A hierarquia SDH foi concebida para uma arquitetura de multiplexa\u00e7\u00e3o s\u00edncrona. Cada canal opera com um rel\u00f3gio sincronizado com os rel\u00f3gios dos outros canais, e \u00e9 sincronizado com o equipamento multiplex atrav\u00e9s de um processo de justifica\u00e7\u00e3o de bit e encapsulamento da informa\u00e7\u00e3o (cont\u00eainer). A esse cont\u00eainer \u00e9 adicionado um cabe\u00e7alho (POH), que o [&hellip;]<\/p>\n","protected":false},"author":1,"featured_media":0,"parent":1333,"menu_order":8,"comment_status":"closed","ping_status":"closed","template":"","meta":{"footnotes":""},"class_list":["post-498","page","type-page","status-publish","hentry"],"jetpack_shortlink":"https:\/\/wp.me\/P8yKGp-82","jetpack-related-posts":[{"id":503,"url":"https:\/\/efagundes.com\/networking\/multiplexacao-2\/sdh-capacidade-de-transporte\/","url_meta":{"origin":498,"position":0},"title":"SDH &#8211; Capacidade de transporte","author":"Eduardo Fagundes","date":"17\/11\/2012","format":false,"excerpt":"Vantagens e Restri\u00e7\u00f5es As redes SDH oferecem v\u00e1rios benef\u00edcios, quando comparada com outras tecnologias: O cabe\u00e7alho complexo existente no frame SDH permite a ger\u00eancia (administra\u00e7\u00e3o, opera\u00e7\u00e3o e manuten\u00e7\u00e3o) centralizada da rede; A arquitetura de multiplexa\u00e7\u00e3o s\u00edncrona e a padroniza\u00e7\u00e3o tanto em n\u00edvel de equipamentos como de interfaces, permite o crescimento\u2026","rel":"","context":"Post similar","block_context":{"text":"Post similar","link":""},"img":{"alt_text":"Slide12","src":"https:\/\/i0.wp.com\/efagundes.com\/networking\/wp-content\/uploads\/sites\/5\/2015\/03\/Slide125.jpg?resize=350%2C200","width":350,"height":200,"srcset":"https:\/\/i0.wp.com\/efagundes.com\/networking\/wp-content\/uploads\/sites\/5\/2015\/03\/Slide125.jpg?resize=350%2C200 1x, https:\/\/i0.wp.com\/efagundes.com\/networking\/wp-content\/uploads\/sites\/5\/2015\/03\/Slide125.jpg?resize=525%2C300 1.5x, https:\/\/i0.wp.com\/efagundes.com\/networking\/wp-content\/uploads\/sites\/5\/2015\/03\/Slide125.jpg?resize=700%2C400 2x"},"classes":[]},{"id":501,"url":"https:\/\/efagundes.com\/networking\/multiplexacao-2\/sdh-processo-de-multiplexacao\/","url_meta":{"origin":498,"position":1},"title":"SDH &#8211; Processo de multiplexa\u00e7\u00e3o","author":"Eduardo Fagundes","date":"17\/11\/2012","format":false,"excerpt":"O processo de multiplexa\u00e7\u00e3o dos canais tribut\u00e1rios no frame SDH tem os seguintes passos: Mapeamento, onde os tribut\u00e1rios s\u00e3o sincronizados com o equipamento multiplex (justifica\u00e7\u00e3o de bit), encapsulados e recebem seus ponteiros (POH) para formar os VC's; Alinhamento, onde os VC's recebem novos ponteiros para formarem as unidades TU (Tributary\u2026","rel":"","context":"Post similar","block_context":{"text":"Post similar","link":""},"img":{"alt_text":"Slide10","src":"https:\/\/i0.wp.com\/efagundes.com\/networking\/wp-content\/uploads\/sites\/5\/2015\/03\/Slide105.jpg?resize=350%2C200","width":350,"height":200,"srcset":"https:\/\/i0.wp.com\/efagundes.com\/networking\/wp-content\/uploads\/sites\/5\/2015\/03\/Slide105.jpg?resize=350%2C200 1x, https:\/\/i0.wp.com\/efagundes.com\/networking\/wp-content\/uploads\/sites\/5\/2015\/03\/Slide105.jpg?resize=525%2C300 1.5x, https:\/\/i0.wp.com\/efagundes.com\/networking\/wp-content\/uploads\/sites\/5\/2015\/03\/Slide105.jpg?resize=700%2C400 2x"},"classes":[]},{"id":490,"url":"https:\/\/efagundes.com\/networking\/multiplexacao-2\/sdh-sonet\/","url_meta":{"origin":498,"position":2},"title":"SDH-SONET","author":"Eduardo Fagundes","date":"17\/11\/2012","format":false,"excerpt":"No in\u00edcio da utiliza\u00e7\u00e3o da fibra \u00f3ptica, cada companhia telef\u00f4nica tinha seu pr\u00f3prio padr\u00e3o de multiplexa\u00e7\u00e3o TDM patenteado. Depois que a AT&T foi desmembrada em 1984, as companhias telef\u00f4nicas tiveram que padronizar seus sistemas para permitir a interconex\u00e3o para chamadas de longas dist\u00e2ncias. Em 1985, a Bellcore, a unidade de\u2026","rel":"","context":"Post similar","block_context":{"text":"Post similar","link":""},"img":{"alt_text":"Slide7","src":"https:\/\/i0.wp.com\/efagundes.com\/networking\/wp-content\/uploads\/sites\/5\/2015\/03\/Slide75.jpg?resize=350%2C200","width":350,"height":200,"srcset":"https:\/\/i0.wp.com\/efagundes.com\/networking\/wp-content\/uploads\/sites\/5\/2015\/03\/Slide75.jpg?resize=350%2C200 1x, https:\/\/i0.wp.com\/efagundes.com\/networking\/wp-content\/uploads\/sites\/5\/2015\/03\/Slide75.jpg?resize=525%2C300 1.5x, https:\/\/i0.wp.com\/efagundes.com\/networking\/wp-content\/uploads\/sites\/5\/2015\/03\/Slide75.jpg?resize=700%2C400 2x"},"classes":[]},{"id":446,"url":"https:\/\/efagundes.com\/networking\/sistema-de-telefonia-movel\/gsm-2\/","url_meta":{"origin":498,"position":3},"title":"GSM (II)","author":"Eduardo Fagundes","date":"17\/11\/2012","format":false,"excerpt":"Os slots TDM mostrados na figura fazem parte de uma complexa hierarquia de enquadramento. Cada slot TDM tem uma estrutura espec\u00edfica, e grupos de slots TDM formam multiquadros, tamb\u00e9m com uma estrutura espec\u00edfica. Uma vers\u00e3o simplificada dessa hierarquia \u00e9 apresentada na figura. Aqui pode-se ver que cada slot TDM consiste\u2026","rel":"","context":"Post similar","block_context":{"text":"Post similar","link":""},"img":{"alt_text":"","src":"https:\/\/i0.wp.com\/efagundes.com\/networking\/wp-content\/uploads\/sites\/5\/2015\/03\/Slide262.jpg?resize=350%2C200","width":350,"height":200,"srcset":"https:\/\/i0.wp.com\/efagundes.com\/networking\/wp-content\/uploads\/sites\/5\/2015\/03\/Slide262.jpg?resize=350%2C200 1x, https:\/\/i0.wp.com\/efagundes.com\/networking\/wp-content\/uploads\/sites\/5\/2015\/03\/Slide262.jpg?resize=525%2C300 1.5x, https:\/\/i0.wp.com\/efagundes.com\/networking\/wp-content\/uploads\/sites\/5\/2015\/03\/Slide262.jpg?resize=700%2C400 2x"},"classes":[]},{"id":300,"url":"https:\/\/efagundes.com\/networking\/multiplexacao-2\/aplicacao-de-fibra-com-dwdm\/","url_meta":{"origin":498,"position":4},"title":"Aplica\u00e7\u00e3o de fibra com DWDM","author":"Eduardo Fagundes","date":"16\/11\/2012","format":false,"excerpt":"Multiplexa\u00e7\u00e3o por Divis\u00e3o de Onda Densa (DWDM) Os sistemas submarinos atuais t\u00eam capacidade de transmitir v\u00e1rios sinais \u00f3pticos independentes, cada um com um comprimento de onda caracter\u00edstico (lambda). O m\u00e9todo pelo qual v\u00e1rios sinais em diferentes comprimentos de onda s\u00e3o combinados numa \u00fanica fibra \u00e9 conhecido pelo nome de multiplexa\u00e7\u00e3o\u2026","rel":"","context":"Post similar","block_context":{"text":"Post similar","link":""},"img":{"alt_text":"Slide30","src":"https:\/\/i0.wp.com\/efagundes.com\/networking\/wp-content\/uploads\/sites\/5\/2015\/03\/Slide301.jpg?resize=350%2C200","width":350,"height":200,"srcset":"https:\/\/i0.wp.com\/efagundes.com\/networking\/wp-content\/uploads\/sites\/5\/2015\/03\/Slide301.jpg?resize=350%2C200 1x, https:\/\/i0.wp.com\/efagundes.com\/networking\/wp-content\/uploads\/sites\/5\/2015\/03\/Slide301.jpg?resize=525%2C300 1.5x, https:\/\/i0.wp.com\/efagundes.com\/networking\/wp-content\/uploads\/sites\/5\/2015\/03\/Slide301.jpg?resize=700%2C400 2x"},"classes":[]},{"id":505,"url":"https:\/\/efagundes.com\/networking\/multiplexacao-2\/evolucao-do-transporte-ip-por-fibra-optica\/","url_meta":{"origin":498,"position":5},"title":"Evolu\u00e7\u00e3o do transporte IP por fibra \u00f3ptica","author":"Eduardo Fagundes","date":"17\/11\/2012","format":false,"excerpt":"Transporte IP. Em uma rede geograficamente distribu\u00edda (WAN) ou atrav\u00e9s da Internet, o tr\u00e1fego IP \u00e9 largamente transportado em canais SONET\/SDH, utilizando redes ATM para o gerenciamento da camada ou utilizando SONET diretamente. No futuro \u00e9 esperado que o IP seja transportado diretamente sobre fibras \u00f3pticas utilizando DWDM, como mostra\u2026","rel":"","context":"Post similar","block_context":{"text":"Post similar","link":""},"img":{"alt_text":"Slide13","src":"https:\/\/i0.wp.com\/efagundes.com\/networking\/wp-content\/uploads\/sites\/5\/2015\/03\/Slide135.jpg?resize=350%2C200","width":350,"height":200,"srcset":"https:\/\/i0.wp.com\/efagundes.com\/networking\/wp-content\/uploads\/sites\/5\/2015\/03\/Slide135.jpg?resize=350%2C200 1x, https:\/\/i0.wp.com\/efagundes.com\/networking\/wp-content\/uploads\/sites\/5\/2015\/03\/Slide135.jpg?resize=525%2C300 1.5x, https:\/\/i0.wp.com\/efagundes.com\/networking\/wp-content\/uploads\/sites\/5\/2015\/03\/Slide135.jpg?resize=700%2C400 2x"},"classes":[]}],"jetpack_sharing_enabled":true,"_links":{"self":[{"href":"https:\/\/efagundes.com\/networking\/wp-json\/wp\/v2\/pages\/498","targetHints":{"allow":["GET"]}}],"collection":[{"href":"https:\/\/efagundes.com\/networking\/wp-json\/wp\/v2\/pages"}],"about":[{"href":"https:\/\/efagundes.com\/networking\/wp-json\/wp\/v2\/types\/page"}],"author":[{"embeddable":true,"href":"https:\/\/efagundes.com\/networking\/wp-json\/wp\/v2\/users\/1"}],"replies":[{"embeddable":true,"href":"https:\/\/efagundes.com\/networking\/wp-json\/wp\/v2\/comments?post=498"}],"version-history":[{"count":0,"href":"https:\/\/efagundes.com\/networking\/wp-json\/wp\/v2\/pages\/498\/revisions"}],"up":[{"embeddable":true,"href":"https:\/\/efagundes.com\/networking\/wp-json\/wp\/v2\/pages\/1333"}],"wp:attachment":[{"href":"https:\/\/efagundes.com\/networking\/wp-json\/wp\/v2\/media?parent=498"}],"curies":[{"name":"wp","href":"https:\/\/api.w.org\/{rel}","templated":true}]}}