{"id":51,"date":"2012-11-16T18:11:17","date_gmt":"2012-11-16T20:11:17","guid":{"rendered":"http:\/\/efagundes.com\/openclass_networking\/?page_id=51"},"modified":"2022-01-16T17:49:46","modified_gmt":"2022-01-16T20:49:46","slug":"business-to-business","status":"publish","type":"page","link":"https:\/\/efagundes.com\/networking\/curso-de-redes-de-computadores\/business-to-business\/","title":{"rendered":"Business-to-Business"},"content":{"rendered":"<p>&nbsp;<\/p>\n<p><a href=\"https:\/\/i0.wp.com\/efagundes.com\/networking\/wp-content\/uploads\/sites\/5\/2015\/03\/Slide3.jpg\"><img data-recalc-dims=\"1\" loading=\"lazy\" decoding=\"async\" data-attachment-id=\"2340\" data-permalink=\"https:\/\/efagundes.com\/networking\/curso-de-redes-de-computadores\/business-to-business\/slide3\/\" data-orig-file=\"https:\/\/i0.wp.com\/efagundes.com\/networking\/wp-content\/uploads\/sites\/5\/2015\/03\/Slide3.jpg?fit=960%2C720&amp;ssl=1\" data-orig-size=\"960,720\" data-comments-opened=\"1\" data-image-meta=\"{&quot;aperture&quot;:&quot;0&quot;,&quot;credit&quot;:&quot;&quot;,&quot;camera&quot;:&quot;&quot;,&quot;caption&quot;:&quot;&quot;,&quot;created_timestamp&quot;:&quot;0&quot;,&quot;copyright&quot;:&quot;&quot;,&quot;focal_length&quot;:&quot;0&quot;,&quot;iso&quot;:&quot;0&quot;,&quot;shutter_speed&quot;:&quot;0&quot;,&quot;title&quot;:&quot;&quot;,&quot;orientation&quot;:&quot;0&quot;}\" data-image-title=\"Slide3\" data-image-description=\"\" data-image-caption=\"\" data-large-file=\"https:\/\/i0.wp.com\/efagundes.com\/networking\/wp-content\/uploads\/sites\/5\/2015\/03\/Slide3.jpg?fit=960%2C720&amp;ssl=1\" class=\"alignnone wp-image-2340\" src=\"https:\/\/i0.wp.com\/efagundes.com\/networking\/wp-content\/uploads\/sites\/5\/2015\/03\/Slide3.jpg?resize=600%2C450\" alt=\"Slide3\" width=\"600\" height=\"450\" srcset=\"https:\/\/i0.wp.com\/efagundes.com\/networking\/wp-content\/uploads\/sites\/5\/2015\/03\/Slide3.jpg?w=960&amp;ssl=1 960w, https:\/\/i0.wp.com\/efagundes.com\/networking\/wp-content\/uploads\/sites\/5\/2015\/03\/Slide3.jpg?resize=300%2C225&amp;ssl=1 300w\" sizes=\"auto, (max-width: 600px) 100vw, 600px\" \/><\/a><\/p>\n<p>O B2B refere-se a toda a venda que uma empresa faz para outra atrav\u00e9s da Internet. Uma pr\u00e1tica cada vez mais adotada nas rela\u00e7\u00f5es entre empresas \u00e9 a integra\u00e7\u00e3o dos sistemas de informa\u00e7\u00f5es das empresas da cadeia de valor. A troca eletr\u00f4nica de dados entre empresas permite a simplifica\u00e7\u00e3o dos processos mercantis e reduzidos os custos de produ\u00e7\u00e3o. Com a troca de dados de produ\u00e7\u00e3o as empresas reduzirem seus ativos e os fornecedores produzirem baseados na produ\u00e7\u00e3o dos clientes. O EDI &#8211; Electronic Data Interchange &#8211; \u00e9 um processo de troca padronizada de informa\u00e7\u00f5es utilizada por comunidades comuns de neg\u00f3cios. Existem v\u00e1rios padr\u00f5es de formatos de mensagens atendendo diferentes mercados. Entretanto, como isso dificulta o interc\u00e2mbio entre diferentes comunidades internacionais, as Na\u00e7\u00f5es Unidas (ONU) desenvolveu e fomenta um padr\u00e3o \u00fanico de mensagem. Praticamente, todas as comunidades de neg\u00f3cios internacionais j\u00e1 se comprometeram em adotar o padr\u00e3o de mensagem EDIFACT.<\/p>\n<p>Uma nova pr\u00e1tica que vem ganhando adeptos a cada dia: os leil\u00f5es de compra pela Internet. O processo funciona da seguinte forma: uma empresa publica em sua Web page que deseja comprar um lote de um determinado produto. Publica a especifica\u00e7\u00e3o do produto e aguarda as propostas dos fornecedores. \u00c0 medida que as propostas v\u00eam chegam \u00e9 publicada a menor cota\u00e7\u00e3o recebida, sem o conhecimento de qual empresa fez a oferta. Se alguma empresa consegue melhorar o pre\u00e7o publicado, esta envia uma nota para o comprador dizendo que possui uma melhor oferta e ent\u00e3o essa cota\u00e7\u00e3o \u00e9 publicada na Internet. Se alguma outra empresa consegue reduzir o pre\u00e7o, essa envia uma nova cota\u00e7\u00e3o para o comprador, e assim por diante at\u00e9 se conseguir o melhor pre\u00e7o. Essa pr\u00e1tica tem reduzido entre 15 e 20% em m\u00e9dia o pre\u00e7o dos produtos para as empresas compradoras.<\/p>\n<p>O mercado de business-to-business tem um potencial enorme. V\u00e1rios fornecedores de software integrados de gest\u00e3o empresarial (ERP) j\u00e1 anunciaram mecanismos de interconex\u00e3o de dados entre os ERPs para facilitar os processos mercantis. A tecnologia que est\u00e1 sendo utilizada \u00e9 o XML, uma nova linguagem de descri\u00e7\u00e3o de conte\u00fado de mensagens.<\/p>\n<p>&nbsp;<\/p>\n","protected":false},"excerpt":{"rendered":"<p>&nbsp; O B2B refere-se a toda a venda que uma empresa faz para outra atrav\u00e9s da Internet. Uma pr\u00e1tica cada vez mais adotada nas rela\u00e7\u00f5es entre empresas \u00e9 a integra\u00e7\u00e3o dos sistemas de informa\u00e7\u00f5es das empresas da cadeia de valor. A troca eletr\u00f4nica de dados entre empresas permite a simplifica\u00e7\u00e3o dos processos mercantis e reduzidos [&hellip;]<\/p>\n","protected":false},"author":1,"featured_media":0,"parent":9,"menu_order":6,"comment_status":"closed","ping_status":"closed","template":"","meta":{"footnotes":""},"class_list":["post-51","page","type-page","status-publish","hentry"],"jetpack_shortlink":"https:\/\/wp.me\/P8yKGp-P","jetpack-related-posts":[{"id":9,"url":"https:\/\/efagundes.com\/networking\/curso-de-redes-de-computadores\/","url_meta":{"origin":51,"position":0},"title":"Uso de Redes de Computadores","author":"Eduardo Fagundes","date":"16\/11\/2012","format":false,"excerpt":"Antes de come\u00e7armos o estudo das quest\u00f5es t\u00e9cnicas de redes e transmiss\u00e3o de dados \u00e9 interessante entender a import\u00e2ncia das redes de computadores nas empresas e na vida das pessoas. Muitas empresas t\u00eam um n\u00famero significativo de computadores. Inicialmente, esses computadores funcionavam isoladamente, mas em um determinado momento, a ger\u00eancia\u2026","rel":"","context":"Post similar","block_context":{"text":"Post similar","link":""},"img":{"alt_text":"Slide1","src":"https:\/\/i0.wp.com\/efagundes.com\/networking\/wp-content\/uploads\/sites\/5\/2015\/03\/Slide1.jpg?resize=350%2C200","width":350,"height":200,"srcset":"https:\/\/i0.wp.com\/efagundes.com\/networking\/wp-content\/uploads\/sites\/5\/2015\/03\/Slide1.jpg?resize=350%2C200 1x, https:\/\/i0.wp.com\/efagundes.com\/networking\/wp-content\/uploads\/sites\/5\/2015\/03\/Slide1.jpg?resize=525%2C300 1.5x"},"classes":[]},{"id":170,"url":"https:\/\/efagundes.com\/networking\/redes-geograficamente-distribuidas\/a-internet\/","url_meta":{"origin":51,"position":1},"title":"A Internet","author":"Eduardo Fagundes","date":"16\/11\/2012","format":false,"excerpt":"Para que a rede possa funcionar \u00e9 necess\u00e1rio procedimento detalhado para a troca de dados. As regras s\u00e3o implementadas atrav\u00e9s de \"protocolos de comunica\u00e7\u00e3o\". As regras de comunica\u00e7\u00e3o entre computadores s\u00e3o similares as de uma linguagem humana. Por exemplo, quando se estabelece uma conversa entre duas pessoas a etiqueta diz\u2026","rel":"","context":"Post similar","block_context":{"text":"Post similar","link":""},"img":{"alt_text":"Slide12","src":"https:\/\/i0.wp.com\/efagundes.com\/networking\/wp-content\/uploads\/sites\/5\/2015\/03\/Slide121.jpg?resize=350%2C200","width":350,"height":200,"srcset":"https:\/\/i0.wp.com\/efagundes.com\/networking\/wp-content\/uploads\/sites\/5\/2015\/03\/Slide121.jpg?resize=350%2C200 1x, https:\/\/i0.wp.com\/efagundes.com\/networking\/wp-content\/uploads\/sites\/5\/2015\/03\/Slide121.jpg?resize=525%2C300 1.5x, https:\/\/i0.wp.com\/efagundes.com\/networking\/wp-content\/uploads\/sites\/5\/2015\/03\/Slide121.jpg?resize=700%2C400 2x"},"classes":[]},{"id":420,"url":"https:\/\/efagundes.com\/networking\/sistema-telefonico\/tipos-de-modulacao-ii\/","url_meta":{"origin":51,"position":2},"title":"Tipos de modula\u00e7\u00e3o (II)","author":"Eduardo Fagundes","date":"17\/11\/2012","format":false,"excerpt":"Um baud \u00e9 um sinal ou onda el\u00e9trica anal\u00f3gica. Um ciclo de uma onda anal\u00f3gica \u00e9 igual a um baud. Um ciclo completo inicia na voltagem zero, vai at\u00e9 a mais alta voltagem e desce at\u00e9 a voltagem negativa mais baixa e volta para a voltagem zero. Uma linha de\u2026","rel":"","context":"Post similar","block_context":{"text":"Post similar","link":""},"img":{"alt_text":"Slide13","src":"https:\/\/i0.wp.com\/efagundes.com\/networking\/wp-content\/uploads\/sites\/5\/2015\/03\/Slide134.jpg?resize=350%2C200","width":350,"height":200,"srcset":"https:\/\/i0.wp.com\/efagundes.com\/networking\/wp-content\/uploads\/sites\/5\/2015\/03\/Slide134.jpg?resize=350%2C200 1x, https:\/\/i0.wp.com\/efagundes.com\/networking\/wp-content\/uploads\/sites\/5\/2015\/03\/Slide134.jpg?resize=525%2C300 1.5x, https:\/\/i0.wp.com\/efagundes.com\/networking\/wp-content\/uploads\/sites\/5\/2015\/03\/Slide134.jpg?resize=700%2C400 2x"},"classes":[]},{"id":452,"url":"https:\/\/efagundes.com\/networking\/sistema-de-telefonia-movel\/1xev\/","url_meta":{"origin":51,"position":3},"title":"1xEV","author":"Eduardo Fagundes","date":"17\/11\/2012","format":false,"excerpt":"Basicamente, 1xEV-DO \u00e9 um sistema de dados sem fio com alta velocidade e alta capacidade que combina a conveni\u00eancia da mobilidade com o desempenho de uma rede de dados fixa. \u00c9 verdadeiramente uma tecnologia 3G uma vez que permite transmiss\u00e3o de dados com taxas acima de 2.4Mbps e ao mesmo\u2026","rel":"","context":"Post similar","block_context":{"text":"Post similar","link":""},"img":{"alt_text":"","src":"https:\/\/i0.wp.com\/efagundes.com\/networking\/wp-content\/uploads\/sites\/5\/2015\/03\/Slide292.jpg?resize=350%2C200","width":350,"height":200,"srcset":"https:\/\/i0.wp.com\/efagundes.com\/networking\/wp-content\/uploads\/sites\/5\/2015\/03\/Slide292.jpg?resize=350%2C200 1x, https:\/\/i0.wp.com\/efagundes.com\/networking\/wp-content\/uploads\/sites\/5\/2015\/03\/Slide292.jpg?resize=525%2C300 1.5x, https:\/\/i0.wp.com\/efagundes.com\/networking\/wp-content\/uploads\/sites\/5\/2015\/03\/Slide292.jpg?resize=700%2C400 2x"},"classes":[]},{"id":168,"url":"https:\/\/efagundes.com\/networking\/redes-geograficamente-distribuidas\/arquitetura-da-internet\/","url_meta":{"origin":51,"position":4},"title":"Arquitetura da Internet","author":"Eduardo Fagundes","date":"16\/11\/2012","format":false,"excerpt":"A Internet \u00e9 uma rede de computadores mundial de acesso de p\u00fablico ilimitado que utiliza uma infra-estrutura de telecomunica\u00e7\u00f5es homog\u00eanea. Atualmente qualquer pessoa f\u00edsica ou jur\u00eddica pode participar da Internet, incluindo empresas privadas, governos, escolas e organiza\u00e7\u00f5es n\u00e3o-governamentais. Os requisitos s\u00e3o possuir um computador, um software compat\u00edvel com a Internet\u2026","rel":"","context":"Post similar","block_context":{"text":"Post similar","link":""},"img":{"alt_text":"Slide11","src":"https:\/\/i0.wp.com\/efagundes.com\/networking\/wp-content\/uploads\/sites\/5\/2015\/03\/Slide111.jpg?resize=350%2C200","width":350,"height":200,"srcset":"https:\/\/i0.wp.com\/efagundes.com\/networking\/wp-content\/uploads\/sites\/5\/2015\/03\/Slide111.jpg?resize=350%2C200 1x, https:\/\/i0.wp.com\/efagundes.com\/networking\/wp-content\/uploads\/sites\/5\/2015\/03\/Slide111.jpg?resize=525%2C300 1.5x, https:\/\/i0.wp.com\/efagundes.com\/networking\/wp-content\/uploads\/sites\/5\/2015\/03\/Slide111.jpg?resize=700%2C400 2x"},"classes":[]},{"id":797,"url":"https:\/\/efagundes.com\/networking\/algoritmos-de-roteamento\/troca-de-rotulos-e-mpls\/","url_meta":{"origin":51,"position":5},"title":"Troca de r\u00f3tulos e MPLS","author":"Eduardo Fagundes","date":"18\/11\/2012","format":false,"excerpt":"O primeiro problema do MPLS \u00e9 onde p\u00f4r o r\u00f3tulo. Tendo em vista que os pacotes IP n\u00e3o foram projetados para circuitos virtuais, n\u00e3o existe nenhum campo dispon\u00edvel para n\u00fameros de circuitos virtuais dentro do cabe\u00e7alho IP. Por essa raz\u00e3o, surgiu a necessidade de adicionar um novo cabe\u00e7alho MPLS antes\u2026","rel":"","context":"Post similar","block_context":{"text":"Post similar","link":""},"img":{"alt_text":"","src":"https:\/\/i0.wp.com\/efagundes.com\/networking\/wp-content\/uploads\/sites\/5\/2015\/03\/Slide392.jpg?resize=350%2C200","width":350,"height":200,"srcset":"https:\/\/i0.wp.com\/efagundes.com\/networking\/wp-content\/uploads\/sites\/5\/2015\/03\/Slide392.jpg?resize=350%2C200 1x, https:\/\/i0.wp.com\/efagundes.com\/networking\/wp-content\/uploads\/sites\/5\/2015\/03\/Slide392.jpg?resize=525%2C300 1.5x, https:\/\/i0.wp.com\/efagundes.com\/networking\/wp-content\/uploads\/sites\/5\/2015\/03\/Slide392.jpg?resize=700%2C400 2x"},"classes":[]}],"jetpack_sharing_enabled":true,"_links":{"self":[{"href":"https:\/\/efagundes.com\/networking\/wp-json\/wp\/v2\/pages\/51","targetHints":{"allow":["GET"]}}],"collection":[{"href":"https:\/\/efagundes.com\/networking\/wp-json\/wp\/v2\/pages"}],"about":[{"href":"https:\/\/efagundes.com\/networking\/wp-json\/wp\/v2\/types\/page"}],"author":[{"embeddable":true,"href":"https:\/\/efagundes.com\/networking\/wp-json\/wp\/v2\/users\/1"}],"replies":[{"embeddable":true,"href":"https:\/\/efagundes.com\/networking\/wp-json\/wp\/v2\/comments?post=51"}],"version-history":[{"count":0,"href":"https:\/\/efagundes.com\/networking\/wp-json\/wp\/v2\/pages\/51\/revisions"}],"up":[{"embeddable":true,"href":"https:\/\/efagundes.com\/networking\/wp-json\/wp\/v2\/pages\/9"}],"wp:attachment":[{"href":"https:\/\/efagundes.com\/networking\/wp-json\/wp\/v2\/media?parent=51"}],"curies":[{"name":"wp","href":"https:\/\/api.w.org\/{rel}","templated":true}]}}