{"id":678,"date":"2012-11-17T21:28:17","date_gmt":"2012-11-17T23:28:17","guid":{"rendered":"http:\/\/efagundes.com\/openclass_networking\/?page_id=678"},"modified":"2022-01-16T17:52:23","modified_gmt":"2022-01-16T20:52:23","slug":"repetidores-hubs-bridges-switches-e-gateways-2","status":"publish","type":"page","link":"https:\/\/efagundes.com\/networking\/comutacao-na-camada-de-enlace-de-dados\/repetidores-hubs-bridges-switches-e-gateways-2\/","title":{"rendered":"Repetidores, hubs, bridges, switches e gateways (II)"},"content":{"rendered":"<p><img data-recalc-dims=\"1\" loading=\"lazy\" decoding=\"async\" class=\"alignnone\" src=\"https:\/\/i0.wp.com\/efagundes.com\/networking\/wp-content\/uploads\/sites\/5\/2015\/03\/Slide50.jpg?resize=960%2C720\" alt=\"\" width=\"960\" height=\"720\" \/><\/p>\n<p>Examinando os dispositivos de comuta\u00e7\u00e3o e ver como eles se relacionam aos pacote e quadros. Na parte inferior, na camada f\u00edsica, encontramos os repetidores. Em seguida temos os hubs. Um hub tem v\u00e1rias linhas de entrada que ele conecta eletricamente. Os quadros que chegam em quaisquer dessas linhas s\u00e3o enviados a todas as outras. A figura (a) mostra a topologia de conex\u00e3o de um hub.<\/p>\n<p>Na camada de enlace de dados temos as pontes e switches. Uma ponte conecta duas ou mais LANs, como mostra a figura (b). Quando um quadro chega, o software da ponte extrai o endere\u00e7o de destino do cabe\u00e7alho de quadro e examina uma tabela, com a finalidade de verificar para onde deve enviar o quadro. Como um hub, uma ponte moderna tem placas de extens\u00e3o, em geral para quatro ou oito linhas de entrada de um certo tipo.<\/p>\n<p>Os switches s\u00e3o semelhantes as pontes pelo fato de ambos basearem o roteamento em endere\u00e7os de quadro. A principal diferen\u00e7a \u00e9 que um switch \u00e9 usado com maior freq\u00fc\u00eancia para conectar computadores individuais, como mostra a figura ( c). Como conseq\u00fc\u00eancia, quando o host A da figura (b) quer enviar um quadro para o host B, a ponte recebe o quadro, mas simplesmente o descarta. Em contraste, na figura ( c), o switch deve encaminhar ativamente o quadro de A at\u00e9 B, porque n\u00e3o h\u00e1 outro caminho que o quadro possa seguir. Tendo em vista que cada cada porta do switch normalmente se conecta a um \u00fanico computador, os switches precisam ter espa\u00e7o para muito mais placas de extens\u00e3o do que as pontes destinadas a conectar apenas LANs.<\/p>\n<p>&nbsp;<\/p>\n","protected":false},"excerpt":{"rendered":"<p>Examinando os dispositivos de comuta\u00e7\u00e3o e ver como eles se relacionam aos pacote e quadros. Na parte inferior, na camada f\u00edsica, encontramos os repetidores. Em seguida temos os hubs. Um hub tem v\u00e1rias linhas de entrada que ele conecta eletricamente. Os quadros que chegam em quaisquer dessas linhas s\u00e3o enviados a todas as outras. A [&hellip;]<\/p>\n","protected":false},"author":1,"featured_media":0,"parent":673,"menu_order":86,"comment_status":"closed","ping_status":"closed","template":"","meta":{"footnotes":""},"class_list":["post-678","page","type-page","status-publish","hentry"],"jetpack_shortlink":"https:\/\/wp.me\/P8yKGp-aW","jetpack-related-posts":[{"id":675,"url":"https:\/\/efagundes.com\/networking\/comutacao-na-camada-de-enlace-de-dados\/repetidores-hubs-bridges-switches-e-gateways\/","url_meta":{"origin":678,"position":0},"title":"Repetidores, hubs, bridges, switches e gateways (I)","author":"Eduardo Fagundes","date":"17\/11\/2012","format":false,"excerpt":"Existem diferentes equipamentos que operam em diferentes camadas do modelo OSI, como mostra a figura acima a esquerda. A camada \u00e9 importante, porque diferentes dispositivos utilizam fragmentos de informa\u00e7\u00f5es diferentes para decidir como realizar a comuta\u00e7\u00e3o. Em um cen\u00e1rio t\u00edpico, o usu\u00e1rio gera alguns dados a serem enviados para um\u2026","rel":"","context":"Post similar","block_context":{"text":"Post similar","link":""},"img":{"alt_text":"","src":"https:\/\/i0.wp.com\/efagundes.com\/networking\/wp-content\/uploads\/sites\/5\/2015\/03\/Slide49.jpg?resize=350%2C200","width":350,"height":200,"srcset":"https:\/\/i0.wp.com\/efagundes.com\/networking\/wp-content\/uploads\/sites\/5\/2015\/03\/Slide49.jpg?resize=350%2C200 1x, https:\/\/i0.wp.com\/efagundes.com\/networking\/wp-content\/uploads\/sites\/5\/2015\/03\/Slide49.jpg?resize=525%2C300 1.5x, https:\/\/i0.wp.com\/efagundes.com\/networking\/wp-content\/uploads\/sites\/5\/2015\/03\/Slide49.jpg?resize=700%2C400 2x"},"classes":[]},{"id":680,"url":"https:\/\/efagundes.com\/networking\/comutacao-na-camada-de-enlace-de-dados\/lans-virtuais\/","url_meta":{"origin":678,"position":1},"title":"LANs virtuais","author":"Eduardo Fagundes","date":"17\/11\/2012","format":false,"excerpt":"Para oferecer mais flexibilidade as mudan\u00e7as f\u00edsicas de m\u00e1quinas nas empresas, os fornecedores de redes come\u00e7aram a buscar um meio de recompor a fia\u00e7\u00e3o dos edif\u00edcios inteiramente por software. O conceito resultante \u00e9 chamado VLAN (Virtual LAN) e foi at\u00e9 mesmo padronizado pelo comit\u00ea 802. As VLANs se baseiam em\u2026","rel":"","context":"Post similar","block_context":{"text":"Post similar","link":""},"img":{"alt_text":"","src":"https:\/\/i0.wp.com\/efagundes.com\/networking\/wp-content\/uploads\/sites\/5\/2015\/03\/Slide511.jpg?resize=350%2C200","width":350,"height":200,"srcset":"https:\/\/i0.wp.com\/efagundes.com\/networking\/wp-content\/uploads\/sites\/5\/2015\/03\/Slide511.jpg?resize=350%2C200 1x, https:\/\/i0.wp.com\/efagundes.com\/networking\/wp-content\/uploads\/sites\/5\/2015\/03\/Slide511.jpg?resize=525%2C300 1.5x, https:\/\/i0.wp.com\/efagundes.com\/networking\/wp-content\/uploads\/sites\/5\/2015\/03\/Slide511.jpg?resize=700%2C400 2x"},"classes":[]},{"id":612,"url":"https:\/\/efagundes.com\/networking\/exemplos-de-protocolos\/ppp-point-to-point-protocol-1\/","url_meta":{"origin":678,"position":2},"title":"PPP &#8211; Point-to-Point Protocol (II)","author":"Eduardo Fagundes","date":"17\/11\/2012","format":false,"excerpt":"\u00a0 O formato de quadro PPP foi definido de modo a ter uma apar\u00eancia semelhante ao formato de quadro HDLC. A principal diferen\u00e7a entre o PPP e o HDLC \u00e9 que o primeiro \u00e9 orientado a caracteres, e n\u00e3o a bits. Especificamente, o PPP utiliza a t\u00e9cnica de inser\u00e7\u00e3o de\u2026","rel":"","context":"Post similar","block_context":{"text":"Post similar","link":""},"img":{"alt_text":"","src":"https:\/\/i0.wp.com\/efagundes.com\/networking\/wp-content\/uploads\/sites\/5\/2015\/03\/Slide224.jpg?resize=350%2C200","width":350,"height":200,"srcset":"https:\/\/i0.wp.com\/efagundes.com\/networking\/wp-content\/uploads\/sites\/5\/2015\/03\/Slide224.jpg?resize=350%2C200 1x, https:\/\/i0.wp.com\/efagundes.com\/networking\/wp-content\/uploads\/sites\/5\/2015\/03\/Slide224.jpg?resize=525%2C300 1.5x, https:\/\/i0.wp.com\/efagundes.com\/networking\/wp-content\/uploads\/sites\/5\/2015\/03\/Slide224.jpg?resize=700%2C400 2x"},"classes":[]},{"id":572,"url":"https:\/\/efagundes.com\/networking\/camada-de-enlace-de-dados\/servicos-oferecidos-a-camada-de-rede\/","url_meta":{"origin":678,"position":3},"title":"Servi\u00e7os oferecidos \u00e0 camada de rede","author":"Eduardo Fagundes","date":"17\/11\/2012","format":false,"excerpt":"A fun\u00e7\u00e3o da camada de enlace de dados \u00e9 fornece servi\u00e7os \u00e0 camada de rede. O principal servi\u00e7o \u00e9 transferir dados da camada de rede da m\u00e1quina de origem para a camada de rede da m\u00e1quina de destino. Na camada de rede da m\u00e1quina de origem, h\u00e1 uma entidade chamada\u2026","rel":"","context":"Post similar","block_context":{"text":"Post similar","link":""},"img":{"alt_text":"","src":"https:\/\/i0.wp.com\/efagundes.com\/networking\/wp-content\/uploads\/sites\/5\/2015\/03\/Slide310.jpg?resize=350%2C200","width":350,"height":200,"srcset":"https:\/\/i0.wp.com\/efagundes.com\/networking\/wp-content\/uploads\/sites\/5\/2015\/03\/Slide310.jpg?resize=350%2C200 1x, https:\/\/i0.wp.com\/efagundes.com\/networking\/wp-content\/uploads\/sites\/5\/2015\/03\/Slide310.jpg?resize=525%2C300 1.5x, https:\/\/i0.wp.com\/efagundes.com\/networking\/wp-content\/uploads\/sites\/5\/2015\/03\/Slide310.jpg?resize=700%2C400 2x"},"classes":[]},{"id":644,"url":"https:\/\/efagundes.com\/networking\/ethernet-2\/switched-ethernet\/","url_meta":{"origin":678,"position":4},"title":"Switched Ethernet","author":"Eduardo Fagundes","date":"17\/11\/2012","format":false,"excerpt":"Importante notar que o funcionamento da topologia em estrela depende do perif\u00e9rico concentrador utilizado, se for um hub ou um switch. No caso da utiliza\u00e7\u00e3o de um hub, a topologia fisicamente ser\u00e1 em estrela, como mostrada na figura no lado direito, por\u00e9m logicamente ela continua sendo uma rede de topologia\u2026","rel":"","context":"Post similar","block_context":{"text":"Post similar","link":""},"img":{"alt_text":"","src":"https:\/\/i0.wp.com\/efagundes.com\/networking\/wp-content\/uploads\/sites\/5\/2015\/03\/Slide351.jpg?resize=350%2C200","width":350,"height":200,"srcset":"https:\/\/i0.wp.com\/efagundes.com\/networking\/wp-content\/uploads\/sites\/5\/2015\/03\/Slide351.jpg?resize=350%2C200 1x, https:\/\/i0.wp.com\/efagundes.com\/networking\/wp-content\/uploads\/sites\/5\/2015\/03\/Slide351.jpg?resize=525%2C300 1.5x, https:\/\/i0.wp.com\/efagundes.com\/networking\/wp-content\/uploads\/sites\/5\/2015\/03\/Slide351.jpg?resize=700%2C400 2x"},"classes":[]},{"id":593,"url":"https:\/\/efagundes.com\/networking\/protocolos-elementares-de-enlace-de-dados\/um-protocolo-simplex-para-um-canal-com-ruido\/","url_meta":{"origin":678,"position":5},"title":"Um protocolo simplex para um canal com ru\u00eddo","author":"Eduardo Fagundes","date":"17\/11\/2012","format":false,"excerpt":"Os protocolos simples e stop-and-wait consideram uma linha livre de erros. Entretanto, a realidade mostra que as linhas sempre podem apresentar erros que causam altera\u00e7\u00e3o nos quadros transmitidos ou mesmo perda completa desses quadros. A primeira conseq\u00fc\u00eancia desta realidade \u00e9 a necessidade de sinalizar o nodo emissor que o quadro\u2026","rel":"","context":"Post similar","block_context":{"text":"Post similar","link":""},"img":{"alt_text":"","src":"https:\/\/i0.wp.com\/efagundes.com\/networking\/wp-content\/uploads\/sites\/5\/2015\/03\/Slide136.jpg?resize=350%2C200","width":350,"height":200,"srcset":"https:\/\/i0.wp.com\/efagundes.com\/networking\/wp-content\/uploads\/sites\/5\/2015\/03\/Slide136.jpg?resize=350%2C200 1x, https:\/\/i0.wp.com\/efagundes.com\/networking\/wp-content\/uploads\/sites\/5\/2015\/03\/Slide136.jpg?resize=525%2C300 1.5x, https:\/\/i0.wp.com\/efagundes.com\/networking\/wp-content\/uploads\/sites\/5\/2015\/03\/Slide136.jpg?resize=700%2C400 2x"},"classes":[]}],"jetpack_sharing_enabled":true,"_links":{"self":[{"href":"https:\/\/efagundes.com\/networking\/wp-json\/wp\/v2\/pages\/678","targetHints":{"allow":["GET"]}}],"collection":[{"href":"https:\/\/efagundes.com\/networking\/wp-json\/wp\/v2\/pages"}],"about":[{"href":"https:\/\/efagundes.com\/networking\/wp-json\/wp\/v2\/types\/page"}],"author":[{"embeddable":true,"href":"https:\/\/efagundes.com\/networking\/wp-json\/wp\/v2\/users\/1"}],"replies":[{"embeddable":true,"href":"https:\/\/efagundes.com\/networking\/wp-json\/wp\/v2\/comments?post=678"}],"version-history":[{"count":0,"href":"https:\/\/efagundes.com\/networking\/wp-json\/wp\/v2\/pages\/678\/revisions"}],"up":[{"embeddable":true,"href":"https:\/\/efagundes.com\/networking\/wp-json\/wp\/v2\/pages\/673"}],"wp:attachment":[{"href":"https:\/\/efagundes.com\/networking\/wp-json\/wp\/v2\/media?parent=678"}],"curies":[{"name":"wp","href":"https:\/\/api.w.org\/{rel}","templated":true}]}}