{"id":680,"date":"2012-11-17T21:29:26","date_gmt":"2012-11-17T23:29:26","guid":{"rendered":"http:\/\/efagundes.com\/openclass_networking\/?page_id=680"},"modified":"2022-01-16T17:52:23","modified_gmt":"2022-01-16T20:52:23","slug":"lans-virtuais","status":"publish","type":"page","link":"https:\/\/efagundes.com\/networking\/comutacao-na-camada-de-enlace-de-dados\/lans-virtuais\/","title":{"rendered":"LANs virtuais"},"content":{"rendered":"<p><img data-recalc-dims=\"1\" loading=\"lazy\" decoding=\"async\" class=\"alignnone\" src=\"https:\/\/i0.wp.com\/efagundes.com\/networking\/wp-content\/uploads\/sites\/5\/2015\/03\/Slide511.jpg?resize=960%2C720\" alt=\"\" width=\"960\" height=\"720\" \/><\/p>\n<p>Para oferecer mais flexibilidade as mudan\u00e7as f\u00edsicas de m\u00e1quinas nas empresas, os fornecedores de redes come\u00e7aram a buscar um meio de recompor a fia\u00e7\u00e3o dos edif\u00edcios inteiramente por software. O conceito resultante \u00e9 chamado VLAN (Virtual LAN) e foi at\u00e9 mesmo padronizado pelo comit\u00ea 802.<\/p>\n<p>As VLANs se baseiam em switches especialmente projetados para reconhecer VLANs, embora tamb\u00e9m possam ter alguns hubs na periferia. Para configura uma rede baseada em VLAN, o administrador da rede decide quantas VLANs haver\u00e1, quais computadores estar\u00e3o em cada VLAN e qual ser\u00e1 o nome de cada VLAN. Em alguns casos para facilitar a identifica\u00e7\u00e3o das VLANs os projetistas utilizam cores diferentes para cada uma.<\/p>\n<p>Como exemplo, considere as quatro LANs da figura (a), em que oito das m\u00e1quinas pertencem \u00e0 VLAN G (em cinza) e sete pertencem \u00e0 VLAN W (branca). As quatro LANs f\u00edsicas est\u00e3o conectadas por duas pontes, B1 e B2. Se fosse usada cria\u00e7\u00e3o de par tran\u00e7ado centralizada, tamb\u00e9m poderia haver quadro hubs (n\u00e3o mostrados) mas, logicamente, um cabo multiponto e um hub s\u00e3o id\u00eanticos. Um diagrama desse tipo torna a figura um pouco menos confusa. Al\u00e9m disso, o termo \u201cponte\u201d tende a ser usado hoje principalmente quando existem v\u00e1rias m\u00e1quinas em cada porta, como nessa figura; por\u00e9m, em caso contr\u00e1rio, os termos \u201cponte\u201d e \u201cswitch\u201d s\u00e3o essencialmente intercambi\u00e1veis. A figura (b) mostra as mesmas m\u00e1quinas e as mesmas VLANs usando switches com um \u00fanico computador em cada porta.<\/p>\n<p>&nbsp;<\/p>\n","protected":false},"excerpt":{"rendered":"<p>Para oferecer mais flexibilidade as mudan\u00e7as f\u00edsicas de m\u00e1quinas nas empresas, os fornecedores de redes come\u00e7aram a buscar um meio de recompor a fia\u00e7\u00e3o dos edif\u00edcios inteiramente por software. O conceito resultante \u00e9 chamado VLAN (Virtual LAN) e foi at\u00e9 mesmo padronizado pelo comit\u00ea 802. As VLANs se baseiam em switches especialmente projetados para reconhecer [&hellip;]<\/p>\n","protected":false},"author":1,"featured_media":0,"parent":673,"menu_order":87,"comment_status":"closed","ping_status":"closed","template":"","meta":{"footnotes":""},"class_list":["post-680","page","type-page","status-publish","hentry"],"jetpack_shortlink":"https:\/\/wp.me\/P8yKGp-aY","jetpack-related-posts":[{"id":68,"url":"https:\/\/efagundes.com\/networking\/hardware-de-rede\/redes-locais-e-distribuidas\/","url_meta":{"origin":680,"position":0},"title":"Redes Locais e Distribu\u00eddas","author":"Eduardo Fagundes","date":"16\/11\/2012","format":false,"excerpt":"Uma rede local (LAN) \u00e9 uma rede de comunica\u00e7\u00f5es que serve a usu\u00e1rios dentro de uma \u00e1rea geogr\u00e1fica limitada. Os \" clientes \" s\u00e3o tipicamente workstations que rodam Windows, embora tamb\u00e9m sejam utilizados clientes Mac e clientes Linux . Os \" servidores \" armazenam os programas e dados que s\u00e3o\u2026","rel":"","context":"Post similar","block_context":{"text":"Post similar","link":""},"img":{"alt_text":"Slide9","src":"https:\/\/i0.wp.com\/efagundes.com\/networking\/wp-content\/uploads\/sites\/5\/2015\/03\/Slide9.jpg?resize=350%2C200","width":350,"height":200,"srcset":"https:\/\/i0.wp.com\/efagundes.com\/networking\/wp-content\/uploads\/sites\/5\/2015\/03\/Slide9.jpg?resize=350%2C200 1x, https:\/\/i0.wp.com\/efagundes.com\/networking\/wp-content\/uploads\/sites\/5\/2015\/03\/Slide9.jpg?resize=525%2C300 1.5x, https:\/\/i0.wp.com\/efagundes.com\/networking\/wp-content\/uploads\/sites\/5\/2015\/03\/Slide9.jpg?resize=700%2C400 2x"},"classes":[]},{"id":622,"url":"https:\/\/efagundes.com\/networking\/subcamada-de-acesso-ao-meio\/camada-mac\/","url_meta":{"origin":680,"position":1},"title":"Camada MAC","author":"Eduardo Fagundes","date":"17\/11\/2012","format":false,"excerpt":"Em qualquer rede de difus\u00e3o, a quest\u00e3o fundamental \u00e9 determinar quem tem direito de usar o canal quando h\u00e1 um disputa por ele. Para tornar essa quest\u00e3o mais clara, considere uma chamada de teleconfer\u00eancia, na qual seis pessoas em seis diferentes telefones est\u00e3o todas conectadas entre si, de forma que\u2026","rel":"","context":"Post similar","block_context":{"text":"Post similar","link":""},"img":{"alt_text":"","src":"https:\/\/i0.wp.com\/efagundes.com\/networking\/wp-content\/uploads\/sites\/5\/2015\/03\/Slide254.jpg?resize=350%2C200","width":350,"height":200,"srcset":"https:\/\/i0.wp.com\/efagundes.com\/networking\/wp-content\/uploads\/sites\/5\/2015\/03\/Slide254.jpg?resize=350%2C200 1x, https:\/\/i0.wp.com\/efagundes.com\/networking\/wp-content\/uploads\/sites\/5\/2015\/03\/Slide254.jpg?resize=525%2C300 1.5x, https:\/\/i0.wp.com\/efagundes.com\/networking\/wp-content\/uploads\/sites\/5\/2015\/03\/Slide254.jpg?resize=700%2C400 2x"},"classes":[]},{"id":624,"url":"https:\/\/efagundes.com\/networking\/subcamada-de-acesso-ao-meio\/alocacao-estatica-de-canais-em-lans-e-mans\/","url_meta":{"origin":680,"position":2},"title":"Aloca\u00e7\u00e3o est\u00e1tica de canais em LANs e MANs","author":"Eduardo Fagundes","date":"17\/11\/2012","format":false,"excerpt":"A maneira tradicional de alocar um \u00fanico canal, tal como um tronco telef\u00f4nico, entre v\u00e1rios usu\u00e1rios concorrentes \u00e9 usar a FDM (Frequency Division Multiplexing). Se existem N usu\u00e1rios, a largura de banda \u00e9 dividida em N partes do mesmo tamanho, conforme a figura acima. Para cada usu\u00e1rio ser\u00e1 atribu\u00edda uma\u2026","rel":"","context":"Post similar","block_context":{"text":"Post similar","link":""},"img":{"alt_text":"","src":"https:\/\/i0.wp.com\/efagundes.com\/networking\/wp-content\/uploads\/sites\/5\/2015\/03\/Slide263.jpg?resize=350%2C200","width":350,"height":200,"srcset":"https:\/\/i0.wp.com\/efagundes.com\/networking\/wp-content\/uploads\/sites\/5\/2015\/03\/Slide263.jpg?resize=350%2C200 1x, https:\/\/i0.wp.com\/efagundes.com\/networking\/wp-content\/uploads\/sites\/5\/2015\/03\/Slide263.jpg?resize=525%2C300 1.5x, https:\/\/i0.wp.com\/efagundes.com\/networking\/wp-content\/uploads\/sites\/5\/2015\/03\/Slide263.jpg?resize=700%2C400 2x"},"classes":[]},{"id":659,"url":"https:\/\/efagundes.com\/networking\/lans-sem-fio\/arquitetura-das-lans-sem-fio\/","url_meta":{"origin":680,"position":3},"title":"Arquitetura das LANs sem fio","author":"Eduardo Fagundes","date":"17\/11\/2012","format":false,"excerpt":"","rel":"","context":"Post similar","block_context":{"text":"Post similar","link":""},"img":{"alt_text":"","src":"https:\/\/i0.wp.com\/efagundes.com\/networking\/wp-content\/uploads\/sites\/5\/2015\/03\/Slide421.jpg?resize=350%2C200","width":350,"height":200,"srcset":"https:\/\/i0.wp.com\/efagundes.com\/networking\/wp-content\/uploads\/sites\/5\/2015\/03\/Slide421.jpg?resize=350%2C200 1x, https:\/\/i0.wp.com\/efagundes.com\/networking\/wp-content\/uploads\/sites\/5\/2015\/03\/Slide421.jpg?resize=525%2C300 1.5x, https:\/\/i0.wp.com\/efagundes.com\/networking\/wp-content\/uploads\/sites\/5\/2015\/03\/Slide421.jpg?resize=700%2C400 2x"},"classes":[]},{"id":671,"url":"https:\/\/efagundes.com\/networking\/lans-sem-fio\/aplicacoes-do-bluetooth\/","url_meta":{"origin":680,"position":4},"title":"Aplica\u00e7\u00f5es do Bluetooth","author":"Eduardo Fagundes","date":"17\/11\/2012","format":false,"excerpt":"A maioria dos protocolos de rede s\u00f3 fornece canais entre entidades que se comunicam, deixando para os projetistas de aplica\u00e7\u00f5es a tarefa de descobrir a utilidade desses canis. Em contraste, a especifica\u00e7\u00e3o Bluetooth V1.1 identifica 13 aplica\u00e7\u00f5es espec\u00edficas que ser\u00e3o admitidas e fornece diferentes pilhas de protocolos para cada uma.\u2026","rel":"","context":"Post similar","block_context":{"text":"Post similar","link":""},"img":{"alt_text":"","src":"https:\/\/i0.wp.com\/efagundes.com\/networking\/wp-content\/uploads\/sites\/5\/2015\/03\/Slide47.jpg?resize=350%2C200","width":350,"height":200,"srcset":"https:\/\/i0.wp.com\/efagundes.com\/networking\/wp-content\/uploads\/sites\/5\/2015\/03\/Slide47.jpg?resize=350%2C200 1x, https:\/\/i0.wp.com\/efagundes.com\/networking\/wp-content\/uploads\/sites\/5\/2015\/03\/Slide47.jpg?resize=525%2C300 1.5x, https:\/\/i0.wp.com\/efagundes.com\/networking\/wp-content\/uploads\/sites\/5\/2015\/03\/Slide47.jpg?resize=700%2C400 2x"},"classes":[]},{"id":91,"url":"https:\/\/efagundes.com\/networking\/lans-sem-fio\/bluetooth\/","url_meta":{"origin":680,"position":5},"title":"Bluetooth (I)","author":"Eduardo Fagundes","date":"16\/11\/2012","format":false,"excerpt":"Diferentemente dos objetivos das WLANs que s\u00e3o desenhadas para serem extens\u00e3o das redes locais, o Bluetooth tem o objetivo de substituir os cabos que conectam os perif\u00e9ricos das esta\u00e7\u00f5es de trabalho.\u00a0 O Bluetooth prov\u00ea as seguintes funcionalidades: Ponto de acesso para voz e dados Redes pessoais Substitui\u00e7\u00e3o de cabos entre\u2026","rel":"","context":"Post similar","block_context":{"text":"Post similar","link":""},"img":{"alt_text":"","src":"https:\/\/i0.wp.com\/efagundes.com\/networking\/wp-content\/uploads\/sites\/5\/2015\/03\/Slide451.jpg?resize=350%2C200","width":350,"height":200,"srcset":"https:\/\/i0.wp.com\/efagundes.com\/networking\/wp-content\/uploads\/sites\/5\/2015\/03\/Slide451.jpg?resize=350%2C200 1x, https:\/\/i0.wp.com\/efagundes.com\/networking\/wp-content\/uploads\/sites\/5\/2015\/03\/Slide451.jpg?resize=525%2C300 1.5x, https:\/\/i0.wp.com\/efagundes.com\/networking\/wp-content\/uploads\/sites\/5\/2015\/03\/Slide451.jpg?resize=700%2C400 2x"},"classes":[]}],"jetpack_sharing_enabled":true,"_links":{"self":[{"href":"https:\/\/efagundes.com\/networking\/wp-json\/wp\/v2\/pages\/680","targetHints":{"allow":["GET"]}}],"collection":[{"href":"https:\/\/efagundes.com\/networking\/wp-json\/wp\/v2\/pages"}],"about":[{"href":"https:\/\/efagundes.com\/networking\/wp-json\/wp\/v2\/types\/page"}],"author":[{"embeddable":true,"href":"https:\/\/efagundes.com\/networking\/wp-json\/wp\/v2\/users\/1"}],"replies":[{"embeddable":true,"href":"https:\/\/efagundes.com\/networking\/wp-json\/wp\/v2\/comments?post=680"}],"version-history":[{"count":0,"href":"https:\/\/efagundes.com\/networking\/wp-json\/wp\/v2\/pages\/680\/revisions"}],"up":[{"embeddable":true,"href":"https:\/\/efagundes.com\/networking\/wp-json\/wp\/v2\/pages\/673"}],"wp:attachment":[{"href":"https:\/\/efagundes.com\/networking\/wp-json\/wp\/v2\/media?parent=680"}],"curies":[{"name":"wp","href":"https:\/\/api.w.org\/{rel}","templated":true}]}}